{"id":6459,"date":"2025-03-13T10:48:26","date_gmt":"2025-03-13T13:48:26","guid":{"rendered":"https:\/\/www.ufsm.br\/pro-reitorias\/proplan\/?page_id=6459"},"modified":"2025-03-13T10:49:12","modified_gmt":"2025-03-13T13:49:12","slug":"instrucao-normativa-correg-ufsm-n-001-2025","status":"publish","type":"page","link":"https:\/\/www.ufsm.br\/pro-reitorias\/proplan\/instrucao-normativa-correg-ufsm-n-001-2025","title":{"rendered":"INSTRU\u00c7\u00c3O NORMATIVA CORREG\/UFSM N\u00b0 001\/2025"},"content":{"rendered":"\t\t<div data-elementor-type=\"wp-page\" data-elementor-id=\"6459\" class=\"elementor elementor-6459\">\n\t\t\t\t\t\t<section class=\"elementor-section elementor-top-section elementor-element elementor-element-80820d5 elementor-section-boxed elementor-section-height-default elementor-section-height-default\" data-id=\"80820d5\" data-element_type=\"section\">\n\t\t\t\t\t\t<div class=\"elementor-container elementor-column-gap-default\">\n\t\t\t\t\t<div class=\"elementor-column elementor-col-100 elementor-top-column elementor-element elementor-element-02dfe24\" data-id=\"02dfe24\" data-element_type=\"column\">\n\t\t\t<div class=\"elementor-widget-wrap elementor-element-populated\">\n\t\t\t\t\t\t<div class=\"elementor-element elementor-element-28dac12 elementor-widget elementor-widget-html\" data-id=\"28dac12\" data-element_type=\"widget\" data-widget_type=\"html.default\">\n\t\t\t\t<div class=\"elementor-widget-container\">\n\t\t\t<title><b>INSTRU\u00c7\u00c3O NORMATIVA CORREG\/UFSM N\u00b0 001, DE 12 DE MAR\u00c7O DE 2025 <\/b><\/title>\r\n\r\n\r\n<div align=\"center\"><img decoding=\"async\" src=\"https:\/\/www.ufsm.br\/pro-reitorias\/proplan\/wp-content\/uploads\/sites\/344\/2019\/09\/brasao-da-republica-do-brasil-logo.png\" alt=\"Bras\u00e3o Rep\u00fablica Federativa do Brasil\" width=\"6%\" height=\"6%\"><\/div>    \r\n<h1><font color=\"blue\"><font size=\"5\"><div align=\"center\">MINIST\u00c9RIO DA EDUCA\u00c7\u00c3O<\/b><\/font><\/font><\/div><\/H1>\r\n<p><b><font color=\"0000blue\"><div align=\"center\">UNIVERSIDADE FEDERAL DE SANTA MARIA<\/b><\/font><\/div><\/p>\r\n<p><b><font color=\"0000blue\"><div align=\"center\">CORREGEDORIA SETORIAL<\/b><\/font><\/div><\/p>\r\n\r\n<p><div align=\"center\"><b><a href=\"https:\/\/portal.ufsm.br\/documentos\/publico\/documento.html?idDocumento=15370694\" target=\"_blank\"><font color=\"blue\">INSTRU\u00c7\u00c3O NORMATIVA CORREG\/UFSM N\u00b0 001, DE 12 DE MAR\u00c7O DE 2025 <\/font><\/a><\/b><\/div><\/p>\r\n<br>\r\n<ul><ul><ul><ul><ul><ul><ul><ul><ul><ul><ul><ul><ul><ul><ul><ul><ul><ul><ul><ul><ul>\r\n<p><div align=\"justify\"><font color=\"800000\">Estabelece prazos e fluxos de prioriza\u00e7\u00e3o de procedimentos correcionais no \u00e2mbito da Corregedoria Setorial da Universidade Federal de Santa Maria (CORREG-UFSM).<\/font><\/div><\/p> \r\n<\/ul><\/ul><\/ul><\/ul><\/ul><\/ul><\/ul><\/ul><\/ul><\/ul><\/ul><\/ul><\/ul><\/ul><\/ul><\/ul><\/ul><\/ul><\/ul><\/ul><\/ul>\r\n\r\n<br>\r\n<p style=\"text-align: justify\">A CORREGEDORA-CHEFE DA UNIVERSIDADE FEDERAL DE SANTA MARIA, no uso de suas atribui&ccedil;&otilde;es legais que lhe confere o Art. 39-B do <span style=\"text-decoration: underline\"><span style=\"color: #0000ff\"><a href=\"https:\/\/www.ufsm.br\/pro-reitorias\/proplan\/regimento-geral-da-ufsm-com-alteracoes-compiladas-pela-resolucao-n-016-2019\"><span style=\"color: #0000ff;text-decoration: underline\">Regimento Geral da UFSM<\/span><\/a><\/span><\/span>, tendo em vista o disposto na <span style=\"text-decoration: underline\"><span style=\"color: #0000ff\"><a href=\"https:\/\/www.ufsm.br\/pro-reitorias\/proplan\/resolucao-ufsm-n-122-de-05-de-abril-de-2023\"><span style=\"color: #0000ff;text-decoration: underline\">Resolu&ccedil;&atilde;o UFSM n&deg; 122<\/span><\/a><\/span><\/span>, de 05 de abril de 2023, na <span style=\"text-decoration: underline\"><span style=\"color: #0000ff\"><a href=\"https:\/\/in.gov.br\/en\/web\/dou\/-\/portaria-normativa-cgu-n-27-de-11-de-outubro-de-2022-435868760\"><span style=\"color: #0000ff;text-decoration: underline\">Portaria Normativa CGU n&deg; 27<\/span><\/a><\/span><\/span>, de 11 de outubro de 2022, e o que consta no <span style=\"text-decoration: underline\"><span style=\"color: #0000ff\"><a href=\"https:\/\/portal.ufsm.br\/documentos\/publico\/processo\/documento.html?idDocumento=15347268\"><span style=\"color: #0000ff;text-decoration: underline\">Processo n&deg; 23081.019341\/2025-68<\/span><\/a><\/span><\/span>, resolve:<\/p>\r\n<p style=\"text-align: justify\">&nbsp;<\/p>\r\n<p style=\"text-align: justify\">Art. 1&deg; &nbsp;Estabelecer prazos e fluxos de prioriza&ccedil;&atilde;o de procedimentos correcionais no &acirc;mbito da Corregedoria Setorial da Universidade Federal de Santa Maria (CORREG-UFSM).<\/p>\r\n<p style=\"text-align: justify\">&nbsp;<\/p>\r\n<p style=\"text-align: justify\">CAP&Iacute;TULO I<\/p>\r\n<p style=\"text-align: justify\">DOS PROCEDIMENTOS CORRECIONAIS<\/p>\r\n<p style=\"text-align: justify\">&nbsp;<\/p>\r\n<p style=\"text-align: justify\">Art. 2&deg; &nbsp;Para os fins desta norma, considera-se procedimento correcional todo aquele que possuir car&aacute;ter investigativo ou disciplinar e que seja destinado &agrave; apura&ccedil;&atilde;o de infra&ccedil;&otilde;es disciplinares e de atos lesivos &agrave; Administra&ccedil;&atilde;o P&uacute;blica, especificamente:<\/p>\r\n<p style=\"text-align: justify\">I - Parecer de Admissibilidade (PA);<\/p>\r\n<p style=\"text-align: justify\">II - Despachos Jur&iacute;dicos (D);<\/p>\r\n<p style=\"text-align: justify\">III - Investiga&ccedil;&atilde;o Preliminar Sum&aacute;ria (IPS);<\/p>\r\n<p style=\"text-align: justify\">IV - Sindic&acirc;ncia Investigativa (SINVE);<\/p>\r\n<p style=\"text-align: justify\">V - Sindic&acirc;ncia Acusat&oacute;ria (SINAC);<\/p>\r\n<p style=\"text-align: justify\">VI - Processo Administrativo Disciplinar (PAD); e<\/p>\r\n<p style=\"text-align: justify\">VII - Processo Administrativo Disciplinar Discente (PDD)<\/p>\r\n<p style=\"text-align: justify\">&nbsp;<\/p>\r\n<p style=\"text-align: justify\">CAP&Iacute;TULO II<\/p>\r\n<p style=\"text-align: justify\">DAS REQUISI&Ccedil;&Otilde;ES DE DOCUMENTOS E INFORMA&Ccedil;&Otilde;ES<\/p>\r\n<p style=\"text-align: justify\">&nbsp;<\/p>\r\n<p style=\"text-align: justify\">Art. 3&deg; &nbsp;A Corregedoria Setorial da UFSM (CORREG-UFSM) e as Comiss&otilde;es constitu&iacute;das para condu&ccedil;&atilde;o dos procedimentos correcionais poder&atilde;o requisitar informa&ccedil;&otilde;es e documentos das unidades da Universidade Federal de Santa Maria.<\/p>\r\n<p style=\"text-align: justify\">&sect; 1&deg; &nbsp;As informa&ccedil;&otilde;es e documentos referidos no <em>caput<\/em> deste artigo dever&atilde;o se prestadas:<\/p>\r\n<p style=\"text-align: justify\">I - no prazo de 5 (cinco) dias, contados do recebimento da solicita&ccedil;&atilde;o, se j&aacute; dispon&iacute;veis as informa&ccedil;&otilde;es e documentos requeridos no setor, unidade ou &oacute;rg&atilde;o;<\/p>\r\n<p style=\"text-align: justify\">II - no prazo de 10 (dez) dias, contados do recebimento da solicita&ccedil;&atilde;o, se for necess&aacute;ria a reuni&atilde;o de dados ou documentos; e<\/p>\r\n<p style=\"text-align: justify\">III - no prazo de 20 (vinte) dias, contados do recebimento da solicita&ccedil;&atilde;o, se for necess&aacute;ria a realiza&ccedil;&atilde;o de c&aacute;lculos ou laudo t&eacute;cnico ou pericial.<\/p>\r\n<p style=\"text-align: justify\">&sect; 2&deg; &nbsp;A unidade, setor ou o &oacute;rg&atilde;o deve informar &agrave; Corregedoria ou &agrave; Comiss&atilde;o o prazo em que a solicita&ccedil;&atilde;o ser&aacute; atendida.<\/p>\r\n<p style=\"text-align: justify\">&sect; 3&deg; &nbsp;Os prazos definidos nos incisos I, II e III do &sect; 1&deg; deste artigo poder&atilde;o ser prorrogados, por igual per&iacute;odo, desde que justificados pelo setor, unidade ou &oacute;rg&atilde;o &agrave; Corregedoria ou &agrave; Comiss&atilde;o constitu&iacute;da.<\/p>\r\n<p style=\"text-align: justify\">&sect; 4&deg; &nbsp;O descumprimento dos prazos previstos neste artigo ser&aacute; comunicado pela CORREG-UFSM ao(&agrave;) Reitor(a) da Universidade para a ado&ccedil;&atilde;o de provid&ecirc;ncias necess&aacute;rias ao fornecimento das informa&ccedil;&otilde;es e documentos indispens&aacute;veis &agrave; apura&ccedil;&atilde;o disciplinar.<\/p>\r\n<p style=\"text-align: justify\">&sect; 5&deg; &nbsp;A Corregedoria Setorial da UFSM instaurar&aacute; procedimento para apura&ccedil;&atilde;o da conduta e responsabiliza&ccedil;&atilde;o do(a) servidor(a) p&uacute;blico(a) que der causa ao descumprimento do dever de prestar informa&ccedil;&otilde;es ou desrespeitar a obriga&ccedil;&atilde;o de encaminhar os documentos solicitados.<\/p>\r\n<p style=\"text-align: justify\">&nbsp;<\/p>\r\n<p style=\"text-align: justify\">CAP&Iacute;TULO III<\/p>\r\n<p style=\"text-align: justify\">DOS FLUXOS DE PRIORIZA&Ccedil;&Atilde;O DE PROCEDIMENTOS CORRECIONAIS<\/p>\r\n<p style=\"text-align: justify\">&nbsp;<\/p>\r\n<p style=\"text-align: justify\">Art. 4&deg; &nbsp;A Corregedoria Setorial da UFSM adotar&aacute; os seguintes fluxos de prioriza&ccedil;&atilde;o para a elabora&ccedil;&atilde;o de pareceres jur&iacute;dicos, ju&iacute;zos de admissibilidade e para o processamento de expedientes investigativos e disciplinares:<\/p>\r\n<p style=\"text-align: justify\">I - demandas que envolvam risco de prescri&ccedil;&atilde;o da infra&ccedil;&atilde;o disciplinar;<\/p>\r\n<p style=\"text-align: justify\">II - demandas que envolvam atos de viol&ecirc;ncia sexual ou discrimina&ccedil;&atilde;o ou que relacionem riscos &agrave; imagem institucional;<\/p>\r\n<p style=\"text-align: justify\">III - processos com maior tempo de perman&ecirc;ncia na CORREG-UFSM;<\/p>\r\n<p style=\"text-align: justify\">IV - demandas que envolvam danos ao patrim&ocirc;nio p&uacute;blico; e<\/p>\r\n<p style=\"text-align: justify\">V - demandas estabelecidas por decis&atilde;o judicial ou requeridas pelo Minist&eacute;rio P&uacute;blico.<\/p>\r\n<p style=\"text-align: justify\">&sect; 1&deg; &nbsp;As demandas ser&atilde;o analisadas pela Corregedoria Setorial da UFSM (CORREG-UFSM) e ser&atilde;o submetidas a imediato ju&iacute;zo de admissibilidade se obedecerem aos seguintes crit&eacute;rios:<\/p>\r\n<p style=\"text-align: justify\">I - ind&iacute;cios de autoria;<\/p>\r\n<p style=\"text-align: justify\">II - ind&iacute;cios de danos &agrave; institui&ccedil;&atilde;o;<\/p>\r\n<p style=\"text-align: justify\">III - interesse institucional;<\/p>\r\n<p style=\"text-align: justify\">IV - ind&iacute;cios de materialidade;<\/p>\r\n<p style=\"text-align: justify\">V - poss&iacute;vel identifica&ccedil;&atilde;o de denunciante ou testemunhas;<\/p>\r\n<p style=\"text-align: justify\">VI - se a den&uacute;ncia foi redigida de forma evidente e objetiva; e<\/p>\r\n<p style=\"text-align: justify\">VII - eventual prescri&ccedil;&atilde;o.<\/p>\r\n<p style=\"text-align: justify\">&sect; 2&deg; &nbsp;As demandas que n&atilde;o apresentarem os crit&eacute;rios estabelecidos ser&atilde;o encaminhadas para instaura&ccedil;&atilde;o de procedimentos investigativos.<\/p>\r\n<p style=\"text-align: justify\">Art. 5&deg; &nbsp;Caber&aacute; &agrave; CORREG-UFSM manter uma lista atualizada e organizada de acordo com o fluxo de prioriza&ccedil;&atilde;o de todos os procedimentos correcionais registrados na unidade.<\/p>\r\n<p style=\"text-align: justify\">&nbsp;<\/p>\r\n<p style=\"text-align: justify\">CAP&Iacute;TULO IV<\/p>\r\n<p style=\"text-align: justify\">DAS DISPOSI&Ccedil;&Otilde;ES GERAIS<\/p>\r\n<p style=\"text-align: justify\">&nbsp;<\/p>\r\n<p style=\"text-align: justify\">Art. 6&deg; &nbsp;As requisi&ccedil;&otilde;es de informa&ccedil;&otilde;es e solicita&ccedil;&otilde;es realizadas pela Corregedoria ter&atilde;o car&aacute;ter de prioridade administrativa no &acirc;mbito da Universidade Federal de Santa Maria.<\/p>\r\n<p style=\"text-align: justify\">Art. 7&deg; &nbsp;Os casos omissos nesta Instru&ccedil;&atilde;o Normativa ser&atilde;o resolvidos pelo(a) Reitor(a), ap&oacute;s a manifesta&ccedil;&atilde;o do(a) titular da Corregedoria Setorial da UFSM.<\/p>\r\n<p style=\"text-align: justify\">Art. 8&deg; &nbsp;Esta Instru&ccedil;&atilde;o Normativa entra em vigor na data de sua publica&ccedil;&atilde;o, de acordo com o que prev&ecirc; o <span style=\"text-decoration: underline\"><span style=\"color: #0000ff\"><a href=\"https:\/\/www.planalto.gov.br\/ccivil_03\/_ato2023-2026\/2024\/decreto\/d12002.htm\"><span style=\"color: #0000ff;text-decoration: underline\">Decreto n&deg; 12.002<\/span><\/a><\/span><\/span>, de 22 de abril de 2024, art. 18, IV.&nbsp;<\/p>\r\n<p>&nbsp;<\/p>\r\n<p>&nbsp;Josiane dos Santos Souza Borges<\/p>\r\n<p style=\"text-align: left\" align=\"right\">Corregedora-Chefe da UFSM<\/p>\r\n<br>\r\n\r\n<p><font color=\"red0000\">Este texto n\u00e3o substitui o documento original, publicado no Portal de Documentos.<\/font> Dispon\u00edvel em: <a href=\"https:\/\/portal.ufsm.br\/documentos\/publico\/documento.html?idDocumento=15370694\"><font color=\"blue\"> https:\/\/portal.ufsm.br\/documentos\/publico\/documento.html?idDocumento=15370694<\/font><\/a>\r\n\r\n\t\t<\/div>\n\t\t\t\t<\/div>\n\t\t\t\t\t<\/div>\n\t\t<\/div>\n\t\t\t\t\t<\/div>\n\t\t<\/section>\n\t\t\t\t<\/div>\n\t\t","protected":false},"excerpt":{"rendered":"<p>INSTRU\u00c7\u00c3O NORMATIVA CORREG\/UFSM N\u00b0 001, DE 12 DE MAR\u00c7O DE 2025 MINIST\u00c9RIO DA EDUCA\u00c7\u00c3O UNIVERSIDADE FEDERAL DE SANTA MARIA CORREGEDORIA SETORIAL INSTRU\u00c7\u00c3O NORMATIVA CORREG\/UFSM N\u00b0 001, DE 12 DE MAR\u00c7O DE 2025 Estabelece prazos e fluxos de prioriza\u00e7\u00e3o de procedimentos correcionais no \u00e2mbito da Corregedoria Setorial da Universidade Federal de Santa Maria (CORREG-UFSM). A CORREGEDORA-CHEFE [&hellip;]<\/p>\n","protected":false},"author":1466,"featured_media":0,"parent":0,"menu_order":0,"comment_status":"closed","ping_status":"closed","template":"","meta":{"footnotes":""},"categories":[],"tags":[],"class_list":["post-6459","page","type-page","status-publish","hentry"],"acf":[],"_links":{"self":[{"href":"https:\/\/www.ufsm.br\/pro-reitorias\/proplan\/wp-json\/wp\/v2\/pages\/6459","targetHints":{"allow":["GET"]}}],"collection":[{"href":"https:\/\/www.ufsm.br\/pro-reitorias\/proplan\/wp-json\/wp\/v2\/pages"}],"about":[{"href":"https:\/\/www.ufsm.br\/pro-reitorias\/proplan\/wp-json\/wp\/v2\/types\/page"}],"author":[{"embeddable":true,"href":"https:\/\/www.ufsm.br\/pro-reitorias\/proplan\/wp-json\/wp\/v2\/users\/1466"}],"replies":[{"embeddable":true,"href":"https:\/\/www.ufsm.br\/pro-reitorias\/proplan\/wp-json\/wp\/v2\/comments?post=6459"}],"version-history":[{"count":0,"href":"https:\/\/www.ufsm.br\/pro-reitorias\/proplan\/wp-json\/wp\/v2\/pages\/6459\/revisions"}],"wp:attachment":[{"href":"https:\/\/www.ufsm.br\/pro-reitorias\/proplan\/wp-json\/wp\/v2\/media?parent=6459"}],"wp:term":[{"taxonomy":"category","embeddable":true,"href":"https:\/\/www.ufsm.br\/pro-reitorias\/proplan\/wp-json\/wp\/v2\/categories?post=6459"},{"taxonomy":"post_tag","embeddable":true,"href":"https:\/\/www.ufsm.br\/pro-reitorias\/proplan\/wp-json\/wp\/v2\/tags?post=6459"}],"curies":[{"name":"wp","href":"https:\/\/api.w.org\/{rel}","templated":true}]}}