{"id":6520,"date":"2025-04-15T09:20:49","date_gmt":"2025-04-15T12:20:49","guid":{"rendered":"https:\/\/www.ufsm.br\/pro-reitorias\/proplan\/?page_id=6520"},"modified":"2025-04-15T09:21:29","modified_gmt":"2025-04-15T12:21:29","slug":"resolucao-ufsm-n-206-2025","status":"publish","type":"page","link":"https:\/\/www.ufsm.br\/pro-reitorias\/proplan\/resolucao-ufsm-n-206-2025","title":{"rendered":"RESOLU\u00c7\u00c3O UFSM N\u00b0 206\/2025"},"content":{"rendered":"\t\t<div data-elementor-type=\"wp-page\" data-elementor-id=\"6520\" class=\"elementor elementor-6520\">\n\t\t\t\t\t\t<section class=\"elementor-section elementor-top-section elementor-element elementor-element-1366d8e elementor-section-boxed elementor-section-height-default elementor-section-height-default\" data-id=\"1366d8e\" data-element_type=\"section\">\n\t\t\t\t\t\t<div class=\"elementor-container elementor-column-gap-default\">\n\t\t\t\t\t<div class=\"elementor-column elementor-col-100 elementor-top-column elementor-element elementor-element-d98e6b9\" data-id=\"d98e6b9\" data-element_type=\"column\">\n\t\t\t<div class=\"elementor-widget-wrap elementor-element-populated\">\n\t\t\t\t\t\t<div class=\"elementor-element elementor-element-3a82db7 elementor-widget elementor-widget-html\" data-id=\"3a82db7\" data-element_type=\"widget\" data-widget_type=\"html.default\">\n\t\t\t\t<div class=\"elementor-widget-container\">\n\t\t\t<br><div align=\"justify\"><font color=\"black\">\r\n<div align=\"center\">\r\n<img decoding=\"async\" src=\"https:\/\/www.ufsm.br\/pro-reitorias\/proplan\/wp-content\/uploads\/sites\/344\/2019\/09\/brasao-da-republica-do-brasil-logo.png\" alt=\"Bras\u00e3o Rep\u00fablica Federativa do Brasil\" width=\"6%\" height=\"6%\">\r\n<\/div>\r\n<h4>\r\n<font color=\"blue\">\r\n<font size=\"5\">\r\n<\/font>\r\n<\/font>\r\n<div align=\"center\">\r\n<font color=\"blue\">\r\n<font size=\"5\">MINIST\u00c9RIO DA EDUCA\u00c7\u00c3O<\/font>\r\n<\/font>\r\n<\/div>\r\n<\/h4>\r\n<p>\r\n<b>\r\n<font color=\"0000blue\">\r\n<\/font>\r\n<\/b>\r\n<\/p>\r\n<div align=\"center\">\r\n<b>\r\n<font color=\"0000blue\">UNIVERSIDADE FEDERAL DE SANTA MARIA<\/font>\r\n<\/b>\r\n<\/div>\r\n<p>\r\n<\/p>\r\n<div style=\"text-align: center\">\r\n<a href=\"https:\/\/portal.ufsm.br\/documentos\/publico\/documento.html?idDocumento=15415761\" style=\"color: blue !important;text-decoration: underline !important\" data-elementor-preserved=\"true\">\r\n<font color=\"#0000ff\">\r\n<b>RESOLU\u00c7\u00c3O UFSM N\u00b0 206, DE 14 DE ABRIL DE 2025<\/b>\r\n<\/font>\r\n<\/a>\r\n<\/div>\r\n<div>\r\n<br>\r\n<\/div>\r\n<div>\r\n    <div style=\"color: #800000;width: 60%;margin-left: auto;margin-right: 0;text-align: justify;font-weight: normal\">\r\n      Disp\u00f5e sobre a elabora\u00e7\u00e3o de lista tr\u00edplice para escolha de Vice-Reitor(a) da Universidade Federal de Santa Maria (UFSM), Gest\u00e3o 2026\/2029.\r\n    <\/div>\r\n<\/div>\r\n<div>\r\n<br>\r\n<\/div>\r\n<div>O REITOR DA UNIVERSIDADE FEDERAL DE SANTA MARIA, no uso de suas atribui\u00e7\u00f5es legais que lhe confere o art. 30 do Estatuto da Universidade Federal de Santa Maria com as adequa\u00e7\u00f5es aprovadas pela <a href=\"https:\/\/www.ufsm.br\/pro-reitorias\/proplan\/resolucao-n-037-2010\" style=\"color: blue !important;text-decoration: underline !important\" data-elementor-preserved=\"true\">Resolu\u00e7\u00e3o UFSM n\u00b0 037, de 30 de novembro de 2010<\/a>, aprovado pela Portaria n\u00b0 156, de 12 de mar\u00e7o de 2014, e publicado no Di\u00e1rio Oficial da Uni\u00e3o em 13 de mar\u00e7o de 2014, tendo em vista a <a href=\"https:\/\/www2.camara.leg.br\/legin\/fed\/lei\/1960-1969\/lei-5540-28-novembro-1968-359201-publicacaooriginal-1-pl.html\" style=\"color: blue !important;text-decoration: underline !important\" data-elementor-preserved=\"true\">Lei n\u00b0 5.540, de 28 de novembro de 1968<\/a>, o art. 1\u00b0 da <a href=\"https:\/\/www.planalto.gov.br\/ccivil_03\/leis\/l9192.htm\" style=\"color: blue !important;text-decoration: underline !important\" data-elementor-preserved=\"true\">Lei 9.192, de 21 de dezembro de 1995<\/a>, o art. 1\u00b0 do <a href=\"https:\/\/www.planalto.gov.br\/ccivil_03\/decreto\/d1916.htm\" style=\"color: blue !important;text-decoration: underline !important\" data-elementor-preserved=\"true\">Decreto 1.916, de 23 de maio de 1996<\/a>, nos termos da <a href=\"https:\/\/www.planalto.gov.br\/ccivil_03\/leis\/l9192.htm\" style=\"color: blue !important;text-decoration: underline !important\" data-elementor-preserved=\"true\">Lei n\u00b0 9.192, de 21 de dezembro de 1995<\/a>, o <a href=\"https:\/\/www.planalto.gov.br\/ccivil_03\/_Ato2007-2010\/2007\/Decreto\/D6264.htm\" style=\"color: blue !important;text-decoration: underline !important\" data-elementor-preserved=\"true\">Decreto n\u00b0 6.264, de 22 de novembro de 2007<\/a>, o art. 25 do <a href=\"https:\/\/www.ufsm.br\/pro-reitorias\/proplan\/estatuto-ufsm-2010\" style=\"color: blue !important;text-decoration: underline !important\" data-elementor-preserved=\"true\">Estatuto da Universidade Federal de Santa Maria<\/a>, bem como o que consta no <a href=\"https:\/\/portal.ufsm.br\/documentos\/publico\/processo\/documento.html?idDocumento=15401453\" style=\"color: blue !important;text-decoration: underline !important\" data-elementor-preserved=\"true\">processo n\u00b0 23081.047058\/2025-26<\/a>, resolve:&nbsp;<\/div>\r\n<div>\r\n<br>\r\n<\/div>\r\n<div>Art. 1\u00b0  Dispor sobre a elabora\u00e7\u00e3o de lista tr\u00edplice para escolha de Vice-Reitor(a) da Universidade Federal de Santa Maria (UFSM), Gest\u00e3o 2026\/2029.<\/div>\r\n<div>\r\n<br>\r\n<\/div>\r\n<div>CAP\u00cdTULO I<\/div>\r\n<div>DAS DISPOSI\u00c7\u00d5ES PRELIMINARES<\/div>\r\n<div>\r\n<br>\r\n<\/div>\r\n<div>Art. 2\u00b0  A organiza\u00e7\u00e3o da lista tr\u00edplice para o provimento do cargo de Vice-Reitor(a) da Universidade Federal de Santa Maria (UFSM) ser\u00e1 procedida por Colegiado Eleitoral especialmente constitu\u00eddo para esse fim, conforme legisla\u00e7\u00e3o constante no pre\u00e2mbulo desta Resolu\u00e7\u00e3o.<\/div>\r\n<div>Par\u00e1grafo \u00fanico. O Conselho Universit\u00e1rio nomear\u00e1 Comiss\u00e3o Eleitoral, dentre seus membros, que ser\u00e1 respons\u00e1vel pela prepara\u00e7\u00e3o do escrut\u00ednio, avalia\u00e7\u00e3o de documentos e condu\u00e7\u00e3o das normas aplic\u00e1veis ao processo eleitoral.<\/div>\r\n<div>Art. 3\u00b0  O processo eleitoral para escolha de Vice-Reitor(a) da Universidade Federal de Santa Maria (UFSM), Gest\u00e3o 2026\/2029, observar\u00e1 o seguinte cronograma:<\/div>\r\n<div>I\t\u2013 11 de julho: deflagra\u00e7\u00e3o do processo eleitoral e nomea\u00e7\u00e3o de Comiss\u00e3o Eleitoral;&nbsp;<\/div>\r\n<div>II\t\u2013 14 de julho de 2025: inscri\u00e7\u00e3o dos candidatos ao cargo de Vice-Reitor(a);&nbsp;<\/div>\r\n<div>III\t\u2013 15 de julho de 2025: divulga\u00e7\u00e3o da homologa\u00e7\u00e3o das inscri\u00e7\u00f5es pela Comiss\u00e3o Eleitoral;&nbsp;<\/div>\r\n<div>IV\t\u2013 17 de julho de 2025, at\u00e9 23h59min: prazo para interposi\u00e7\u00e3o de recursos contra decis\u00e3o da Comiss\u00e3o Eleitoral sobre homologa\u00e7\u00e3o das candidaturas; e,&nbsp;<\/div>\r\n<div>V\t\u2013 18 de julho de 2025: realiza\u00e7\u00e3o da elei\u00e7\u00e3o para o cargo de Vice-Reitor(a) em reuni\u00e3o ampliada dos Conselhos Superiores.&nbsp;<\/div>\r\n<div>\r\n<br>\r\n<\/div>\r\n<div>CAP\u00cdTULO II<\/div>\r\n<div>DA INSCRI\u00c7\u00c3O<\/div>\r\n<div>\r\n<br>\r\n<\/div>\r\n<div>Art. 4\u00b0  Somente poder\u00e3o compor a lista tr\u00edplice para ocupar o cargo de Vice-Reitor(a), gest\u00e3o 2026-2029, docentes integrantes da Carreira de Magist\u00e9rio Superior, ocupantes dos cargos de Professor Titular ou de Professor Associado 4, ou que sejam portadores do t\u00edtulo de doutor, nesse caso independentemente do n\u00edvel ou da classe do cargo ocupado.<\/div>\r\n<div>Par\u00e1grafo \u00fanico. Os candidatos inscritos em outros pleitos eleitorais na UFSM poder\u00e3o participar da elei\u00e7\u00e3o para o cargo de Vice-Reitor(a), gest\u00e3o 2026-2029, atendidos os requisitos para investidura no cargo.&nbsp;<\/div>\r\n<div>Art. 5\u00b0  As inscri\u00e7\u00f5es dos candidatos ao cargo de que trata esta Resolu\u00e7\u00e3o dever\u00e3o ocorrer no dia 14 de julho de 2025, mediante requerimento devidamente preenchido e entregue em processo administrativo eletr\u00f4nico via PEN-SIE, direcionado \u00e0 Secretaria dos Conselhos.&nbsp;<\/div>\r\n<div>\u00a7 1\u00b0 O resultado da avalia\u00e7\u00e3o e homologa\u00e7\u00e3o das inscri\u00e7\u00f5es ser\u00e1 divulgado pela Comiss\u00e3o Eleitoral at\u00e9 15 de julho de 2025, no site www.ufsm.br.&nbsp;<\/div>\r\n<div>\u00a7 2\u00b0 Eventuais recursos dever\u00e3o ser interpostos at\u00e9 as 23h59min do 17 de julho de 2025, em processo administrativo eletr\u00f4nico via PEN-SIE direcionado \u00e0 Secretaria dos Conselhos, de modo a avaliar eventual reconsidera\u00e7\u00e3o ou convocar o Conselho Universit\u00e1rio para decis\u00e3o recursal.&nbsp;<\/div>\r\n<div>\r\n<br>\r\n<\/div>\r\n<div>CAP\u00cdTULO III<\/div>\r\n<div>DO COLEGIADO ELEITORAL<\/div>\r\n<div>\r\n<br>\r\n<\/div>\r\n<div>Art. 6\u00b0  Realizar-se-\u00e1 reuni\u00e3o ampliada dos Conselhos Superiores em 18 de julho de 2025 voltada \u00e0 elabora\u00e7\u00e3o de lista tr\u00edplice para escolha de Vice-Reitor(a) da UFSM, Gest\u00e3o 2026\/2029.<\/div>\r\n<div>Par\u00e1grafo \u00fanico. O sistema de vota\u00e7\u00e3o dever\u00e1 observar as disposi\u00e7\u00f5es previstas na <a href=\"https:\/\/www.ufsm.br\/pro-reitorias\/proplan\/instrucao-normativa-ufsm-n-001-2021\" style=\"color: blue !important;text-decoration: underline !important\" data-elementor-preserved=\"true\">Instru\u00e7\u00e3o Normativa UFSM N. 001, de 23 de fevereiro de 2021<\/a>.&nbsp;<\/div>\r\n<div>Art. 7\u00b0  O Colegiado Eleitoral voltado \u00e0 elabora\u00e7\u00e3o de lista tr\u00edplice para escolha de ViceReitor(a) da UFSM, Gest\u00e3o 2026\/2029, ser\u00e1 composto pelos membros titulares ou os suplentes, quando do impedimento do respectivo titular, do Conselho Universit\u00e1rio (CONSU), do Conselho de Ensino, do Pesquisa e Extens\u00e3o (CEPE) e do Conselho de Curadores.<\/div>\r\n<div>Par\u00e1grafo \u00fanico. O conselheiro que possuir cadeira em 2 (dois) ou mais dos colegiados citados no caput deste artigo ter\u00e1 direito a apenas 1 (um) voto.&nbsp;<\/div>\r\n<div>Art. 8\u00b0 A vota\u00e7\u00e3o no Colegiado Eleitoral ser\u00e1 uninominal, votando cada Conselheiro em 1 (um) candidato a Vice-Reitor(a) em escrut\u00ednio \u00fanico.&nbsp;<\/div>\r\n<div>Art. 9\u00b0 Somente ser\u00e3o eleg\u00edveis os candidatos que tiverem suas inscri\u00e7\u00f5es devidamente homologadas pela Comiss\u00e3o Eleitoral, conforme disposi\u00e7\u00f5es supra.&nbsp;<\/div>\r\n<div>Art. 10. Apurados os resultados, ser\u00e1 confeccionada a lista tr\u00edplice, indicando, pela ordem dos votos obtidos, os 3 (tr\u00eas) candidatos a Vice-Reitor(a).&nbsp;<\/div>\r\n<div>Par\u00e1grafo \u00fanico. A lista tr\u00edplice para Vice-Reitor(a), assim elaborada, ser\u00e1 encaminhada \u00e0s autoridades competentes, juntamente com os demais documentos exigidos, dando-se ampla divulga\u00e7\u00e3o interna e externa dos resultados e observando o que consta no Art. 9\u00b0 do <a href=\"https:\/\/www.planalto.gov.br\/ccivil_03\/decreto\/d1916.htm\" style=\"color: blue !important;text-decoration: underline !important\" data-elementor-preserved=\"true\">Decreto n\u00b0 1.916\/1996<\/a>.&nbsp;<\/div>\r\n<div>\r\n<br>\r\n<\/div>\r\n<div>CAP\u00cdTULO IV<\/div>\r\n<div>DAS DISPOSI\u00c7\u00d5ES FINAIS E TRANSIT\u00d3RIAS<\/div>\r\n<div>\r\n<br>\r\n<\/div>\r\n<div>Art.  11.&nbsp; Caber\u00e1 \u00e0 Comiss\u00e3o Eleitoral designada pelo Conselho Universit\u00e1rio (CONSU) a elabora\u00e7\u00e3o  \r\nde editais e normas pr\u00f3prias para regulamentar o pleito eleitoral.<\/div>\r\n<div>Par\u00e1grafo \u00fanico. Casos omissos ser\u00e3o dirimidos pela referida Comiss\u00e3o, cabendo recurso ao Conselho Universit\u00e1rio.<\/div>\r\n<div>Art. 12.&nbsp; A inobserv\u00e2ncia ao disposto nesta Resolu\u00e7\u00e3o n\u00e3o constitui escusa v\u00e1lida para o descumprimento da norma nem resulta em sua invalidade.&nbsp;<\/div>\r\n<div>Art.  13.&nbsp; &nbsp;Esta Resolu\u00e7\u00e3o entra em vigor na data de sua publica\u00e7\u00e3o, de acordo com o que prev\u00ea o <a href=\"https:\/\/www.planalto.gov.br\/ccivil_03\/_ato2023-2026\/2024\/decreto\/d12002.htm\" style=\"color: blue !important;text-decoration: underline !important\" data-elementor-preserved=\"true\">Decreto n\u00b0 12.002, de 22 de abril de 2024<\/a>, art. 18, inciso IV.&nbsp;<\/div>\r\n<div>\r\n<br>\r\n<\/div>\r\n<div>Luciano Schuch&nbsp;<\/div>\r\n<div>Reitor&nbsp;<div class=\"normal-text\" style=\"text-align: center\">\r\n<\/div>\r\n<div class=\"normal-text\" style=\"text-align: center\">\r\n<\/div>\r\n<\/div>\r\n<div>\r\n<br>\r\n<\/div>\r\n<div>\r\n<p>\r\n<span style=\"color: red\">Este texto n\u00e3o substitui o documento original, publicado no Portal de Documentos.<\/span> Dispon\u00edvel em <a href=\"https:\/\/portal.ufsm.br\/documentos\/publico\/documento.html?idDocumento=15415761\" style=\"color: blue !important;text-decoration: underline !important\" data-elementor-preserved=\"true\">https:\/\/portal.ufsm.br\/documentos\/publico\/documento.html?idDocumento=15415761<\/a>\r\n<\/p>\r\n<\/div>\r\n<\/font><\/div>\t\t<\/div>\n\t\t\t\t<\/div>\n\t\t\t\t\t<\/div>\n\t\t<\/div>\n\t\t\t\t\t<\/div>\n\t\t<\/section>\n\t\t\t\t<\/div>\n\t\t","protected":false},"excerpt":{"rendered":"<p>MINIST\u00c9RIO DA EDUCA\u00c7\u00c3O UNIVERSIDADE FEDERAL DE SANTA MARIA RESOLU\u00c7\u00c3O UFSM N\u00b0 206, DE 14 DE ABRIL DE 2025 Disp\u00f5e sobre a elabora\u00e7\u00e3o de lista tr\u00edplice para escolha de Vice-Reitor(a) da Universidade Federal de Santa Maria (UFSM), Gest\u00e3o 2026\/2029. O REITOR DA UNIVERSIDADE FEDERAL DE SANTA MARIA, no uso de suas atribui\u00e7\u00f5es legais que lhe confere [&hellip;]<\/p>\n","protected":false},"author":1466,"featured_media":0,"parent":0,"menu_order":0,"comment_status":"closed","ping_status":"closed","template":"","meta":{"footnotes":""},"categories":[],"tags":[],"class_list":["post-6520","page","type-page","status-publish","hentry"],"acf":[],"_links":{"self":[{"href":"https:\/\/www.ufsm.br\/pro-reitorias\/proplan\/wp-json\/wp\/v2\/pages\/6520","targetHints":{"allow":["GET"]}}],"collection":[{"href":"https:\/\/www.ufsm.br\/pro-reitorias\/proplan\/wp-json\/wp\/v2\/pages"}],"about":[{"href":"https:\/\/www.ufsm.br\/pro-reitorias\/proplan\/wp-json\/wp\/v2\/types\/page"}],"author":[{"embeddable":true,"href":"https:\/\/www.ufsm.br\/pro-reitorias\/proplan\/wp-json\/wp\/v2\/users\/1466"}],"replies":[{"embeddable":true,"href":"https:\/\/www.ufsm.br\/pro-reitorias\/proplan\/wp-json\/wp\/v2\/comments?post=6520"}],"version-history":[{"count":0,"href":"https:\/\/www.ufsm.br\/pro-reitorias\/proplan\/wp-json\/wp\/v2\/pages\/6520\/revisions"}],"wp:attachment":[{"href":"https:\/\/www.ufsm.br\/pro-reitorias\/proplan\/wp-json\/wp\/v2\/media?parent=6520"}],"wp:term":[{"taxonomy":"category","embeddable":true,"href":"https:\/\/www.ufsm.br\/pro-reitorias\/proplan\/wp-json\/wp\/v2\/categories?post=6520"},{"taxonomy":"post_tag","embeddable":true,"href":"https:\/\/www.ufsm.br\/pro-reitorias\/proplan\/wp-json\/wp\/v2\/tags?post=6520"}],"curies":[{"name":"wp","href":"https:\/\/api.w.org\/{rel}","templated":true}]}}