{"id":6541,"date":"2025-04-23T09:42:25","date_gmt":"2025-04-23T12:42:25","guid":{"rendered":"https:\/\/www.ufsm.br\/pro-reitorias\/proplan\/?page_id=6541"},"modified":"2025-04-23T09:42:52","modified_gmt":"2025-04-23T12:42:52","slug":"resolucao-ufsm-n-193-2025","status":"publish","type":"page","link":"https:\/\/www.ufsm.br\/pro-reitorias\/proplan\/resolucao-ufsm-n-193-2025","title":{"rendered":"RESOLU\u00c7\u00c3O UFSM N\u00b0 193\/2025"},"content":{"rendered":"\t\t<div data-elementor-type=\"wp-page\" data-elementor-id=\"6541\" class=\"elementor elementor-6541\">\n\t\t\t\t\t\t<section class=\"elementor-section elementor-top-section elementor-element elementor-element-ab7d01f elementor-section-boxed elementor-section-height-default elementor-section-height-default\" data-id=\"ab7d01f\" data-element_type=\"section\">\n\t\t\t\t\t\t<div class=\"elementor-container elementor-column-gap-default\">\n\t\t\t\t\t<div class=\"elementor-column elementor-col-100 elementor-top-column elementor-element elementor-element-73b0f06\" data-id=\"73b0f06\" data-element_type=\"column\">\n\t\t\t<div class=\"elementor-widget-wrap elementor-element-populated\">\n\t\t\t\t\t\t<div class=\"elementor-element elementor-element-8d26111 elementor-widget elementor-widget-html\" data-id=\"8d26111\" data-element_type=\"widget\" data-widget_type=\"html.default\">\n\t\t\t\t<div class=\"elementor-widget-container\">\n\t\t\t<!-- Cabe\u00e7alho -->\r\n<div align=\"center\">\r\n  <img decoding=\"async\" src=\"https:\/\/www.ufsm.br\/pro-reitorias\/proplan\/wp-content\/uploads\/sites\/344\/2019\/09\/brasao-da-republica-do-brasil-logo.png\" alt=\"Bras\u00e3o Rep\u00fablica Federativa do Brasil\" width=\"6%\" height=\"6%\">\r\n<\/div>\r\n\r\n<h1>\r\n  <font color=\"blue\">\r\n    <font size=\"5\">\r\n      <div align=\"center\">MINIST\u00c9RIO DA EDUCA\u00c7\u00c3O<\/div>\r\n    <\/font>\r\n  <\/font>\r\n<\/h1>\r\n\r\n<p>\r\n  <b>\r\n    <font color=\"0000blue\">\r\n      <div align=\"center\">UNIVERSIDADE FEDERAL DE SANTA MARIA<\/b>\r\n      <\/div>\r\n    <\/font>\r\n<\/p>\r\n\r\n<p>\r\n  <div align=\"center\">\r\n    <b>\r\n      <a href=\"https:\/\/portal.ufsm.br\/documentos\/publico\/documento.html?idDocumento=15421276\" target=\"_blank\">\r\n        <font color=\"blue\">RESOLU\u00c7\u00c3O UFSM N\u00b0 193, DE 14 DE MAR\u00c7O DE 2025<\/font>\r\n      <\/a>\r\n    <\/b>\r\n  <\/div>\r\n<\/p>\r\n\r\n<br>\r\n\r\n<ul><ul><ul><ul><ul><ul><ul><ul><ul><ul><ul><ul><ul><ul><ul><ul><ul><ul><ul><ul><ul>\r\n<p><div align=\"justify\"><font color=\"800000\">\r\nAprova o Regimento Interno da Comiss\u00e3o de \u00c9tica no Uso de Animais (CEUA), vinculada \u00e0 Pr\u00f3-Reitoria de P\u00f3s-Gradua\u00e7\u00e3o e Pesquisa (PRPGP), no \u00e2mbito da Universidade Federal de Santa Maria (UFSM).<\/font><\/div><\/p> \r\n<\/ul><\/ul><\/ul><\/ul><\/ul><\/ul><\/ul><\/ul><\/ul><\/ul><\/ul><\/ul><\/ul><\/ul><\/ul><\/ul><\/ul><\/ul><\/ul><\/ul><\/ul>\r\n\r\n<!-- Normativo -->\r\n<div align=\"justify\"> \r\n  <div>\r\n    <br>\r\n  <\/div>\r\n  <div>\r\n    <p class=\"MsoNormal\">\r\n<p><span style=\"font-weight: 400\">O REITOR DA UNIVERSIDADE FEDERAL DE SANTA MARIA, no uso de suas atribui&ccedil;&otilde;es legais que lhe confere o art. 30 do <span style=\"color: blue !important;text-decoration: underline !important\" data-elementor-preserved=\"true\">Estatuto da Universidade Federal de Santa Maria<\/a><\/span><\/span> com as adequa&ccedil;&otilde;es aprovadas pela <span style=\"color: blue !important;text-decoration: underline !important\" data-elementor-preserved=\"true\">Resolu&ccedil;&atilde;o UFSM n&deg; 037<\/a><\/span><\/span>, de 30 de novembro de 2010, aprovado pela Portaria n&deg; 156, de 12 de mar&ccedil;o de 2014, e publicado no Di&aacute;rio Oficial da Uni&atilde;o em 13 de mar&ccedil;o de 2014, tendo em vista a <span style=\"color: blue !important;text-decoration: underline !important\" data-elementor-preserved=\"true\">Lei n&deg; 11.794<\/a><\/span><\/span>, de 8 de outubro de 2008, as <span style=\"text-decoration: underline\"><span style=\"color: blue !important;text-decoration: underline !important\" data-elementor-preserved=\"true\">Resolu&ccedil;&otilde;es Normativas Concea n&deg; 51<\/a><\/span><\/span> e <span style=\"text-decoration: underline\"><span style=\"color: blue !important;text-decoration: underline !important\" data-elementor-preserved=\"true\">n&deg; 52<\/a><\/span><\/span>, de 19 de maio de 2021, a <span style=\"color: blue !important;text-decoration: underline !important\" data-elementor-preserved=\"true\">Resolu&ccedil;&atilde;o UFSM n&deg; 104<\/a><\/span><\/span>, de 03 de outubro de 2022, e o que consta no <span style=\"text-decoration: underline\"><span style=\"color: blue !important;text-decoration: underline !important\" data-elementor-preserved=\"true\">Processo n&deg; 23081.065368\/2024-41<\/a><\/span><\/span>, resolve:&nbsp;<\/span><\/p>\r\n<p>&nbsp;<\/p>\r\n<p><span style=\"font-weight: 400\">Art. 1&deg;&nbsp; Aprovar o Regimento Interno da Comiss&atilde;o de &Eacute;tica no Uso de Animais (CEUA), vinculada &agrave; Pr&oacute;-Reitoria de P&oacute;s-Gradua&ccedil;&atilde;o e Pesquisa (PRPGP), no &acirc;mbito da Universidade Federal de Santa Maria (UFSM).<\/span><\/p>\r\n<p><span style=\"font-weight: 400\">Par&aacute;grafo &uacute;nico.&nbsp; O Regimento Interno da Comiss&atilde;o de &Eacute;tica no Uso de Animais (CEUA) se constitui como o anexo I desta Resolu&ccedil;&atilde;o.<\/span><\/p>\r\n<p><span style=\"font-weight: 400\">Art. 2&deg;&nbsp; A inobserv&acirc;ncia ao disposto nesta Resolu&ccedil;&atilde;o n&atilde;o constitui escusa v&aacute;lida para o descumprimento da norma nem resulta em sua invalidade.<\/span><\/p>\r\n<p><span style=\"font-weight: 400\">Art. 3&deg;&nbsp; Esta Resolu&ccedil;&atilde;o entra em vigor na data de sua publica&ccedil;&atilde;o, de acordo com o que prev&ecirc; o <\/span><span style=\"color: blue !important;text-decoration: underline !important\" data-elementor-preserved=\"true\"><span style=\"font-weight: 400\">Decreto n&deg; 12.002<\/span><\/a><\/span><\/span><span style=\"font-weight: 400\">,&nbsp;de 22 de abril de 2024, art. 18, inciso IV.<\/span><\/p>\r\n<p><span style=\"font-weight: 400\">Par&aacute;grafo &uacute;nico.&nbsp; Na ocorr&ecirc;ncia de modifica&ccedil;&otilde;es legislativas ou situa&ccedil;&otilde;es legais que afetem a validade desta Resolu&ccedil;&atilde;o, as novas disposi&ccedil;&otilde;es ser&atilde;o aplicadas imediatamente.<\/span><\/p>\r\n<p>&nbsp;<\/p>\r\n<p><span style=\"font-weight: 400\">Luciano Schuch<\/span><\/p>\r\n<p><span style=\"font-weight: 400\">Reitor<\/span><\/p>\r\n\r\n    <br>\r\n\r\n    <!-- Modifica\u00e7\u00e3o para a Publica\u00e7\u00e3o Original -->\r\n    <p>\r\n      <font color=\"red\">Este texto n\u00e3o substitui o documento original, publicado no Portal de Documentos.<\/font>\r\n      Dispon\u00edvel em: \r\n      <a href=\"https:\/\/portal.ufsm.br\/documentos\/publico\/documento.html?idDocumento=15421276\" target=\"_blank\">\r\n        <font color=\"blue\">https:\/\/portal.ufsm.br\/documentos\/publico\/documento.html?idDocumento=15421276<\/font>\r\n      <\/a>\r\n    <\/p>\r\n  <\/div>\r\n<\/div>\r\n\r\n\t\t<\/div>\n\t\t\t\t<\/div>\n\t\t\t\t\t<\/div>\n\t\t<\/div>\n\t\t\t\t\t<\/div>\n\t\t<\/section>\n\t\t\t\t<\/div>\n\t\t","protected":false},"excerpt":{"rendered":"<p>MINIST\u00c9RIO DA EDUCA\u00c7\u00c3O UNIVERSIDADE FEDERAL DE SANTA MARIA RESOLU\u00c7\u00c3O UFSM N\u00b0 193, DE 14 DE MAR\u00c7O DE 2025 Aprova o Regimento Interno da Comiss\u00e3o de \u00c9tica no Uso de Animais (CEUA), vinculada \u00e0 Pr\u00f3-Reitoria de P\u00f3s-Gradua\u00e7\u00e3o e Pesquisa (PRPGP), no \u00e2mbito da Universidade Federal de Santa Maria (UFSM). O REITOR DA UNIVERSIDADE FEDERAL DE SANTA [&hellip;]<\/p>\n","protected":false},"author":1466,"featured_media":0,"parent":0,"menu_order":0,"comment_status":"closed","ping_status":"closed","template":"","meta":{"footnotes":""},"categories":[],"tags":[],"class_list":["post-6541","page","type-page","status-publish","hentry"],"acf":[],"_links":{"self":[{"href":"https:\/\/www.ufsm.br\/pro-reitorias\/proplan\/wp-json\/wp\/v2\/pages\/6541","targetHints":{"allow":["GET"]}}],"collection":[{"href":"https:\/\/www.ufsm.br\/pro-reitorias\/proplan\/wp-json\/wp\/v2\/pages"}],"about":[{"href":"https:\/\/www.ufsm.br\/pro-reitorias\/proplan\/wp-json\/wp\/v2\/types\/page"}],"author":[{"embeddable":true,"href":"https:\/\/www.ufsm.br\/pro-reitorias\/proplan\/wp-json\/wp\/v2\/users\/1466"}],"replies":[{"embeddable":true,"href":"https:\/\/www.ufsm.br\/pro-reitorias\/proplan\/wp-json\/wp\/v2\/comments?post=6541"}],"version-history":[{"count":0,"href":"https:\/\/www.ufsm.br\/pro-reitorias\/proplan\/wp-json\/wp\/v2\/pages\/6541\/revisions"}],"wp:attachment":[{"href":"https:\/\/www.ufsm.br\/pro-reitorias\/proplan\/wp-json\/wp\/v2\/media?parent=6541"}],"wp:term":[{"taxonomy":"category","embeddable":true,"href":"https:\/\/www.ufsm.br\/pro-reitorias\/proplan\/wp-json\/wp\/v2\/categories?post=6541"},{"taxonomy":"post_tag","embeddable":true,"href":"https:\/\/www.ufsm.br\/pro-reitorias\/proplan\/wp-json\/wp\/v2\/tags?post=6541"}],"curies":[{"name":"wp","href":"https:\/\/api.w.org\/{rel}","templated":true}]}}