{"id":7079,"date":"2026-01-26T12:53:10","date_gmt":"2026-01-26T15:53:10","guid":{"rendered":"https:\/\/www.ufsm.br\/pro-reitorias\/proplan\/?page_id=7079"},"modified":"2026-04-23T14:10:57","modified_gmt":"2026-04-23T17:10:57","slug":"planodemetas","status":"publish","type":"page","link":"https:\/\/www.ufsm.br\/pro-reitorias\/proplan\/planodemetas","title":{"rendered":"Plano de Metas"},"content":{"rendered":"\t\t<div data-elementor-type=\"wp-page\" data-elementor-id=\"7079\" class=\"elementor elementor-7079\">\n\t\t\t\t\t\t<section class=\"elementor-section elementor-top-section elementor-element elementor-element-b03c226 elementor-section-full_width elementor-section-stretched elementor-section-height-default elementor-section-height-default\" data-id=\"b03c226\" data-element_type=\"section\" data-settings=\"{&quot;stretch_section&quot;:&quot;section-stretched&quot;}\">\n\t\t\t\t\t\t<div class=\"elementor-container elementor-column-gap-default\">\n\t\t\t\t\t<div class=\"elementor-column elementor-col-100 elementor-top-column elementor-element elementor-element-0d4a90b\" data-id=\"0d4a90b\" data-element_type=\"column\">\n\t\t\t<div class=\"elementor-widget-wrap elementor-element-populated\">\n\t\t\t\t\t\t<div class=\"elementor-element elementor-element-e0f8492 elementor-widget elementor-widget-image\" data-id=\"e0f8492\" data-element_type=\"widget\" data-widget_type=\"image.default\">\n\t\t\t\t<div class=\"elementor-widget-container\">\n\t\t\t\t\t\t\t\t\t\t\t\t\t<img fetchpriority=\"high\" decoding=\"async\" width=\"1793\" height=\"563\" src=\"https:\/\/www.ufsm.br\/app\/uploads\/sites\/344\/2025\/12\/Banner-001-1.png\" class=\"attachment-full size-full wp-image-7086\" alt=\"\" srcset=\"https:\/\/www.ufsm.br\/app\/uploads\/sites\/344\/2025\/12\/Banner-001-1.png 1793w, https:\/\/www.ufsm.br\/app\/uploads\/sites\/344\/2025\/12\/Banner-001-1-300x94.png 300w, https:\/\/www.ufsm.br\/app\/uploads\/sites\/344\/2025\/12\/Banner-001-1-1024x322.png 1024w, https:\/\/www.ufsm.br\/app\/uploads\/sites\/344\/2025\/12\/Banner-001-1-768x241.png 768w, https:\/\/www.ufsm.br\/app\/uploads\/sites\/344\/2025\/12\/Banner-001-1-1536x482.png 1536w\" sizes=\"(max-width: 1793px) 100vw, 1793px\" \/>\t\t\t\t\t\t\t\t\t\t\t\t\t<\/div>\n\t\t\t\t<\/div>\n\t\t\t\t\t<\/div>\n\t\t<\/div>\n\t\t\t\t\t<\/div>\n\t\t<\/section>\n\t\t\t\t<section class=\"elementor-section elementor-top-section elementor-element elementor-element-58475cc elementor-section-boxed elementor-section-height-default elementor-section-height-default\" data-id=\"58475cc\" data-element_type=\"section\">\n\t\t\t\t\t\t<div class=\"elementor-container elementor-column-gap-default\">\n\t\t\t\t\t<div class=\"elementor-column elementor-col-100 elementor-top-column elementor-element elementor-element-6151c53\" data-id=\"6151c53\" data-element_type=\"column\">\n\t\t\t<div class=\"elementor-widget-wrap elementor-element-populated\">\n\t\t\t\t\t\t<div class=\"elementor-element elementor-element-9b7f473 elementor-widget elementor-widget-text-editor\" data-id=\"9b7f473\" data-element_type=\"widget\" data-widget_type=\"text-editor.default\">\n\t\t\t\t<div class=\"elementor-widget-container\">\n\t\t\t\t\t\t\t<p>O planejamento estrat\u00e9gico da UFSM \u00e9 direcionado pelo seu Plano de Desenvolvimento Institucional \u2013 PDI (2016-2026) e \u00e9 composto pela Vis\u00e3o institucional e 7 Desafios institucionais, que representam o compromisso da institui\u00e7\u00e3o com os pilares universit\u00e1rios e da gest\u00e3o e a representa\u00e7\u00e3o de \u00e1rea de relev\u00e2ncia social, como a internacionaliza\u00e7\u00e3o, a inclus\u00e3o social e a gest\u00e3o ambiental.<\/p><p>Em 2024, a UFSM deu in\u00edcio ao processo de revis\u00e3o do Plano de Metas, alinhado aos objetivos estrat\u00e9gicos\u00a0 institucionais. Essa revis\u00e3o abrange a an\u00e1lise dos indicadores de desempenho, a defini\u00e7\u00e3o de novas metas e a reavalia\u00e7\u00e3o das estrat\u00e9gias adotadas para o pr\u00f3ximo ciclo de planejamento.<\/p><p>O Plano de Metas da UFSM tem como objetivo orientar o desenvolvimento institucional por meio do acompanhamento sistem\u00e1tico de indicadores estrat\u00e9gicos. Esses indicadores refletem os principais desafios e oportunidades da universidade, servindo como base para a tomada de decis\u00f5es.<\/p>\t\t\t\t\t\t<\/div>\n\t\t\t\t<\/div>\n\t\t\t\t\t<\/div>\n\t\t<\/div>\n\t\t\t\t\t<\/div>\n\t\t<\/section>\n\t\t\t\t<section class=\"elementor-section elementor-top-section elementor-element elementor-element-72a13a9 elementor-section-boxed elementor-section-height-default elementor-section-height-default\" data-id=\"72a13a9\" data-element_type=\"section\">\n\t\t\t\t\t\t<div class=\"elementor-container elementor-column-gap-default\">\n\t\t\t\t\t<div class=\"elementor-column elementor-col-100 elementor-top-column elementor-element elementor-element-a93e964\" data-id=\"a93e964\" data-element_type=\"column\">\n\t\t\t<div class=\"elementor-widget-wrap elementor-element-populated\">\n\t\t\t\t\t\t<div class=\"elementor-element elementor-element-06c20de elementor-widget elementor-widget-heading\" data-id=\"06c20de\" data-element_type=\"widget\" data-widget_type=\"heading.default\">\n\t\t\t\t<div class=\"elementor-widget-container\">\n\t\t\t<h2 class=\"elementor-heading-title elementor-size-default\">Explore o painel de acompanhamento do Plano de Metas<\/h2>\t\t<\/div>\n\t\t\t\t<\/div>\n\t\t\t\t<div class=\"elementor-element elementor-element-f194f51 elementor-widget elementor-widget-spacer\" data-id=\"f194f51\" data-element_type=\"widget\" data-widget_type=\"spacer.default\">\n\t\t\t\t<div class=\"elementor-widget-container\">\n\t\t\t\t\t<div class=\"elementor-spacer\">\n\t\t\t<div class=\"elementor-spacer-inner\"><\/div>\n\t\t<\/div>\n\t\t\t\t<\/div>\n\t\t\t\t<\/div>\n\t\t\t\t<section class=\"elementor-section elementor-inner-section elementor-element elementor-element-26a2908 elementor-section-boxed elementor-section-height-default elementor-section-height-default\" data-id=\"26a2908\" data-element_type=\"section\">\n\t\t\t\t\t\t<div class=\"elementor-container elementor-column-gap-default\">\n\t\t\t\t\t<div class=\"elementor-column elementor-col-100 elementor-inner-column elementor-element elementor-element-8e91f3c\" data-id=\"8e91f3c\" data-element_type=\"column\">\n\t\t\t<div class=\"elementor-widget-wrap elementor-element-populated\">\n\t\t\t\t\t\t<div class=\"elementor-element elementor-element-93c9072 elementor-widget elementor-widget-text-editor\" data-id=\"93c9072\" data-element_type=\"widget\" data-widget_type=\"text-editor.default\">\n\t\t\t\t<div class=\"elementor-widget-container\">\n\t\t\t\t\t\t\t<p>Neste painel \u00e9 poss\u00edvel explorar todos os desafios e a evolu\u00e7\u00e3o dos indicadores ao longo dos anos.<\/p>\t\t\t\t\t\t<\/div>\n\t\t\t\t<\/div>\n\t\t\t\t\t<\/div>\n\t\t<\/div>\n\t\t\t\t\t<\/div>\n\t\t<\/section>\n\t\t\t\t<div class=\"elementor-element elementor-element-97dd5ea elementor-widget__width-initial elementor-widget elementor-widget-text-editor\" data-id=\"97dd5ea\" data-element_type=\"widget\" data-widget_type=\"text-editor.default\">\n\t\t\t\t<div class=\"elementor-widget-container\">\n\t\t\t\t\t\t\t<p><iframe src=\"https:\/\/app.powerbi.com\/view?r=eyJrIjoiMzE4MGNlNDAtYzI2My00MTI1LTgxNGYtNzVkYjgwMmFlMzgxIiwidCI6Ijk3OTAyMGQ1LTQ5NTAtNGY0My1hOTk0LTg4ZDY4M2VhYjQ3MyJ9&amp;pageName=fc16d02220deebf8626f\" width=\"1080\" height=\"720\" frameborder=\"0\" allowfullscreen=\"allowfullscreen\"><\/iframe><\/p>\t\t\t\t\t\t<\/div>\n\t\t\t\t<\/div>\n\t\t\t\t\t<\/div>\n\t\t<\/div>\n\t\t\t\t\t<\/div>\n\t\t<\/section>\n\t\t\t\t<section class=\"elementor-section elementor-top-section elementor-element elementor-element-27570af elementor-section-boxed elementor-section-height-default elementor-section-height-default\" data-id=\"27570af\" data-element_type=\"section\">\n\t\t\t\t\t\t<div class=\"elementor-container elementor-column-gap-default\">\n\t\t\t\t\t<div class=\"elementor-column elementor-col-100 elementor-top-column elementor-element elementor-element-3131971\" data-id=\"3131971\" data-element_type=\"column\">\n\t\t\t<div class=\"elementor-widget-wrap elementor-element-populated\">\n\t\t\t\t\t\t<div class=\"elementor-element elementor-element-226fd8e elementor-widget elementor-widget-heading\" data-id=\"226fd8e\" data-element_type=\"widget\" data-widget_type=\"heading.default\">\n\t\t\t\t<div class=\"elementor-widget-container\">\n\t\t\t<h2 class=\"elementor-heading-title elementor-size-default\">Navegue por desafio para visualizar mais detalhes<\/h2>\t\t<\/div>\n\t\t\t\t<\/div>\n\t\t\t\t\t<\/div>\n\t\t<\/div>\n\t\t\t\t\t<\/div>\n\t\t<\/section>\n\t\t\t\t<section class=\"elementor-section elementor-top-section elementor-element elementor-element-799853f elementor-section-boxed elementor-section-height-default elementor-section-height-default\" data-id=\"799853f\" data-element_type=\"section\">\n\t\t\t\t\t\t<div class=\"elementor-container elementor-column-gap-default\">\n\t\t\t\t\t<div class=\"elementor-column elementor-col-100 elementor-top-column elementor-element elementor-element-27ebaba\" data-id=\"27ebaba\" data-element_type=\"column\">\n\t\t\t<div class=\"elementor-widget-wrap elementor-element-populated\">\n\t\t\t\t\t\t<section class=\"elementor-section elementor-inner-section elementor-element elementor-element-6138afb elementor-section-boxed elementor-section-height-default elementor-section-height-default\" data-id=\"6138afb\" data-element_type=\"section\">\n\t\t\t\t\t\t<div class=\"elementor-container elementor-column-gap-default\">\n\t\t\t\t\t<div class=\"elementor-column elementor-col-25 elementor-inner-column elementor-element elementor-element-5de241d\" data-id=\"5de241d\" data-element_type=\"column\">\n\t\t\t<div class=\"elementor-widget-wrap elementor-element-populated\">\n\t\t\t\t\t\t<div class=\"elementor-element elementor-element-c89bdcf elementor-widget elementor-widget-image\" data-id=\"c89bdcf\" data-element_type=\"widget\" data-widget_type=\"image.default\">\n\t\t\t\t<div class=\"elementor-widget-container\">\n\t\t\t\t\t\t\t\t\t\t\t\t\t\t<a href=\"https:\/\/www.ufsm.br\/pro-reitorias\/proplan\/visao-2\">\n\t\t\t\t\t\t\t<img decoding=\"async\" width=\"473\" height=\"113\" src=\"https:\/\/www.ufsm.br\/app\/uploads\/sites\/344\/2025\/12\/00-Visao.png\" class=\"attachment-large size-large wp-image-7091\" alt=\"\" srcset=\"https:\/\/www.ufsm.br\/app\/uploads\/sites\/344\/2025\/12\/00-Visao.png 473w, https:\/\/www.ufsm.br\/app\/uploads\/sites\/344\/2025\/12\/00-Visao-300x72.png 300w\" sizes=\"(max-width: 473px) 100vw, 473px\" \/>\t\t\t\t\t\t\t\t<\/a>\n\t\t\t\t\t\t\t\t\t\t\t\t\t<\/div>\n\t\t\t\t<\/div>\n\t\t\t\t\t<\/div>\n\t\t<\/div>\n\t\t\t\t<div class=\"elementor-column elementor-col-25 elementor-inner-column elementor-element elementor-element-f5c226f\" data-id=\"f5c226f\" data-element_type=\"column\">\n\t\t\t<div class=\"elementor-widget-wrap elementor-element-populated\">\n\t\t\t\t\t\t<div class=\"elementor-element elementor-element-1a75a23 elementor-widget elementor-widget-image\" data-id=\"1a75a23\" data-element_type=\"widget\" data-widget_type=\"image.default\">\n\t\t\t\t<div class=\"elementor-widget-container\">\n\t\t\t\t\t\t\t\t\t\t\t\t\t\t<a href=\"https:\/\/www.ufsm.br\/pro-reitorias\/proplan\/d1-internacionalizacao\">\n\t\t\t\t\t\t\t<img decoding=\"async\" width=\"473\" height=\"113\" src=\"https:\/\/www.ufsm.br\/app\/uploads\/sites\/344\/2025\/12\/02-Internacionalizacao.png\" class=\"attachment-large size-large wp-image-7093\" alt=\"\" srcset=\"https:\/\/www.ufsm.br\/app\/uploads\/sites\/344\/2025\/12\/02-Internacionalizacao.png 473w, https:\/\/www.ufsm.br\/app\/uploads\/sites\/344\/2025\/12\/02-Internacionalizacao-300x72.png 300w\" sizes=\"(max-width: 473px) 100vw, 473px\" \/>\t\t\t\t\t\t\t\t<\/a>\n\t\t\t\t\t\t\t\t\t\t\t\t\t<\/div>\n\t\t\t\t<\/div>\n\t\t\t\t\t<\/div>\n\t\t<\/div>\n\t\t\t\t<div class=\"elementor-column elementor-col-25 elementor-inner-column elementor-element elementor-element-84e23df\" data-id=\"84e23df\" data-element_type=\"column\">\n\t\t\t<div class=\"elementor-widget-wrap elementor-element-populated\">\n\t\t\t\t\t\t<div class=\"elementor-element elementor-element-e48f43f elementor-widget elementor-widget-image\" data-id=\"e48f43f\" data-element_type=\"widget\" data-widget_type=\"image.default\">\n\t\t\t\t<div class=\"elementor-widget-container\">\n\t\t\t\t\t\t\t\t\t\t\t\t\t\t<a href=\"https:\/\/www.ufsm.br\/pro-reitorias\/proplan\/d2-educacaoinovadora\">\n\t\t\t\t\t\t\t<img loading=\"lazy\" decoding=\"async\" width=\"473\" height=\"113\" src=\"https:\/\/www.ufsm.br\/app\/uploads\/sites\/344\/2025\/12\/01-Educacao-inovadora.png\" class=\"attachment-large size-large wp-image-7092\" alt=\"\" srcset=\"https:\/\/www.ufsm.br\/app\/uploads\/sites\/344\/2025\/12\/01-Educacao-inovadora.png 473w, https:\/\/www.ufsm.br\/app\/uploads\/sites\/344\/2025\/12\/01-Educacao-inovadora-300x72.png 300w\" sizes=\"(max-width: 473px) 100vw, 473px\" \/>\t\t\t\t\t\t\t\t<\/a>\n\t\t\t\t\t\t\t\t\t\t\t\t\t<\/div>\n\t\t\t\t<\/div>\n\t\t\t\t\t<\/div>\n\t\t<\/div>\n\t\t\t\t<div class=\"elementor-column elementor-col-25 elementor-inner-column elementor-element elementor-element-e354343\" data-id=\"e354343\" data-element_type=\"column\">\n\t\t\t<div class=\"elementor-widget-wrap elementor-element-populated\">\n\t\t\t\t\t\t<div class=\"elementor-element elementor-element-4b663da elementor-widget elementor-widget-image\" data-id=\"4b663da\" data-element_type=\"widget\" data-widget_type=\"image.default\">\n\t\t\t\t<div class=\"elementor-widget-container\">\n\t\t\t\t\t\t\t\t\t\t\t\t\t\t<a href=\"https:\/\/www.ufsm.br\/pro-reitorias\/proplan\/d3-inclusaosocial\">\n\t\t\t\t\t\t\t<img loading=\"lazy\" decoding=\"async\" width=\"473\" height=\"113\" src=\"https:\/\/www.ufsm.br\/app\/uploads\/sites\/344\/2025\/12\/03-Inclusao-social.png\" class=\"attachment-large size-large wp-image-7094\" alt=\"\" srcset=\"https:\/\/www.ufsm.br\/app\/uploads\/sites\/344\/2025\/12\/03-Inclusao-social.png 473w, https:\/\/www.ufsm.br\/app\/uploads\/sites\/344\/2025\/12\/03-Inclusao-social-300x72.png 300w\" sizes=\"(max-width: 473px) 100vw, 473px\" \/>\t\t\t\t\t\t\t\t<\/a>\n\t\t\t\t\t\t\t\t\t\t\t\t\t<\/div>\n\t\t\t\t<\/div>\n\t\t\t\t\t<\/div>\n\t\t<\/div>\n\t\t\t\t\t<\/div>\n\t\t<\/section>\n\t\t\t\t<section class=\"elementor-section elementor-inner-section elementor-element elementor-element-604eb9d elementor-section-boxed elementor-section-height-default elementor-section-height-default\" data-id=\"604eb9d\" data-element_type=\"section\">\n\t\t\t\t\t\t<div class=\"elementor-container elementor-column-gap-default\">\n\t\t\t\t\t<div class=\"elementor-column elementor-col-25 elementor-inner-column elementor-element elementor-element-fa100c6\" data-id=\"fa100c6\" data-element_type=\"column\">\n\t\t\t<div class=\"elementor-widget-wrap elementor-element-populated\">\n\t\t\t\t\t\t<div class=\"elementor-element elementor-element-2aac006 elementor-widget elementor-widget-image\" data-id=\"2aac006\" data-element_type=\"widget\" data-widget_type=\"image.default\">\n\t\t\t\t<div class=\"elementor-widget-container\">\n\t\t\t\t\t\t\t\t\t\t\t\t\t\t<a href=\"https:\/\/www.ufsm.br\/pro-reitorias\/proplan\/d4-inovacao\">\n\t\t\t\t\t\t\t<img loading=\"lazy\" decoding=\"async\" width=\"473\" height=\"113\" src=\"https:\/\/www.ufsm.br\/app\/uploads\/sites\/344\/2026\/04\/04-Inovacao.png\" class=\"attachment-large size-large wp-image-7299\" alt=\"\" srcset=\"https:\/\/www.ufsm.br\/app\/uploads\/sites\/344\/2026\/04\/04-Inovacao.png 473w, https:\/\/www.ufsm.br\/app\/uploads\/sites\/344\/2026\/04\/04-Inovacao-300x72.png 300w\" sizes=\"(max-width: 473px) 100vw, 473px\" \/>\t\t\t\t\t\t\t\t<\/a>\n\t\t\t\t\t\t\t\t\t\t\t\t\t<\/div>\n\t\t\t\t<\/div>\n\t\t\t\t\t<\/div>\n\t\t<\/div>\n\t\t\t\t<div class=\"elementor-column elementor-col-25 elementor-inner-column elementor-element elementor-element-aeeedec\" data-id=\"aeeedec\" data-element_type=\"column\">\n\t\t\t<div class=\"elementor-widget-wrap elementor-element-populated\">\n\t\t\t\t\t\t<div class=\"elementor-element elementor-element-ddc536a elementor-widget elementor-widget-image\" data-id=\"ddc536a\" data-element_type=\"widget\" data-widget_type=\"image.default\">\n\t\t\t\t<div class=\"elementor-widget-container\">\n\t\t\t\t\t\t\t\t\t\t\t\t\t\t<a href=\"https:\/\/www.ufsm.br\/pro-reitorias\/proplan\/d5-modernizacao\">\n\t\t\t\t\t\t\t<img loading=\"lazy\" decoding=\"async\" width=\"473\" height=\"113\" src=\"https:\/\/www.ufsm.br\/app\/uploads\/sites\/344\/2025\/12\/05-Modernizacao.png\" class=\"attachment-large size-large wp-image-7096\" alt=\"\" srcset=\"https:\/\/www.ufsm.br\/app\/uploads\/sites\/344\/2025\/12\/05-Modernizacao.png 473w, https:\/\/www.ufsm.br\/app\/uploads\/sites\/344\/2025\/12\/05-Modernizacao-300x72.png 300w\" sizes=\"(max-width: 473px) 100vw, 473px\" \/>\t\t\t\t\t\t\t\t<\/a>\n\t\t\t\t\t\t\t\t\t\t\t\t\t<\/div>\n\t\t\t\t<\/div>\n\t\t\t\t\t<\/div>\n\t\t<\/div>\n\t\t\t\t<div class=\"elementor-column elementor-col-25 elementor-inner-column elementor-element elementor-element-3078512\" data-id=\"3078512\" data-element_type=\"column\">\n\t\t\t<div class=\"elementor-widget-wrap elementor-element-populated\">\n\t\t\t\t\t\t<div class=\"elementor-element elementor-element-9ffac90 elementor-widget elementor-widget-image\" data-id=\"9ffac90\" data-element_type=\"widget\" data-widget_type=\"image.default\">\n\t\t\t\t<div class=\"elementor-widget-container\">\n\t\t\t\t\t\t\t\t\t\t\t\t\t\t<a href=\"https:\/\/www.ufsm.br\/pro-reitorias\/proplan\/d6-desenvolvimentoregional\">\n\t\t\t\t\t\t\t<img loading=\"lazy\" decoding=\"async\" width=\"473\" height=\"113\" src=\"https:\/\/www.ufsm.br\/app\/uploads\/sites\/344\/2025\/12\/06-Desenvolvimento.png\" class=\"attachment-large size-large wp-image-7097\" alt=\"\" srcset=\"https:\/\/www.ufsm.br\/app\/uploads\/sites\/344\/2025\/12\/06-Desenvolvimento.png 473w, https:\/\/www.ufsm.br\/app\/uploads\/sites\/344\/2025\/12\/06-Desenvolvimento-300x72.png 300w\" sizes=\"(max-width: 473px) 100vw, 473px\" \/>\t\t\t\t\t\t\t\t<\/a>\n\t\t\t\t\t\t\t\t\t\t\t\t\t<\/div>\n\t\t\t\t<\/div>\n\t\t\t\t\t<\/div>\n\t\t<\/div>\n\t\t\t\t<div class=\"elementor-column elementor-col-25 elementor-inner-column elementor-element elementor-element-058fa24\" data-id=\"058fa24\" data-element_type=\"column\">\n\t\t\t<div class=\"elementor-widget-wrap elementor-element-populated\">\n\t\t\t\t\t\t<div class=\"elementor-element elementor-element-a16b966 elementor-widget elementor-widget-image\" data-id=\"a16b966\" data-element_type=\"widget\" data-widget_type=\"image.default\">\n\t\t\t\t<div class=\"elementor-widget-container\">\n\t\t\t\t\t\t\t\t\t\t\t\t\t\t<a href=\"https:\/\/www.ufsm.br\/pro-reitorias\/proplan\/d7-gestaoambiental\">\n\t\t\t\t\t\t\t<img loading=\"lazy\" decoding=\"async\" width=\"473\" height=\"113\" src=\"https:\/\/www.ufsm.br\/app\/uploads\/sites\/344\/2025\/12\/07-Gestao-ambiental.png\" class=\"attachment-large size-large wp-image-7098\" alt=\"\" srcset=\"https:\/\/www.ufsm.br\/app\/uploads\/sites\/344\/2025\/12\/07-Gestao-ambiental.png 473w, https:\/\/www.ufsm.br\/app\/uploads\/sites\/344\/2025\/12\/07-Gestao-ambiental-300x72.png 300w\" sizes=\"(max-width: 473px) 100vw, 473px\" \/>\t\t\t\t\t\t\t\t<\/a>\n\t\t\t\t\t\t\t\t\t\t\t\t\t<\/div>\n\t\t\t\t<\/div>\n\t\t\t\t\t<\/div>\n\t\t<\/div>\n\t\t\t\t\t<\/div>\n\t\t<\/section>\n\t\t\t\t\t<\/div>\n\t\t<\/div>\n\t\t\t\t\t<\/div>\n\t\t<\/section>\n\t\t\t\t<\/div>\n\t\t","protected":false},"excerpt":{"rendered":"<p>O planejamento estrat\u00e9gico da UFSM \u00e9 direcionado pelo seu Plano de Desenvolvimento Institucional \u2013 PDI (2016-2026) e \u00e9 composto pela Vis\u00e3o institucional e 7 Desafios institucionais, que representam o compromisso da institui\u00e7\u00e3o com os pilares universit\u00e1rios e da gest\u00e3o e a representa\u00e7\u00e3o de \u00e1rea de relev\u00e2ncia social, como a internacionaliza\u00e7\u00e3o, a inclus\u00e3o social e a [&hellip;]<\/p>\n","protected":false},"author":6328,"featured_media":0,"parent":0,"menu_order":0,"comment_status":"closed","ping_status":"closed","template":"","meta":{"footnotes":""},"categories":[],"tags":[186,312],"class_list":["post-7079","page","type-page","status-publish","hentry","tag-pdi","tag-plano-de-metas"],"acf":[],"_links":{"self":[{"href":"https:\/\/www.ufsm.br\/pro-reitorias\/proplan\/wp-json\/wp\/v2\/pages\/7079","targetHints":{"allow":["GET"]}}],"collection":[{"href":"https:\/\/www.ufsm.br\/pro-reitorias\/proplan\/wp-json\/wp\/v2\/pages"}],"about":[{"href":"https:\/\/www.ufsm.br\/pro-reitorias\/proplan\/wp-json\/wp\/v2\/types\/page"}],"author":[{"embeddable":true,"href":"https:\/\/www.ufsm.br\/pro-reitorias\/proplan\/wp-json\/wp\/v2\/users\/6328"}],"replies":[{"embeddable":true,"href":"https:\/\/www.ufsm.br\/pro-reitorias\/proplan\/wp-json\/wp\/v2\/comments?post=7079"}],"version-history":[{"count":0,"href":"https:\/\/www.ufsm.br\/pro-reitorias\/proplan\/wp-json\/wp\/v2\/pages\/7079\/revisions"}],"wp:attachment":[{"href":"https:\/\/www.ufsm.br\/pro-reitorias\/proplan\/wp-json\/wp\/v2\/media?parent=7079"}],"wp:term":[{"taxonomy":"category","embeddable":true,"href":"https:\/\/www.ufsm.br\/pro-reitorias\/proplan\/wp-json\/wp\/v2\/categories?post=7079"},{"taxonomy":"post_tag","embeddable":true,"href":"https:\/\/www.ufsm.br\/pro-reitorias\/proplan\/wp-json\/wp\/v2\/tags?post=7079"}],"curies":[{"name":"wp","href":"https:\/\/api.w.org\/{rel}","templated":true}]}}