{"id":7185,"date":"2026-01-20T16:05:31","date_gmt":"2026-01-20T19:05:31","guid":{"rendered":"https:\/\/www.ufsm.br\/pro-reitorias\/proplan\/?page_id=7185"},"modified":"2026-01-20T16:06:03","modified_gmt":"2026-01-20T19:06:03","slug":"objetivos","status":"publish","type":"page","link":"https:\/\/www.ufsm.br\/pro-reitorias\/proplan\/coproc\/objetivos","title":{"rendered":"Objetivos"},"content":{"rendered":"\t\t<div data-elementor-type=\"wp-page\" data-elementor-id=\"7185\" class=\"elementor elementor-7185\">\n\t\t\t\t\t\t<section class=\"elementor-section elementor-top-section elementor-element elementor-element-a2d3f98 elementor-section-boxed elementor-section-height-default elementor-section-height-default\" data-id=\"a2d3f98\" data-element_type=\"section\">\n\t\t\t\t\t\t<div class=\"elementor-container elementor-column-gap-default\">\n\t\t\t\t\t<div class=\"elementor-column elementor-col-100 elementor-top-column elementor-element elementor-element-693fab5\" data-id=\"693fab5\" data-element_type=\"column\">\n\t\t\t<div class=\"elementor-widget-wrap elementor-element-populated\">\n\t\t\t\t\t\t<div class=\"elementor-element elementor-element-2449575 elementor-widget elementor-widget-text-editor\" data-id=\"2449575\" data-element_type=\"widget\" data-widget_type=\"text-editor.default\">\n\t\t\t\t<div class=\"elementor-widget-container\">\n\t\t\t\t\t\t\t<p>A Coordenadoria de Projetos e Conv\u00eanios (COPROC) tem como objetivo estabelecer rela\u00e7\u00f5es com a sociedade, por meio de intera\u00e7\u00f5es com o p\u00fablico interno e externo, tais como : coordenadores de projetos, concedentes de recursos, \u00f3rg\u00e3os de controle, funda\u00e7\u00f5es de apoio, entre outros, a fim de atuar na elabora\u00e7\u00e3o, acompanhamento, tramita\u00e7\u00e3o, guarda e publica\u00e7\u00e3o de Conv\u00eanios, Acordos e Protocolos realizados entre a UFSM em parceria com institui\u00e7\u00f5es nacionais e internacionais. A COPROC ainda \u00e9 respons\u00e1vel pela gest\u00e3o do Portal de Projetos e pelo apoio \u00e0s Subdivis\u00f5es de Projetos das unidades acad\u00eamicas da UFSM.\u00a0 \u00a0<\/p>\t\t\t\t\t\t<\/div>\n\t\t\t\t<\/div>\n\t\t\t\t\t<\/div>\n\t\t<\/div>\n\t\t\t\t\t<\/div>\n\t\t<\/section>\n\t\t\t\t<\/div>\n\t\t","protected":false},"excerpt":{"rendered":"<p>A Coordenadoria de Projetos e Conv\u00eanios (COPROC) tem como objetivo estabelecer rela\u00e7\u00f5es com a sociedade, por meio de intera\u00e7\u00f5es com o p\u00fablico interno e externo, tais como : coordenadores de projetos, concedentes de recursos, \u00f3rg\u00e3os de controle, funda\u00e7\u00f5es de apoio, entre outros, a fim de atuar na elabora\u00e7\u00e3o, acompanhamento, tramita\u00e7\u00e3o, guarda e publica\u00e7\u00e3o de Conv\u00eanios, [&hellip;]<\/p>\n","protected":false},"author":7289,"featured_media":0,"parent":1042,"menu_order":0,"comment_status":"closed","ping_status":"closed","template":"","meta":{"footnotes":""},"categories":[],"tags":[],"class_list":["post-7185","page","type-page","status-publish","hentry"],"acf":[],"_links":{"self":[{"href":"https:\/\/www.ufsm.br\/pro-reitorias\/proplan\/wp-json\/wp\/v2\/pages\/7185","targetHints":{"allow":["GET"]}}],"collection":[{"href":"https:\/\/www.ufsm.br\/pro-reitorias\/proplan\/wp-json\/wp\/v2\/pages"}],"about":[{"href":"https:\/\/www.ufsm.br\/pro-reitorias\/proplan\/wp-json\/wp\/v2\/types\/page"}],"author":[{"embeddable":true,"href":"https:\/\/www.ufsm.br\/pro-reitorias\/proplan\/wp-json\/wp\/v2\/users\/7289"}],"replies":[{"embeddable":true,"href":"https:\/\/www.ufsm.br\/pro-reitorias\/proplan\/wp-json\/wp\/v2\/comments?post=7185"}],"version-history":[{"count":0,"href":"https:\/\/www.ufsm.br\/pro-reitorias\/proplan\/wp-json\/wp\/v2\/pages\/7185\/revisions"}],"up":[{"embeddable":true,"href":"https:\/\/www.ufsm.br\/pro-reitorias\/proplan\/wp-json\/wp\/v2\/pages\/1042"}],"wp:attachment":[{"href":"https:\/\/www.ufsm.br\/pro-reitorias\/proplan\/wp-json\/wp\/v2\/media?parent=7185"}],"wp:term":[{"taxonomy":"category","embeddable":true,"href":"https:\/\/www.ufsm.br\/pro-reitorias\/proplan\/wp-json\/wp\/v2\/categories?post=7185"},{"taxonomy":"post_tag","embeddable":true,"href":"https:\/\/www.ufsm.br\/pro-reitorias\/proplan\/wp-json\/wp\/v2\/tags?post=7185"}],"curies":[{"name":"wp","href":"https:\/\/api.w.org\/{rel}","templated":true}]}}