{"id":2603,"date":"2025-07-14T14:39:32","date_gmt":"2025-07-14T17:39:32","guid":{"rendered":"https:\/\/www.ufsm.br\/pro-reitorias\/prpgp\/jai\/?page_id=2603"},"modified":"2025-11-03T07:51:31","modified_gmt":"2025-11-03T10:51:31","slug":"intersummit","status":"publish","type":"page","link":"https:\/\/www.ufsm.br\/pro-reitorias\/prpgp\/jai\/intersummit","title":{"rendered":"InteRSummit"},"content":{"rendered":"\t\t<div data-elementor-type=\"wp-page\" data-elementor-id=\"2603\" class=\"elementor elementor-2603\">\n\t\t\t\t\t\t<section class=\"elementor-section elementor-top-section elementor-element elementor-element-3f28fb5 elementor-section-boxed elementor-section-height-default elementor-section-height-default\" data-id=\"3f28fb5\" data-element_type=\"section\">\n\t\t\t\t\t\t<div class=\"elementor-container elementor-column-gap-default\">\n\t\t\t\t\t<div class=\"elementor-column elementor-col-100 elementor-top-column elementor-element elementor-element-c8bc003\" data-id=\"c8bc003\" data-element_type=\"column\">\n\t\t\t<div class=\"elementor-widget-wrap elementor-element-populated\">\n\t\t\t\t\t\t<div class=\"elementor-element elementor-element-bbe095d elementor-widget elementor-widget-image\" data-id=\"bbe095d\" data-element_type=\"widget\" data-widget_type=\"image.default\">\n\t\t\t\t<div class=\"elementor-widget-container\">\n\t\t\t\t\t\t\t\t\t\t\t\t\t<img fetchpriority=\"high\" decoding=\"async\" width=\"1500\" height=\"400\" src=\"https:\/\/www.ufsm.br\/app\/uploads\/sites\/681\/2025\/09\/banner-intersummit.jpg\" class=\"attachment-2048x2048 size-2048x2048 wp-image-2632\" alt=\"\" srcset=\"https:\/\/www.ufsm.br\/app\/uploads\/sites\/681\/2025\/09\/banner-intersummit.jpg 1500w, https:\/\/www.ufsm.br\/app\/uploads\/sites\/681\/2025\/09\/banner-intersummit-300x80.jpg 300w, https:\/\/www.ufsm.br\/app\/uploads\/sites\/681\/2025\/09\/banner-intersummit-1024x273.jpg 1024w, https:\/\/www.ufsm.br\/app\/uploads\/sites\/681\/2025\/09\/banner-intersummit-768x205.jpg 768w\" sizes=\"(max-width: 1500px) 100vw, 1500px\" \/>\t\t\t\t\t\t\t\t\t\t\t\t\t<\/div>\n\t\t\t\t<\/div>\n\t\t\t\t\t<\/div>\n\t\t<\/div>\n\t\t\t\t\t<\/div>\n\t\t<\/section>\n\t\t\t\t<section class=\"elementor-section elementor-top-section elementor-element elementor-element-f32f9ec elementor-section-boxed elementor-section-height-default elementor-section-height-default\" data-id=\"f32f9ec\" data-element_type=\"section\">\n\t\t\t\t\t\t<div class=\"elementor-container elementor-column-gap-default\">\n\t\t\t\t\t<div class=\"elementor-column elementor-col-100 elementor-top-column elementor-element elementor-element-e70ba08\" data-id=\"e70ba08\" data-element_type=\"column\">\n\t\t\t<div class=\"elementor-widget-wrap elementor-element-populated\">\n\t\t\t\t\t\t<div class=\"elementor-element elementor-element-b083d2c elementor-widget elementor-widget-heading\" data-id=\"b083d2c\" data-element_type=\"widget\" data-widget_type=\"heading.default\">\n\t\t\t\t<div class=\"elementor-widget-container\">\n\t\t\t<h5 class=\"elementor-heading-title elementor-size-default\">InteRSummit<\/h5>\t\t<\/div>\n\t\t\t\t<\/div>\n\t\t\t\t<div class=\"elementor-element elementor-element-b27a8c3 elementor-widget elementor-widget-text-editor\" data-id=\"b27a8c3\" data-element_type=\"widget\" data-widget_type=\"text-editor.default\">\n\t\t\t\t<div class=\"elementor-widget-container\">\n\t\t\t\t\t\t\t<p><span style=\"font-family: arial, helvetica, sans-serif\">O Internationalization Research Summit (InteRSummit) \u00e9 um evento que visa articular, dar visibilidade e institucionalizar \u00e0s a\u00e7\u00f5es em prol da internacionaliza\u00e7\u00e3o em casa realizadas na Universidade Federal de Santa Maria (UFSM).<br \/><\/span><span style=\"font-family: arial, helvetica, sans-serif\">Dentre essas a\u00e7\u00f5es est\u00e3o: (i) o Simp\u00f3sio de Interc\u00e2mbio Acad\u00eamico (SIA); (ii) o English as a Medium of Instruction (EMI) Group Consulting; e (iii) a previs\u00e3o institucional e a ado\u00e7\u00e3o do Collaborative Online International Learning (COIL).<br \/><\/span><span style=\"font-family: arial, helvetica, sans-serif\">O InteRSummit se prop\u00f5e a explicitar para a comunidade a conex\u00e3o entre essas iniciativas de internacionaliza\u00e7\u00e3o em casa promovidas na UFSM e que se inserem no espectro das discuss\u00f5es sobre linguagens, educa\u00e7\u00e3o e multilinguismo.<\/span><\/p>\t\t\t\t\t\t<\/div>\n\t\t\t\t<\/div>\n\t\t\t\t\t<\/div>\n\t\t<\/div>\n\t\t\t\t\t<\/div>\n\t\t<\/section>\n\t\t\t\t<section class=\"elementor-section elementor-top-section elementor-element elementor-element-e3bd2b5 elementor-section-boxed elementor-section-height-default elementor-section-height-default\" data-id=\"e3bd2b5\" data-element_type=\"section\">\n\t\t\t\t\t\t<div class=\"elementor-container elementor-column-gap-default\">\n\t\t\t\t\t<div class=\"elementor-column elementor-col-100 elementor-top-column elementor-element elementor-element-5a8b128\" data-id=\"5a8b128\" data-element_type=\"column\">\n\t\t\t<div class=\"elementor-widget-wrap elementor-element-populated\">\n\t\t\t\t\t\t<div class=\"elementor-element elementor-element-a38a8ec elementor-widget elementor-widget-heading\" data-id=\"a38a8ec\" data-element_type=\"widget\" data-widget_type=\"heading.default\">\n\t\t\t\t<div class=\"elementor-widget-container\">\n\t\t\t<h5 class=\"elementor-heading-title elementor-size-default\">1\u00ba InteRSummit (Edi\u00e7\u00e3o 2025)<\/h5>\t\t<\/div>\n\t\t\t\t<\/div>\n\t\t\t\t<div class=\"elementor-element elementor-element-32d5a62 elementor-widget elementor-widget-text-editor\" data-id=\"32d5a62\" data-element_type=\"widget\" data-widget_type=\"text-editor.default\">\n\t\t\t\t<div class=\"elementor-widget-container\">\n\t\t\t\t\t\t\t<p><span style=\"font-family: arial, helvetica, sans-serif\">O InteRSummit 2025 ser\u00e1 composto por tr\u00eas frentes de atua\u00e7\u00e3o:<br \/><\/span><span style=\"font-family: arial, helvetica, sans-serif\"><strong><br \/>(a)<\/strong> o SIA (apresenta\u00e7\u00f5es em ingl\u00eas como l\u00edngua adicional, via Symposium of Academic Exchange, e em portugu\u00eas como l\u00edngua adicional, via Pesquisadores\/as sem Fronteiras);<\/span><br \/><span style=\"font-family: arial, helvetica, sans-serif\"><strong>(b)<\/strong> as InteRSummit Talks (palestras);<\/span><br \/><span style=\"font-family: arial, helvetica, sans-serif\"><strong>(c)<\/strong> os InteRSummit Workshops (oficinas)<\/span><\/p><p><span style=\"font-family: arial, helvetica, sans-serif\">As InteRSummit Talks e os Workshops ser\u00e3o concentrados em tr\u00eas eixos tem\u00e1ticos: (i) Pol\u00edticas Lingu\u00edsticas para a internacionaliza\u00e7\u00e3o universit\u00e1ria; (ii) Pedagogias bil\u00edngues\/transl\u00edngues e internacionaliza\u00e7\u00e3o da educa\u00e7\u00e3o; e (iii) EMI e forma\u00e7\u00e3o de professores para o contexto de internacionaliza\u00e7\u00e3o.<br \/><\/span><span style=\"font-family: arial, helvetica, sans-serif\">As informa\u00e7\u00f5es complementares sobre as atividades durante a 40\u00aa JAI estar\u00e3o dispon\u00edveis no site:<strong><span style=\"color: #ff0000\"> AGUARDE.<\/span><\/strong><\/span><\/p><p><span style=\"font-family: arial, helvetica, sans-serif\">D\u00favidas dever\u00e3o ser encaminhadas para o e-mail<a href=\"mailto:labler@ufsm.br\"> labler@ufsm.br<\/a>, com o Assunto &#8220;InteRSummit 2025&#8221;.<\/span><\/p>\t\t\t\t\t\t<\/div>\n\t\t\t\t<\/div>\n\t\t\t\t\t<\/div>\n\t\t<\/div>\n\t\t\t\t\t<\/div>\n\t\t<\/section>\n\t\t\t\t<section class=\"elementor-section elementor-top-section elementor-element elementor-element-6c3ba77 elementor-section-boxed elementor-section-height-default elementor-section-height-default\" data-id=\"6c3ba77\" data-element_type=\"section\">\n\t\t\t\t\t\t<div class=\"elementor-container elementor-column-gap-default\">\n\t\t\t\t\t<div class=\"elementor-column elementor-col-100 elementor-top-column elementor-element elementor-element-82f2479\" data-id=\"82f2479\" data-element_type=\"column\">\n\t\t\t<div class=\"elementor-widget-wrap elementor-element-populated\">\n\t\t\t\t\t\t<div class=\"elementor-element elementor-element-1828f7e elementor-widget elementor-widget-heading\" data-id=\"1828f7e\" data-element_type=\"widget\" data-widget_type=\"heading.default\">\n\t\t\t\t<div class=\"elementor-widget-container\">\n\t\t\t<h5 class=\"elementor-heading-title elementor-size-default\">Datas importantes<\/h5>\t\t<\/div>\n\t\t\t\t<\/div>\n\t\t\t\t<div class=\"elementor-element elementor-element-6bf2e7e elementor-widget elementor-widget-text-editor\" data-id=\"6bf2e7e\" data-element_type=\"widget\" data-widget_type=\"text-editor.default\">\n\t\t\t\t<div class=\"elementor-widget-container\">\n\t\t\t\t\t\t\t<ul style=\"color: #222222;font-family: Arial, Helvetica, sans-serif;font-size: small;margin-bottom: 0px\"><li dir=\"ltr\" style=\"margin-left: 15px;list-style-type: disc;font-family: Arial, sans-serif;color: #000000;background-color: transparent;vertical-align: baseline\"><p dir=\"ltr\" style=\"line-height: 1.38;text-align: justify;margin-top: 12pt;margin-bottom: 0pt\" role=\"presentation\"><span style=\"font-family: Montserrat, sans-serif;background-color: transparent;font-weight: bold;vertical-align: baseline\">Submiss\u00e3o de trabalhos ao SIA (SAE e PsF): <\/span><span style=\"font-family: Montserrat, sans-serif;background-color: transparent;vertical-align: baseline\">setembro<\/span><\/p><\/li><li dir=\"ltr\" style=\"margin-left: 15px;list-style-type: disc;font-family: Arial, sans-serif;color: #000000;background-color: transparent;vertical-align: baseline\"><p dir=\"ltr\" style=\"line-height: 1.38;text-align: justify;margin-top: 0pt;margin-bottom: 0pt\" role=\"presentation\"><span style=\"font-family: Montserrat, sans-serif;background-color: transparent;font-weight: bold;vertical-align: baseline\">Realiza\u00e7\u00e3o do InteRSummit (Talks e Workshops):<\/span><span style=\"font-family: Montserrat, sans-serif;background-color: transparent;vertical-align: baseline\"> de 4 a 6 de novembro, durante a Jornada Acad\u00eamica Integrada (JAI) da UFSM.\u00a0<\/span><\/p><\/li><li dir=\"ltr\" style=\"margin-left: 15px;list-style-type: disc;font-family: Montserrat, sans-serif;color: #000000;background-color: transparent;font-weight: bold;vertical-align: baseline\"><p dir=\"ltr\" style=\"line-height: 1.38;text-align: justify;margin-top: 0pt;margin-bottom: 0pt\" role=\"presentation\"><span style=\"background-color: transparent;vertical-align: baseline\">Apresenta\u00e7\u00f5es PsF: <\/span><span style=\"background-color: transparent;font-weight: 400;vertical-align: baseline\">5 de novembro.\u00a0<\/span><\/p><\/li><li dir=\"ltr\" style=\"margin-left: 15px;list-style-type: disc;font-family: Montserrat, sans-serif;color: #000000;background-color: transparent;font-weight: bold;vertical-align: baseline\"><p dir=\"ltr\" style=\"line-height: 1.38;text-align: justify;margin-top: 0pt;margin-bottom: 0pt\" role=\"presentation\"><span style=\"background-color: transparent;vertical-align: baseline\">Apresenta\u00e7\u00f5es SAE: <\/span><span style=\"background-color: transparent;font-weight: 400;vertical-align: baseline\">de 24 a 26 de novembro.\u00a0<\/span><\/p><\/li><\/ul><div style=\"color: #222222;font-family: Arial, Helvetica, sans-serif;font-size: small;text-align: justify\"><p dir=\"ltr\" style=\"line-height: 1.8;text-indent: 36pt;margin-top: 12pt;margin-bottom: 12pt\"><span style=\"font-family: Montserrat, sans-serif;color: #000000;background-color: transparent;vertical-align: baseline\">Cada subevento do InteRSummit possui procedimentos pr\u00f3prios de inscri\u00e7\u00e3o, que devem ser consultados nos seguintes links:<\/span><\/p><p dir=\"ltr\" style=\"line-height: 1.38;margin-top: 12pt;margin-bottom: 12pt\"><span style=\"font-family: Montserrat, sans-serif;color: #000000;background-color: transparent;vertical-align: baseline\">SAE:\u00a0<\/span><a style=\"color: #1155cc\" href=\"https:\/\/www.ufsm.br\/laboratorios\/labler\/editais\/007-2025\" target=\"_blank\" rel=\"noopener\" data-saferedirecturl=\"https:\/\/www.google.com\/url?q=https:\/\/www.ufsm.br\/laboratorios\/labler\/editais\/007-2025&amp;source=gmail&amp;ust=1762253268892000&amp;usg=AOvVaw3hSEdDSJX0fUoCl8R3OqNX\">ufsm.br\/laboratorios\/labler\/editais\/007-2025<\/a><span style=\"font-family: Montserrat, sans-serif;color: #000000;background-color: transparent;vertical-align: baseline\">\u00a0<\/span><\/p><span style=\"font-family: Montserrat, sans-serif;color: #000000;background-color: transparent;vertical-align: baseline\">PsF:\u00a0<\/span><a style=\"color: #1155cc\" href=\"https:\/\/www.ufsm.br\/projetos\/ensino\/isf\/eventos\/pesquisadoressemfronteiras\" target=\"_blank\" rel=\"noopener\" data-saferedirecturl=\"https:\/\/www.google.com\/url?q=https:\/\/www.ufsm.br\/projetos\/ensino\/isf\/eventos\/pesquisadoressemfronteiras&amp;source=gmail&amp;ust=1762253268892000&amp;usg=AOvVaw2vbsZs2voaXktBSEwIeoRh\">ufsm.br\/projetos\/ensino\/isf\/eventos\/pesquisadoressemfronteiras<\/a><span style=\"font-size: 12pt;font-family: Montserrat, sans-serif;color: #000000;background-color: transparent;vertical-align: baseline\">\u00a0<\/span>\u00a0\u00a0<\/div>\t\t\t\t\t\t<\/div>\n\t\t\t\t<\/div>\n\t\t\t\t\t<\/div>\n\t\t<\/div>\n\t\t\t\t\t<\/div>\n\t\t<\/section>\n\t\t\t\t<section class=\"elementor-section elementor-top-section elementor-element elementor-element-7f5f707 elementor-section-boxed elementor-section-height-default elementor-section-height-default\" data-id=\"7f5f707\" data-element_type=\"section\">\n\t\t\t\t\t\t<div class=\"elementor-container elementor-column-gap-default\">\n\t\t\t\t\t<div class=\"elementor-column elementor-col-100 elementor-top-column elementor-element elementor-element-f4baaf9\" data-id=\"f4baaf9\" data-element_type=\"column\">\n\t\t\t<div class=\"elementor-widget-wrap elementor-element-populated\">\n\t\t\t\t\t\t<div class=\"elementor-element elementor-element-a813c84 elementor-widget elementor-widget-heading\" data-id=\"a813c84\" data-element_type=\"widget\" data-widget_type=\"heading.default\">\n\t\t\t\t<div class=\"elementor-widget-container\">\n\t\t\t<h5 class=\"elementor-heading-title elementor-size-default\">P\u00b4rograma\u00e7\u00e3o<\/h5>\t\t<\/div>\n\t\t\t\t<\/div>\n\t\t\t\t<div class=\"elementor-element elementor-element-e391e77 elementor-widget elementor-widget-text-editor\" data-id=\"e391e77\" data-element_type=\"widget\" data-widget_type=\"text-editor.default\">\n\t\t\t\t<div class=\"elementor-widget-container\">\n\t\t\t\t\t\t\t<p><a href=\"https:\/\/www.ufsm.br\/app\/uploads\/sites\/681\/2025\/11\/Programacao-InteRSummit-2025-1.pdf\">Clique aqui para baixar a programa\u00e7\u00e3o do evento!<\/a><\/p>\t\t\t\t\t\t<\/div>\n\t\t\t\t<\/div>\n\t\t\t\t\t<\/div>\n\t\t<\/div>\n\t\t\t\t\t<\/div>\n\t\t<\/section>\n\t\t\t\t<\/div>\n\t\t","protected":false},"excerpt":{"rendered":"<p>InteRSummit O Internationalization Research Summit (InteRSummit) \u00e9 um evento que visa articular, dar visibilidade e institucionalizar \u00e0s a\u00e7\u00f5es em prol da internacionaliza\u00e7\u00e3o em casa realizadas na Universidade Federal de Santa Maria (UFSM).Dentre essas a\u00e7\u00f5es est\u00e3o: (i) o Simp\u00f3sio de Interc\u00e2mbio Acad\u00eamico (SIA); (ii) o English as a Medium of Instruction (EMI) Group Consulting; e (iii) [&hellip;]<\/p>\n","protected":false},"author":8259,"featured_media":0,"parent":0,"menu_order":0,"comment_status":"closed","ping_status":"closed","template":"","meta":{"footnotes":""},"categories":[],"tags":[],"class_list":["post-2603","page","type-page","status-publish","hentry"],"acf":[],"_links":{"self":[{"href":"https:\/\/www.ufsm.br\/pro-reitorias\/prpgp\/jai\/wp-json\/wp\/v2\/pages\/2603","targetHints":{"allow":["GET"]}}],"collection":[{"href":"https:\/\/www.ufsm.br\/pro-reitorias\/prpgp\/jai\/wp-json\/wp\/v2\/pages"}],"about":[{"href":"https:\/\/www.ufsm.br\/pro-reitorias\/prpgp\/jai\/wp-json\/wp\/v2\/types\/page"}],"author":[{"embeddable":true,"href":"https:\/\/www.ufsm.br\/pro-reitorias\/prpgp\/jai\/wp-json\/wp\/v2\/users\/8259"}],"replies":[{"embeddable":true,"href":"https:\/\/www.ufsm.br\/pro-reitorias\/prpgp\/jai\/wp-json\/wp\/v2\/comments?post=2603"}],"version-history":[{"count":0,"href":"https:\/\/www.ufsm.br\/pro-reitorias\/prpgp\/jai\/wp-json\/wp\/v2\/pages\/2603\/revisions"}],"wp:attachment":[{"href":"https:\/\/www.ufsm.br\/pro-reitorias\/prpgp\/jai\/wp-json\/wp\/v2\/media?parent=2603"}],"wp:term":[{"taxonomy":"category","embeddable":true,"href":"https:\/\/www.ufsm.br\/pro-reitorias\/prpgp\/jai\/wp-json\/wp\/v2\/categories?post=2603"},{"taxonomy":"post_tag","embeddable":true,"href":"https:\/\/www.ufsm.br\/pro-reitorias\/prpgp\/jai\/wp-json\/wp\/v2\/tags?post=2603"}],"curies":[{"name":"wp","href":"https:\/\/api.w.org\/{rel}","templated":true}]}}