{"id":469,"date":"2019-06-28T17:52:03","date_gmt":"2019-06-28T20:52:03","guid":{"rendered":"https:\/\/www.ufsm.br\/pro-reitorias\/prpgp\/jai\/?page_id=469"},"modified":"2019-06-28T17:52:06","modified_gmt":"2019-06-28T20:52:06","slug":"dila-dialogos-latino-americanos","status":"publish","type":"page","link":"https:\/\/www.ufsm.br\/pro-reitorias\/prpgp\/jai\/dila-dialogos-latino-americanos","title":{"rendered":"DILA : DI\u00c1LOGOS LATINO-AMERICANOS"},"content":{"rendered":"\n<p>Com o tema central \u201cEntre o Norte e o Sul Sociais: Di\u00e1logos Am\u00e9rica Latina e Europa\u201d, a UFSM promove, no dia 24 de outubro, a primeira edi\u00e7\u00e3o do Di\u00e1logos Latino-Americanos (Dila). Aberto \u00e0 toda comunidade, o evento promover\u00e1 duas mesas-redondas que abordar\u00e3o temas como sustentabilidade, democracia, meio ambiente e desenvolvimento (ver programa\u00e7\u00e3o abaixo).<\/p>\n\n\n\n<p>O objetivo do evento \u00e9 oportunizar \u00e0 comunidade acad\u00eamica e santa-mariense um espa\u00e7o onde possam ser abordadas tem\u00e1ticas interdisciplinares inseridas no contexto latino-americano. Para tanto, o evento contar\u00e1 com a participa\u00e7\u00e3o de professores e pesquisadores de diversas \u00e1reas e nacionalidades. \u201cNossa inten\u00e7\u00e3o \u00e9 promover uma aproxima\u00e7\u00e3o e o di\u00e1logo entre atores latino-americanos e europeus, estimulando o debate sobre quest\u00f5es importantes para o desenvolvimento sustent\u00e1vel e estrat\u00e9gico da Am\u00e9rica Latina, levando em considera\u00e7\u00e3o a aten\u00e7\u00e3o ao meio ambiente e os avan\u00e7os tecnol\u00f3gicos\u201d.<\/p>\n\n\n\n<p>FAN-PAGE DO EVENTO:&nbsp;<\/p>\n\n\n\n<figure class=\"wp-block-embed\"><div class=\"wp-block-embed__wrapper\">\nhttps:\/\/www.facebook.com\/events\/1459003487540038\/\n<\/div><\/figure>\n\n\n\n<figure class=\"wp-block-image\"><img decoding=\"async\" src=\"http:\/\/w3.ufsm.br\/jai\/2017\/images\/eflyer.png\" alt=\"eflyer\" \/><\/figure>\n","protected":false},"excerpt":{"rendered":"<p>Com o tema central \u201cEntre o Norte e o Sul Sociais: Di\u00e1logos Am\u00e9rica Latina e Europa\u201d, a UFSM promove, no dia 24 de outubro, a primeira edi\u00e7\u00e3o do Di\u00e1logos Latino-Americanos (Dila). Aberto \u00e0 toda comunidade, o evento promover\u00e1 duas mesas-redondas que abordar\u00e3o temas como sustentabilidade, democracia, meio ambiente e desenvolvimento (ver programa\u00e7\u00e3o abaixo). O objetivo [&hellip;]<\/p>\n","protected":false},"author":723,"featured_media":0,"parent":0,"menu_order":0,"comment_status":"closed","ping_status":"closed","template":"","meta":{"footnotes":""},"categories":[],"tags":[],"class_list":["post-469","page","type-page","status-publish","hentry"],"acf":[],"_links":{"self":[{"href":"https:\/\/www.ufsm.br\/pro-reitorias\/prpgp\/jai\/wp-json\/wp\/v2\/pages\/469","targetHints":{"allow":["GET"]}}],"collection":[{"href":"https:\/\/www.ufsm.br\/pro-reitorias\/prpgp\/jai\/wp-json\/wp\/v2\/pages"}],"about":[{"href":"https:\/\/www.ufsm.br\/pro-reitorias\/prpgp\/jai\/wp-json\/wp\/v2\/types\/page"}],"author":[{"embeddable":true,"href":"https:\/\/www.ufsm.br\/pro-reitorias\/prpgp\/jai\/wp-json\/wp\/v2\/users\/723"}],"replies":[{"embeddable":true,"href":"https:\/\/www.ufsm.br\/pro-reitorias\/prpgp\/jai\/wp-json\/wp\/v2\/comments?post=469"}],"version-history":[{"count":0,"href":"https:\/\/www.ufsm.br\/pro-reitorias\/prpgp\/jai\/wp-json\/wp\/v2\/pages\/469\/revisions"}],"wp:attachment":[{"href":"https:\/\/www.ufsm.br\/pro-reitorias\/prpgp\/jai\/wp-json\/wp\/v2\/media?parent=469"}],"wp:term":[{"taxonomy":"category","embeddable":true,"href":"https:\/\/www.ufsm.br\/pro-reitorias\/prpgp\/jai\/wp-json\/wp\/v2\/categories?post=469"},{"taxonomy":"post_tag","embeddable":true,"href":"https:\/\/www.ufsm.br\/pro-reitorias\/prpgp\/jai\/wp-json\/wp\/v2\/tags?post=469"}],"curies":[{"name":"wp","href":"https:\/\/api.w.org\/{rel}","templated":true}]}}