{"id":658,"date":"2019-07-05T15:59:35","date_gmt":"2019-07-05T18:59:35","guid":{"rendered":"https:\/\/www.ufsm.br\/pro-reitorias\/prpgp\/jai\/?page_id=658"},"modified":"2019-07-05T16:14:45","modified_gmt":"2019-07-05T19:14:45","slug":"direito-marxismo-e-meio-ambiente","status":"publish","type":"page","link":"https:\/\/www.ufsm.br\/pro-reitorias\/prpgp\/jai\/direito-marxismo-e-meio-ambiente","title":{"rendered":"DIREITO, MARXISMO E MEIO AMBIENTE"},"content":{"rendered":"\t\t<div data-elementor-type=\"wp-post\" data-elementor-id=\"658\" class=\"elementor elementor-658\">\n\t\t\t\t\t\t<section class=\"elementor-section elementor-top-section elementor-element elementor-element-3602351e elementor-section-boxed elementor-section-height-default elementor-section-height-default\" data-id=\"3602351e\" data-element_type=\"section\">\n\t\t\t\t\t\t<div class=\"elementor-container elementor-column-gap-default\">\n\t\t\t\t\t<div class=\"elementor-column elementor-col-100 elementor-top-column elementor-element elementor-element-63a1e3d5\" data-id=\"63a1e3d5\" data-element_type=\"column\">\n\t\t\t<div class=\"elementor-widget-wrap elementor-element-populated\">\n\t\t\t\t\t\t<div class=\"elementor-element elementor-element-75cfd01b elementor-widget elementor-widget-text-editor\" data-id=\"75cfd01b\" data-element_type=\"widget\" data-widget_type=\"text-editor.default\">\n\t\t\t\t<div class=\"elementor-widget-container\">\n\t\t\t\t\t\t\t<!-- wp:paragraph -->\n<p><strong>I ENCONTRO REGIONAL E MESA REDONDA DE DIREITO, MARXISMO E MEIO AMBIENTE: Di\u00e1logos em tempos de crise jur\u00eddico-politica e socioambiental.<\/strong><\/p>\n<!-- \/wp:paragraph --><!-- wp:paragraph -->\n<p>Local: Antiga Reitoria &#8211; UFSM, Rua Marechal Floriano Peixoto, n\u00ba 1184.<\/p>\n<!-- \/wp:paragraph -->\n<table class=\"table table-sm\">\n<tbody>\n<tr>\n<th>21.10.16 (SEXTA-FEIRA)<\/th>\n<th>22.10.16 (S\u00c1BADO)<\/th>\n<\/tr>\n<tr>\n<td>8h30 \u00e0s 9h: Credenciamento<\/td>\n<td>8h30 \u00e0s 11h: Palestra Prof. Dr. Alysson Leandro Mascaro<\/td>\n<\/tr>\n<tr>\n<td>9h \u00e0s 10h15: Palestra Prof. Dr. Matheus Felipe de Castro<\/td>\n<td>Tema: Direito em Tempo de Estado de Exce\u00e7\u00e3o<\/td>\n<\/tr>\n<tr>\n<td>Tema: Marxismo e Direitos Humanos<\/td>\n<td>Local: Cesma<\/td>\n<\/tr>\n<tr>\n<td>Local: Audit\u00f3ria da Antiga Reitoria &#8211; UFSM<\/td>\n<td>\u00a0<\/td>\n<\/tr>\n<tr>\n<td>10h15 \u00e0s 10h35: Intervalo<\/td>\n<td>\u00a0<\/td>\n<\/tr>\n<tr>\n<td>10h35 \u00e0s 11h50: Palestra Prof. Dr. S\u00e9rgio Augustin<\/td>\n<td>\u00a0<\/td>\n<\/tr>\n<tr>\n<td>Tema: Marxismo e Meio Ambiente<\/td>\n<td>\u00a0<\/td>\n<\/tr>\n<tr>\n<td>Local: Audit\u00f3rio da Antiga Reitoria &#8211; UFSM<\/td>\n<td>\u00a0<\/td>\n<\/tr>\n<\/tbody>\n<\/table>\t\t\t\t\t\t<\/div>\n\t\t\t\t<\/div>\n\t\t\t\t\t<\/div>\n\t\t<\/div>\n\t\t\t\t\t<\/div>\n\t\t<\/section>\n\t\t\t\t<\/div>\n\t\t","protected":false},"excerpt":{"rendered":"<p>I ENCONTRO REGIONAL E MESA REDONDA DE DIREITO, MARXISMO E MEIO AMBIENTE: Di\u00e1logos em tempos de crise jur\u00eddico-politica e socioambiental. Local: Antiga Reitoria &#8211; UFSM, Rua Marechal Floriano Peixoto, n\u00ba 1184. 21.10.16 (SEXTA-FEIRA) 22.10.16 (S\u00c1BADO) 8h30 \u00e0s 9h: Credenciamento 8h30 \u00e0s 11h: Palestra Prof. Dr. Alysson Leandro Mascaro 9h \u00e0s 10h15: Palestra Prof. Dr. Matheus [&hellip;]<\/p>\n","protected":false},"author":723,"featured_media":0,"parent":0,"menu_order":0,"comment_status":"closed","ping_status":"closed","template":"","meta":{"footnotes":""},"categories":[],"tags":[],"class_list":["post-658","page","type-page","status-publish","hentry"],"acf":[],"_links":{"self":[{"href":"https:\/\/www.ufsm.br\/pro-reitorias\/prpgp\/jai\/wp-json\/wp\/v2\/pages\/658","targetHints":{"allow":["GET"]}}],"collection":[{"href":"https:\/\/www.ufsm.br\/pro-reitorias\/prpgp\/jai\/wp-json\/wp\/v2\/pages"}],"about":[{"href":"https:\/\/www.ufsm.br\/pro-reitorias\/prpgp\/jai\/wp-json\/wp\/v2\/types\/page"}],"author":[{"embeddable":true,"href":"https:\/\/www.ufsm.br\/pro-reitorias\/prpgp\/jai\/wp-json\/wp\/v2\/users\/723"}],"replies":[{"embeddable":true,"href":"https:\/\/www.ufsm.br\/pro-reitorias\/prpgp\/jai\/wp-json\/wp\/v2\/comments?post=658"}],"version-history":[{"count":0,"href":"https:\/\/www.ufsm.br\/pro-reitorias\/prpgp\/jai\/wp-json\/wp\/v2\/pages\/658\/revisions"}],"wp:attachment":[{"href":"https:\/\/www.ufsm.br\/pro-reitorias\/prpgp\/jai\/wp-json\/wp\/v2\/media?parent=658"}],"wp:term":[{"taxonomy":"category","embeddable":true,"href":"https:\/\/www.ufsm.br\/pro-reitorias\/prpgp\/jai\/wp-json\/wp\/v2\/categories?post=658"},{"taxonomy":"post_tag","embeddable":true,"href":"https:\/\/www.ufsm.br\/pro-reitorias\/prpgp\/jai\/wp-json\/wp\/v2\/tags?post=658"}],"curies":[{"name":"wp","href":"https:\/\/api.w.org\/{rel}","templated":true}]}}

<div data-elementor-type="wp-post" data-elementor-id="658" class="elementor elementor-658">
						<section class="elementor-section elementor-top-section elementor-element elementor-element-3602351e elementor-section-boxed elementor-section-height-default elementor-section-height-default" data-id="3602351e" data-element_type="section">
						<div class="elementor-container elementor-column-gap-default">
					<div class="elementor-column elementor-col-100 elementor-top-column elementor-element elementor-element-63a1e3d5" data-id="63a1e3d5" data-element_type="column">
			<div class="elementor-widget-wrap elementor-element-populated">
						<div class="elementor-element elementor-element-75cfd01b elementor-widget elementor-widget-text-editor" data-id="75cfd01b" data-element_type="widget" data-widget_type="text-editor.default">
				<div class="elementor-widget-container">
							<!-- wp:paragraph -->
<p><strong>I ENCONTRO REGIONAL E MESA REDONDA DE DIREITO, MARXISMO E MEIO AMBIENTE: Diálogos em tempos de crise jurídico-politica e socioambiental.</strong></p>
<!-- /wp:paragraph --><!-- wp:paragraph -->
<p>Local: Antiga Reitoria &#8211; UFSM, Rua Marechal Floriano Peixoto, nº 1184.</p>
<!-- /wp:paragraph -->
<table class="table table-sm">
<tbody>
<tr>
<th>21.10.16 (SEXTA-FEIRA)</th>
<th>22.10.16 (SÁBADO)</th>
</tr>
<tr>
<td>8h30 às 9h: Credenciamento</td>
<td>8h30 às 11h: Palestra Prof. Dr. Alysson Leandro Mascaro</td>
</tr>
<tr>
<td>9h às 10h15: Palestra Prof. Dr. Matheus Felipe de Castro</td>
<td>Tema: Direito em Tempo de Estado de Exceção</td>
</tr>
<tr>
<td>Tema: Marxismo e Direitos Humanos</td>
<td>Local: Cesma</td>
</tr>
<tr>
<td>Local: Auditória da Antiga Reitoria &#8211; UFSM</td>
<td> </td>
</tr>
<tr>
<td>10h15 às 10h35: Intervalo</td>
<td> </td>
</tr>
<tr>
<td>10h35 às 11h50: Palestra Prof. Dr. Sérgio Augustin</td>
<td> </td>
</tr>
<tr>
<td>Tema: Marxismo e Meio Ambiente</td>
<td> </td>
</tr>
<tr>
<td>Local: Auditório da Antiga Reitoria &#8211; UFSM</td>
<td> </td>
</tr>
</tbody>
</table>						</div>
				</div>
					</div>
		</div>
					</div>
		</section>
				</div>

<p>I ENCONTRO REGIONAL E MESA REDONDA DE DIREITO, MARXISMO E MEIO AMBIENTE: Diálogos em tempos de crise jurídico-politica e socioambiental. Local: Antiga Reitoria &#8211; UFSM, Rua Marechal Floriano Peixoto, nº 1184. 21.10.16 (SEXTA-FEIRA) 22.10.16 (SÁBADO) 8h30 às 9h: Credenciamento 8h30 às 11h: Palestra Prof. Dr. Alysson Leandro Mascaro 9h às 10h15: Palestra Prof. Dr. Matheus [&hellip;]</p>
