{"id":41,"date":"2020-03-11T10:56:47","date_gmt":"2020-03-11T13:56:47","guid":{"rendered":"https:\/\/www.ufsm.br\/pro-reitorias\/prpgp\/teslle\/?page_id=41"},"modified":"2025-09-24T14:41:13","modified_gmt":"2025-09-24T17:41:13","slug":"perguntas-frequentes","status":"publish","type":"page","link":"https:\/\/www.ufsm.br\/pro-reitorias\/prpgp\/teslle\/perguntas-frequentes","title":{"rendered":"Perguntas frequentes"},"content":{"rendered":"\t\t<div data-elementor-type=\"wp-page\" data-elementor-id=\"41\" class=\"elementor elementor-41\">\n\t\t\t\t\t\t<section class=\"elementor-section elementor-top-section elementor-element elementor-element-4e3bf39 elementor-section-boxed elementor-section-height-default elementor-section-height-default\" data-id=\"4e3bf39\" data-element_type=\"section\">\n\t\t\t\t\t\t<div class=\"elementor-container elementor-column-gap-default\">\n\t\t\t\t\t<div class=\"elementor-column elementor-col-100 elementor-top-column elementor-element elementor-element-4b5015c4\" data-id=\"4b5015c4\" data-element_type=\"column\">\n\t\t\t<div class=\"elementor-widget-wrap elementor-element-populated\">\n\t\t\t\t\t\t<div class=\"elementor-element elementor-element-38dd28af elementor-widget elementor-widget-text-editor\" data-id=\"38dd28af\" data-element_type=\"widget\" data-widget_type=\"text-editor.default\">\n\t\t\t\t<div class=\"elementor-widget-container\">\n\t\t\t\t\t\t\t<div><p><strong>Qual \u00e9 a finalidade e quem aplica?<\/strong><\/p><p>O teste de sufici\u00eancia afere a habilidade de leitura em l\u00ednguas estrangeiras. A aplica\u00e7\u00e3o \u00e9 de compet\u00eancia do Departamento de Letras Estrangeiras Modernas (DLTE) do Centro de Artes e Letras, conforme define a Resolu\u00e7\u00e3o 003\/10 da UFSM.<\/p><p><strong>Quem deve realiz\u00e1-lo e por qu\u00ea?<\/strong><\/p><p><span style=\"font-size: 16px;font-weight: var( --e-global-typography-text-font-weight );text-align: var(--bs-body-text-align)\">O p\u00fablico-alvo do TESLLE s\u00e3o:<\/span><\/p><ul style=\"font-size: 16px\"><li><span style=\"font-size: 16px;font-weight: var( --e-global-typography-text-font-weight );text-align: var(--bs-body-text-align)\">estudantes de curso de p\u00f3s-gradua\u00e7\u00e3o da UFSM (doutorado, mestrado ou especializa\u00e7\u00e3o);<\/span><\/li><li>estudantes na categoria Aluno Especial de p\u00f3s-gradua\u00e7\u00e3o da UFSM;<\/li><li>servidoras(es) t\u00e9cnico-administrativas(os) ou docentes da UFSM;<\/li><li>prov\u00e1veis formandas(os) de gradua\u00e7\u00e3o da UFSM;<\/li><li>estudantes de gradua\u00e7\u00e3o do curso de Rela\u00e7\u00f5es Internacionais da UFSM.<\/li><\/ul><p>\u00a0\u00c9 obrigat\u00f3rio para estudantes de p\u00f3s-gradua\u00e7\u00e3o. De acordo com o\u00a0REGULAMENTO GERAL DA P\u00d3S-GRADUA\u00c7\u00c3O STRICTO SENSU DA UFSM, em seu Artigo<span style=\"font-size: 1rem;font-weight: var( --e-global-typography-text-font-weight );text-align: var(--bs-body-text-align)\">. 66,\u00a0 &#8220;Os(As) discentes de p\u00f3s-gradua\u00e7\u00e3o em n\u00edvel de mestrado e doutorado dever\u00e3o comprovar sufici\u00eancia em uma l\u00edngua estrangeira, observando a Resolu\u00e7\u00e3o UFSM n\u00b0003\/2010 ou outra que a substitua.&#8221;<\/span><\/p><p><strong>Como fa\u00e7o a inscri\u00e7\u00e3o?<\/strong><\/p><p>A inscri\u00e7\u00e3o \u00e9 feita, exclusivamente, via Portal do Aluno, Portal Docente ou Portal RH durante o per\u00edodo divulgado no edital.<\/p><p><strong>Estudantes de outras institui\u00e7\u00f5es podem fazer o teste de sufici\u00eancia da UFSM?<\/strong><\/p><p>Sim. A partir de 2025, o TESLLE passa a ser ofertado a estudantes de outras institui\u00e7\u00f5es de ensino. Nesse caso, a inscri\u00e7\u00e3o \u00e9 feita via portal de inscri\u00e7\u00f5es em concursos da UFSM.<\/p><p><strong>Quais as l\u00ednguas estrangeiras oferecidas?<\/strong><\/p><p>Ingl\u00eas, espanhol, alem\u00e3o, franc\u00eas e portugu\u00eas para estrangeiros.<\/p><p><strong>Quais os documentos que preciso levar no dia do teste?<\/strong><\/p><p>A candidata ou o candidato deve comparecer ao local do teste portando\u00a0<strong>documento de identidade com foto\u00a0<\/strong>(ver edital corrente). Quem n\u00e3o apresentar documento v\u00e1lido n\u00e3o poder\u00e1 realizar o teste.<\/p><p><strong>Qual o intervalo de tempo que tenho para realizar o teste e que material posso levar?<\/strong><\/p><p>O teste tem dura\u00e7\u00e3o de duas horas. Durante a realiza\u00e7\u00e3o, a candidata ou o candidato poder\u00e1 utilizar somente um (1) dicion\u00e1rio impresso, n\u00e3o sendo permitidos empr\u00e9stimos. A folha-resposta deve ser preenchida em\u00a0<strong>caneta esferogr\u00e1fica de tinta preta fabricada em material transparente\u00a0<\/strong>e \u00e9 de responsabilidade da pessoa levar.<\/p><p><strong>Quando \u00e9 ofertado na UFSM?<\/strong><\/p><p>Duas vezes por ano, uma em cada semestre. \u00a0<\/p><p style=\"color: #000000;font-size: 16px\"><span style=\"font-weight: bolder\">Qual \u00e9 a validade do teste?<\/span><\/p><p style=\"color: #000000;font-size: 16px\">O teste \u00e9 v\u00e1lido por cinco (5) anos, a partir da data de divulga\u00e7\u00e3o dos resultados.\u00a0<\/p><p><strong>Qual \u00e9 a estrutura e o programa do teste?<\/strong><\/p><p><span style=\"font-size: 1rem;font-weight: var( --e-global-typography-text-font-weight );text-align: var(--bs-body-text-align)\">A) TEXTO: (Fragmentos de) publica\u00e7\u00f5es de cunho cient\u00edfico e acad\u00eamico\u00a0<\/span><\/p><p><span style=\"font-size: 1rem;font-weight: var( --e-global-typography-text-font-weight );text-align: var(--bs-body-text-align)\">B) TEMA: \u00danico, contemplando \u00e1reas de conhecimento b\u00e1sico (por exemplo, epistemologia do<br \/>conhecimento, metodologia da pesquisa e trabalho de \u201cCorpus\u201d)\u00a0<\/span><\/p><p><span style=\"font-size: 1rem;font-weight: var( --e-global-typography-text-font-weight );text-align: var(--bs-body-text-align)\">C) QUEST\u00d5ES: 16 quest\u00f5es objetivas com 05 alternativas\u00a0<\/span><\/p><p><span style=\"font-size: 1rem;font-weight: var( --e-global-typography-text-font-weight );text-align: var(--bs-body-text-align)\">D) PROGRAMA<br \/>1. Compreens\u00e3o das ideias veiculadas pelo autor:<br \/>1.1 Ideia global;<br \/>1.2 Reconhecimento das ideias principais e secund\u00e1rias e articula\u00e7\u00e3o entre elas.<br \/>2. Organiza\u00e7\u00e3o das ideias<br \/>2.1. Operadores argumentativos (na gram\u00e1tica da l\u00edngua, conhecidos por conjun\u00e7\u00f5es,<br \/>pronomes, adv\u00e9rbios)<br \/>2.2. Elementos de coes\u00e3o e coer\u00eancia, isto \u00e9, os elementos gramaticais respons\u00e1veis pela<br \/>unidade das ideias do texto.<br \/>2.3. Elementos lingu\u00edsticos utilizados pelo(a) autor(a) do texto para veicular fun\u00e7\u00f5es da<br \/>linguagem (por exemplo, negar, explicar, exemplificar)<br \/>3. A estrutura do discurso cient\u00edfico<br \/>3.1. Reconhecimento das posi\u00e7\u00f5es assumidas pelo autor e\/ou outros pesquisadores no<br \/>texto<br \/>3.2. Reconhecimento de suas partes como: conclus\u00e3o, relato de dados, metodologia, linha<br \/>de pesquisa<br \/>4. Conhecimento lingu\u00edstico gramatical<br \/>4.1. Reconhecimento e utiliza\u00e7\u00e3o de formas gramaticais associadas \u00e0 veicula\u00e7\u00e3o das ideias<br \/>no texto.<\/span><\/p><p><strong>Quando e onde acontece a divulga\u00e7\u00e3o do resultado do teste?<\/strong><\/p><p>A divulga\u00e7\u00e3o do gabarito \u00e9 realizada\u00a0 conforme cronograma previsto em edital, no site espec\u00edfico do edital corrente.\u00a0<\/p><p>A publica\u00e7\u00e3o dos resultados nos portais da universidade tamb\u00e9m tem previs\u00e3o no edital.<\/p><p><strong>Como fa\u00e7o para conseguir isen\u00e7\u00e3o na inscri\u00e7\u00e3o da prova?<\/strong><\/p><p>As candidatas e os candidatos brasileiros que desejarem solicitar isen\u00e7\u00e3o da taxa de inscri\u00e7\u00e3o devem estar inscritos no Cadastro \u00danico para Programas Sociais do Governo Federal (Cad\u00danico), de acordo com o Decreto N. 6.593, de 02 de outubro de 2008, e serem membras(os) de fam\u00edlia de baixa renda, conforme Decreto n. 6.135, de 26 de junho de 2007. A isen\u00e7\u00e3o da taxa de inscri\u00e7\u00e3o ser\u00e1 concedida pelo Departamento do Cadastro \u00danico, do Minist\u00e9rio do Desenvolvimento Social e Combate \u00e0 Fome, mediante as informa\u00e7\u00f5es prestadas e nos prazos previstos no edital.<\/p><p><strong>Como posso obter o comprovante de realiza\u00e7\u00e3o do teste?<\/strong><\/p><p>O registro do n\u00edvel alcan\u00e7ado no teste \u00e9 inclu\u00eddo, dentro dos prazos previstos nos editais, no hist\u00f3rico das pessoas que forem alunas regulares da p\u00f3s-gradua\u00e7\u00e3o da UFSM.\u00a0<span style=\"font-size: small;font-weight: var( --e-global-typography-text-font-weight );text-align: var(--bs-body-text-align);color: #222222\"><span style=\"text-align: justify;color: #1c1c1c\">A inser\u00e7\u00e3o do resultado no hist\u00f3rico escolar n\u00e3o requer homologa\u00e7\u00e3o pelo colegiado e o lan\u00e7amento do resultado do\u00a0<\/span>TESLLE<span style=\"text-align: justify;color: #1c1c1c\">\u00a0no hist\u00f3rico dos discentes da PG \u00e9 feito pelo\u00a0<\/span><\/span><span style=\"font-family: Arial, Helvetica, sans-serif;font-size: small;font-weight: var( --e-global-typography-text-font-weight );text-align: var(--bs-body-text-align);color: #222222\">\u00a0<\/span><span style=\"font-size: small;font-weight: var( --e-global-typography-text-font-weight );text-align: var(--bs-body-text-align);color: #1c1c1c\">N\u00daCLEO DE CONTROLE ACAD\u00caMICO DA P\u00d3S-GRADUA\u00c7\u00c3O (NCAPG\/PRPGP)<\/span><span style=\"font-family: Arial, Helvetica, sans-serif;font-size: small;font-weight: var( --e-global-typography-text-font-weight );text-align: var(--bs-body-text-align);color: #222222\">\u00a0<\/span><span style=\"font-size: small;font-weight: var( --e-global-typography-text-font-weight );text-align: var(--bs-body-text-align);color: #222222\"><span style=\"text-align: justify;color: #1c1c1c\">ap\u00f3s a divulga\u00e7\u00e3o do resultado final (conforme cronograma do Edital) e registrado no sistema,<\/span><\/span><span style=\"font-size: small;font-weight: var( --e-global-typography-text-font-weight );text-align: var(--bs-body-text-align);color: #222222\"><span style=\"text-align: justify;color: #1c1c1c\">\u00a0D\u00favidas sobre esse processo podem ser sanadas via\u00a0<\/span><\/span><span style=\"font-size: small;font-weight: var( --e-global-typography-text-font-weight );text-align: var(--bs-body-text-align);color: #1c1c1c\"><a style=\"color: #1155cc\" href=\"mailto:academico.prpgp@ufsm.br\" target=\"_blank\" rel=\"noopener\">academico.prpgp@ufsm.br<\/a><\/span><span style=\"font-size: small;font-weight: var( --e-global-typography-text-font-weight );text-align: var(--bs-body-text-align);color: #1c1c1c\">.\u00a0<\/span><span style=\"color: #000000;font-size: 1rem;font-weight: var( --e-global-typography-text-font-weight );text-align: var(--bs-body-text-align)\">Os demais estudantes prov\u00e1veis formandos, estudantes especiais de p\u00f3s-gradua\u00e7\u00e3o e servidores dever\u00e3o solicitar junto ao DERCA,\u00a0<\/span><span style=\"color: #000000;font-size: 16px;font-weight: var( --e-global-typography-text-font-weight );text-align: var(--bs-body-text-align)\">com anteced\u00eancia,<\/span><span style=\"color: #000000;font-size: 16px;font-weight: var( --e-global-typography-text-font-weight );text-align: var(--bs-body-text-align)\">\u00a0<\/span><span style=\"color: #000000;font-size: 1rem;font-weight: var( --e-global-typography-text-font-weight );text-align: var(--bs-body-text-align)\">um\u00a0<\/span><strong style=\"color: #000000;font-size: 1rem;text-align: var(--bs-body-text-align)\">atestado<\/strong><span style=\"color: #000000;font-size: 1rem;font-weight: var( --e-global-typography-text-font-weight );text-align: var(--bs-body-text-align)\">\u00a0de realiza\u00e7\u00e3o do Teste de Sufici\u00eancia, no qual constar\u00e1 o seu aproveitamento.<\/span><\/p><p><strong>Posso solicitar a revalida\u00e7\u00e3o da nota do TOEFL como teste de sufici\u00eancia?<\/strong><\/p><p>Sim. Para obter a equival\u00eancia, o ou a requerente ter\u00e1 que ter nota igual ou superior a 41 pontos na se\u00e7\u00e3o \u201cReading comprehension\u201d do TOEFL. Deve-se redigir um requerimento assinado com o cart\u00e3o de resultado do TOEFL em anexo e encaminhar para seu programa de p\u00f3s-gradua\u00e7\u00e3o.<\/p><p><b>Qual a pontua\u00e7\u00e3o necess\u00e1ria no TESLLE?<\/b><\/p><div><span style=\"color: #000000;font-size: 16px;font-weight: var( --e-global-typography-text-font-weight );text-align: var(--bs-body-text-align)\">O TESLLE n\u00e3o \u00e9 respons\u00e1vel pela aprova\u00e7\u00e3o ou reprova\u00e7\u00e3o das candidatas e dos candidatos: ele \u00e9 um teste de nivelamento, indicativo do n\u00edvel de sufici\u00eancia em leitura das pessoas candidatas. Conforme a\u00a0<\/span><a style=\"font-size: 16px;font-weight: var( --e-global-typography-text-font-weight );text-align: var(--bs-body-text-align);color: #204c90\" href=\"https:\/\/www.ufsm.br\/pro-reitorias\/proplan\/resolucao-n-003-2010\">Resolu\u00e7\u00e3o N. 003\/2010<\/a><span style=\"color: #000000;font-size: 16px;font-weight: var( --e-global-typography-text-font-weight );text-align: var(--bs-body-text-align)\">, o aceite e\/ou revalida\u00e7\u00e3o de testes de Profici\u00eancia\/Sufici\u00eancia em l\u00edngua estrangeira \u00e9 responsabilidade dos Programas de P\u00f3s-Gradua\u00e7\u00e3o da UFSM.\u00a0\u00a0<\/span><\/div><div>O teste \u00e9 composto de 16 quest\u00f5es objetivas. O n\u00famero de acertos denota o n\u00edvel de leitura de textos acad\u00eamicos em l\u00edngua estrangeira que equivalem aos conceitos definidos pelo Regimento Geral da P\u00f3s-gradua\u00e7\u00e3o da UFSM, na se\u00e7\u00e3o IV, art. 60&#8243;.<\/div><div><span style=\"font-weight: bolder;text-align: var(--bs-body-text-align)\">\u00a0<\/span><\/div><div><span style=\"font-weight: bolder;text-align: var(--bs-body-text-align)\">Preciso do resultado no TESLLE para solicitar a minha defesa. Quando sai o resultado?\u00a0<\/span><\/div><div><p style=\"color: #000000;font-size: 16px\">Comprovar capacidade de ler e fichar bibliografia cient\u00edfica em l\u00edngua estrangeira \u00e9 essencial para quem vai iniciar uma p\u00f3s-gradua\u00e7\u00e3o. Por isso, recomendamos que as candidatas e os candidatos realizem o teste no \u00faltimo semestre da gradua\u00e7\u00e3o ou no\u00a0 in\u00edcio de seu curso de mestrado ou doutorado. Isso contribui para a qualidade da pesquisa e garante tempo h\u00e1bil para cumprimento dos prazos do seu respectivo programa de p\u00f3s-gradua\u00e7\u00e3o. O TESLLE \u00e9 ofertado duas vezes ao ano, em geral ao final dos semestres. \u00c9 responsabilidade das candidatas e candidatos se preparar para e providenciar a comprova\u00e7\u00e3o de sufici\u00eancia\/profici\u00eancia com anteced\u00eancia.<\/p><p><span style=\"color: #000000\"><b>O que a Resolu\u00e7\u00e3o n\u00ba 003\/10\u00a0na UFSM diz sobre testes v\u00e1lidos de profici\u00eancia\/sufici\u00eancia?<\/b><\/span><\/p><div dir=\"auto\">De acordo com a Resolu\u00e7\u00e3o UFSM n\u00ba 003\/10, testes de Profici\u00eancia\/Sufici\u00eancia em l\u00edngua estrangeira podem ser revalidados\/aproveitados quando forem:<\/div><div dir=\"auto\">&#8211; reconhecidos pela CAPES;<\/div><div dir=\"auto\">&#8211; emitidos por institui\u00e7\u00f5es com programas de p\u00f3s-gradua\u00e7\u00e3o reconhecidos pela CAPES;<\/div><div dir=\"auto\">&#8211; emitidos pelo MEC, no caso do CELPE-BRAS.\u00a0<\/div><div dir=\"auto\">\u00a0<\/div><div dir=\"auto\">No momento, os testes reconhecidos pela CAPES para l\u00edngua estrangeira s\u00e3o:<\/div><div dir=\"auto\"><span style=\"color: #000000;font-size: 1rem;font-weight: var( --e-global-typography-text-font-weight );text-align: var(--bs-body-text-align)\"><a href=\"https:\/\/www.gov.br\/capes\/pt-br\/centrais-de-conteudo\/editais\/06112023_Edital_2256807_Anexo_IV__Proficiencia_2023_2024__1_.pdf\">https:\/\/www.gov.br\/capes\/pt-br\/centrais-de-conteudo\/editais\/06112023_Edital_2256807_Anexo_IV__Proficiencia_2023_2024__1_.pdf<\/a><br \/><\/span><\/div><div dir=\"auto\"><span style=\"color: #000000;font-size: 1rem;font-weight: var( --e-global-typography-text-font-weight );text-align: var(--bs-body-text-align)\">\u00a0<\/span><\/div><div dir=\"auto\">Al\u00e9m disso, a CAPES orienta que a valida\u00e7\u00e3o dos testes acima realizados de forma on-line\/remota seja condicionada \u00e0 confirma\u00e7\u00e3o pelas institui\u00e7\u00f5es certificadoras (listadas acima) de que o teste realizado remotamente equivale ao presencial sem qualquer preju\u00edzo para a qualidade do exame.\u00a0<\/div><div style=\"font-family: rawline, sans-serif;color: #000000;font-size: 16px;font-style: normal;font-weight: 400;letter-spacing: normal;text-align: start;text-indent: 0px;text-transform: none;background-color: #ffffff\">\u00a0<\/div><div style=\"font-family: rawline, sans-serif;color: #000000;font-size: 16px;font-style: normal;letter-spacing: normal;text-align: start;text-indent: 0px;text-transform: none;background-color: #ffffff\"><span style=\"color: #000000;font-size: 16px;text-align: var(--bs-body-text-align)\"><b>Como posso me preparar para o TESLLE?<\/b><\/span><\/div><div style=\"font-family: rawline, sans-serif;color: #000000;font-size: 16px;font-style: normal;letter-spacing: normal;text-align: start;text-indent: 0px;text-transform: none;background-color: #ffffff\"><span style=\"font-weight: var( --e-global-typography-text-font-weight );color: #000000;font-size: 16px;text-align: var(--bs-body-text-align)\">A universidade oferece cursos espec\u00edficos de\u00a0<\/span><span style=\"font-weight: var( --e-global-typography-text-font-weight );color: #000000;font-size: 16px;text-align: var(--bs-body-text-align)\">prepara\u00e7\u00e3o para o TESLLE. Sugerimos tamb\u00e9m \u00e0s candidatas e aos candidatos ao TESLLE a ficarem atentos \u00e0 disponibilidade dessas forma\u00e7\u00f5es, as quais tamb\u00e9m s\u00e3o divulgadas em nossa p\u00e1gina principal, na \u00e1rea de not\u00edcias. Outros cursos de l\u00ednguas estrangeiras s\u00e3o oferecidos nos cursos de Letras, pelos laborat\u00f3rios do Departamento de L\u00ednguas Estrangeiras e pelo Idiomas sem Fronteiras e sempre divulgados nas principais redes da UFSM.<\/span><\/div><\/div><\/div><p><!-- \/wp:tadv\/classic-paragraph --><\/p>\t\t\t\t\t\t<\/div>\n\t\t\t\t<\/div>\n\t\t\t\t\t<\/div>\n\t\t<\/div>\n\t\t\t\t\t<\/div>\n\t\t<\/section>\n\t\t\t\t<section class=\"elementor-section elementor-top-section elementor-element elementor-element-5a52b43 elementor-section-boxed elementor-section-height-default elementor-section-height-default\" data-id=\"5a52b43\" data-element_type=\"section\">\n\t\t\t\t\t\t<div class=\"elementor-container elementor-column-gap-default\">\n\t\t\t\t\t<div class=\"elementor-column elementor-col-100 elementor-top-column elementor-element elementor-element-cd752e5\" data-id=\"cd752e5\" data-element_type=\"column\">\n\t\t\t<div class=\"elementor-widget-wrap elementor-element-populated\">\n\t\t\t\t\t\t<div class=\"elementor-element elementor-element-4ed9beb elementor-widget elementor-widget-text-editor\" data-id=\"4ed9beb\" data-element_type=\"widget\" data-widget_type=\"text-editor.default\">\n\t\t\t\t<div class=\"elementor-widget-container\">\n\t\t\t\t\t\t\t<p>Toda pergunta sobre o Teslle pela comunidade acad\u00eamica, cuja resposta n\u00e3o estiver dispon\u00edvel no site, pode ser encaminhada para <a href=\"_wp_link_placeholder\" data-wplink-edit=\"true\">teslle@ufsm.br<\/a>.&nbsp;<\/p>\t\t\t\t\t\t<\/div>\n\t\t\t\t<\/div>\n\t\t\t\t\t<\/div>\n\t\t<\/div>\n\t\t\t\t\t<\/div>\n\t\t<\/section>\n\t\t\t\t<section class=\"elementor-section elementor-top-section elementor-element elementor-element-8fe2d9f elementor-section-content-middle elementor-section-boxed elementor-section-height-default elementor-section-height-default\" data-id=\"8fe2d9f\" data-element_type=\"section\">\n\t\t\t\t\t\t<div class=\"elementor-container elementor-column-gap-default\">\n\t\t\t\t\t<div class=\"elementor-column elementor-col-100 elementor-top-column elementor-element elementor-element-f17df2b\" data-id=\"f17df2b\" data-element_type=\"column\">\n\t\t\t<div class=\"elementor-widget-wrap elementor-element-populated\">\n\t\t\t\t\t\t<div class=\"elementor-element elementor-element-a98c598 elementor-button-info elementor-widget elementor-widget-button\" data-id=\"a98c598\" data-element_type=\"widget\" data-widget_type=\"button.default\">\n\t\t\t\t<div class=\"elementor-widget-container\">\n\t\t\t\t\t\t\t<div class=\"elementor-button-wrapper\">\n\t\t\t\t\t<a class=\"elementor-button elementor-button-link elementor-size-sm\" href=\"https:\/\/www.ufsm.br\/pro-reitorias\/prpgp\/teslle\/exemplares-de-testes\">\n\t\t\t\t\t\t<span class=\"elementor-button-content-wrapper\">\n\t\t\t\t\t\t<span class=\"elementor-button-icon\">\n\t\t\t\t<i aria-hidden=\"true\" class=\"far fa-eye\"><\/i>\t\t\t<\/span>\n\t\t\t\t\t\t\t\t\t<span class=\"elementor-button-text\">Veja exemplares dos testes aqui<\/span>\n\t\t\t\t\t<\/span>\n\t\t\t\t\t<\/a>\n\t\t\t\t<\/div>\n\t\t\t\t\t\t<\/div>\n\t\t\t\t<\/div>\n\t\t\t\t\t<\/div>\n\t\t<\/div>\n\t\t\t\t\t<\/div>\n\t\t<\/section>\n\t\t\t\t<\/div>\n\t\t","protected":false},"excerpt":{"rendered":"<p>Qual \u00e9 a finalidade e quem aplica? O teste de sufici\u00eancia afere a habilidade de leitura em l\u00ednguas estrangeiras. A aplica\u00e7\u00e3o \u00e9 de compet\u00eancia do Departamento de Letras Estrangeiras Modernas (DLTE) do Centro de Artes e Letras, conforme define a Resolu\u00e7\u00e3o 003\/10 da UFSM. Quem deve realiz\u00e1-lo e por qu\u00ea? O p\u00fablico-alvo do TESLLE s\u00e3o: [&hellip;]<\/p>\n","protected":false},"author":2223,"featured_media":0,"parent":0,"menu_order":0,"comment_status":"closed","ping_status":"closed","template":"","meta":{"footnotes":""},"categories":[],"tags":[],"class_list":["post-41","page","type-page","status-publish","hentry"],"acf":[],"_links":{"self":[{"href":"https:\/\/www.ufsm.br\/pro-reitorias\/prpgp\/teslle\/wp-json\/wp\/v2\/pages\/41","targetHints":{"allow":["GET"]}}],"collection":[{"href":"https:\/\/www.ufsm.br\/pro-reitorias\/prpgp\/teslle\/wp-json\/wp\/v2\/pages"}],"about":[{"href":"https:\/\/www.ufsm.br\/pro-reitorias\/prpgp\/teslle\/wp-json\/wp\/v2\/types\/page"}],"author":[{"embeddable":true,"href":"https:\/\/www.ufsm.br\/pro-reitorias\/prpgp\/teslle\/wp-json\/wp\/v2\/users\/2223"}],"replies":[{"embeddable":true,"href":"https:\/\/www.ufsm.br\/pro-reitorias\/prpgp\/teslle\/wp-json\/wp\/v2\/comments?post=41"}],"version-history":[{"count":0,"href":"https:\/\/www.ufsm.br\/pro-reitorias\/prpgp\/teslle\/wp-json\/wp\/v2\/pages\/41\/revisions"}],"wp:attachment":[{"href":"https:\/\/www.ufsm.br\/pro-reitorias\/prpgp\/teslle\/wp-json\/wp\/v2\/media?parent=41"}],"wp:term":[{"taxonomy":"category","embeddable":true,"href":"https:\/\/www.ufsm.br\/pro-reitorias\/prpgp\/teslle\/wp-json\/wp\/v2\/categories?post=41"},{"taxonomy":"post_tag","embeddable":true,"href":"https:\/\/www.ufsm.br\/pro-reitorias\/prpgp\/teslle\/wp-json\/wp\/v2\/tags?post=41"}],"curies":[{"name":"wp","href":"https:\/\/api.w.org\/{rel}","templated":true}]}}