{"id":10153,"date":"2020-09-08T22:14:32","date_gmt":"2020-09-09T01:14:32","guid":{"rendered":"https:\/\/www.ufsm.br\/pro-reitorias\/prpgp\/?page_id=10153"},"modified":"2020-09-08T22:28:13","modified_gmt":"2020-09-09T01:28:13","slug":"divulgacao-da-relacao-dos-candidatos-classificados-no-edital-extraordinario-027-2020-prpgp-ufsm","status":"publish","type":"page","link":"https:\/\/www.ufsm.br\/pro-reitorias\/prpgp\/divulgacao-da-relacao-dos-candidatos-classificados-no-edital-extraordinario-027-2020-prpgp-ufsm","title":{"rendered":"Divulga\u00e7\u00e3o da Rela\u00e7\u00e3o dos Candidatos Classificados no Edital Extraordin\u00e1rio 027\/2020\/PRPGP\/UFSM"},"content":{"rendered":"\n<p style=\"text-align: justify\">As Coordena\u00e7\u00f5es dos Programas de P\u00f3s-Gradua\u00e7\u00e3o e a Pr\u00f3-Reitoria de P\u00f3s-Gradua\u00e7\u00e3o e Pesquisa informam que foi feita a publica\u00e7\u00e3o da rela\u00e7\u00e3o dos candidatos classificados no Edital Extraordin\u00e1rio n\u00ba 027\/2020, de 31 de julho de 2020, referente ao Processo Seletivo de P\u00f3s-Gradua\u00e7\u00e3o.<\/p>\n<p style=\"text-align: justify\">O candidato que desejar contestar o resultado final desta sele\u00e7\u00e3o pode interpor recurso administrativo at\u00e9 o dia 10 de setembro de 2020, diretamente ao e-mail informado no Edital Espec\u00edfico do curso.<\/p>\n<p style=\"text-align: justify\">A divulga\u00e7\u00e3o da rela\u00e7\u00e3o final dos candidatos classificados de todos os cursos ser\u00e1 realizada no dia 18 de setembro de 2020.<\/p>\n<p style=\"text-align: justify\">Maiores informa\u00e7\u00f5es constam no Edital, junto com a rela\u00e7\u00e3o dos candidatos classificados, publicado no site <a href=\"https:\/\/www.ufsm.br\/pro-reitorias\/prpgp\/editais\/027-2020\/\">https:\/\/www.ufsm.br\/pro-reitorias\/prpgp\/editais\/027-2020\/<\/a><\/p>\n","protected":false},"excerpt":{"rendered":"<p>As Coordena\u00e7\u00f5es dos Programas de P\u00f3s-Gradua\u00e7\u00e3o e a Pr\u00f3-Reitoria de P\u00f3s-Gradua\u00e7\u00e3o e Pesquisa informam que foi feita a publica\u00e7\u00e3o da rela\u00e7\u00e3o dos candidatos classificados no Edital Extraordin\u00e1rio n\u00ba 027\/2020, de 31 de julho de 2020, referente ao Processo Seletivo de P\u00f3s-Gradua\u00e7\u00e3o. O candidato que desejar contestar o resultado final desta sele\u00e7\u00e3o pode interpor recurso administrativo [&hellip;]<\/p>\n","protected":false},"author":200,"featured_media":0,"parent":0,"menu_order":0,"comment_status":"closed","ping_status":"closed","template":"","meta":{"footnotes":""},"categories":[150],"tags":[204,208,219,220,206],"class_list":["post-10153","page","type-page","status-publish","hentry","category-noticias-destaques1","tag-edital","tag-pos-graduacao","tag-processo-seletivo","tag-prpgp","tag-selecao"],"acf":[],"_links":{"self":[{"href":"https:\/\/www.ufsm.br\/pro-reitorias\/prpgp\/wp-json\/wp\/v2\/pages\/10153","targetHints":{"allow":["GET"]}}],"collection":[{"href":"https:\/\/www.ufsm.br\/pro-reitorias\/prpgp\/wp-json\/wp\/v2\/pages"}],"about":[{"href":"https:\/\/www.ufsm.br\/pro-reitorias\/prpgp\/wp-json\/wp\/v2\/types\/page"}],"author":[{"embeddable":true,"href":"https:\/\/www.ufsm.br\/pro-reitorias\/prpgp\/wp-json\/wp\/v2\/users\/200"}],"replies":[{"embeddable":true,"href":"https:\/\/www.ufsm.br\/pro-reitorias\/prpgp\/wp-json\/wp\/v2\/comments?post=10153"}],"version-history":[{"count":0,"href":"https:\/\/www.ufsm.br\/pro-reitorias\/prpgp\/wp-json\/wp\/v2\/pages\/10153\/revisions"}],"wp:attachment":[{"href":"https:\/\/www.ufsm.br\/pro-reitorias\/prpgp\/wp-json\/wp\/v2\/media?parent=10153"}],"wp:term":[{"taxonomy":"category","embeddable":true,"href":"https:\/\/www.ufsm.br\/pro-reitorias\/prpgp\/wp-json\/wp\/v2\/categories?post=10153"},{"taxonomy":"post_tag","embeddable":true,"href":"https:\/\/www.ufsm.br\/pro-reitorias\/prpgp\/wp-json\/wp\/v2\/tags?post=10153"}],"curies":[{"name":"wp","href":"https:\/\/api.w.org\/{rel}","templated":true}]}}