{"id":10870,"date":"2021-06-14T16:54:59","date_gmt":"2021-06-14T19:54:59","guid":{"rendered":"https:\/\/www.ufsm.br\/pro-reitorias\/prpgp\/?page_id=10870"},"modified":"2026-02-12T10:49:53","modified_gmt":"2026-02-12T13:49:53","slug":"calendario-scba","status":"publish","type":"page","link":"https:\/\/www.ufsm.br\/pro-reitorias\/prpgp\/bolsas\/calendario-scba","title":{"rendered":"Calend\u00e1rio SCBA"},"content":{"rendered":"\t\t<div data-elementor-type=\"wp-page\" data-elementor-id=\"10870\" class=\"elementor elementor-10870\">\n\t\t\t\t\t\t<section class=\"elementor-section elementor-top-section elementor-element elementor-element-f2a5312 elementor-section-boxed elementor-section-height-default elementor-section-height-default\" data-id=\"f2a5312\" data-element_type=\"section\">\n\t\t\t\t\t\t<div class=\"elementor-container elementor-column-gap-default\">\n\t\t\t\t\t<div class=\"elementor-column elementor-col-100 elementor-top-column elementor-element elementor-element-4e5c4cf\" data-id=\"4e5c4cf\" data-element_type=\"column\">\n\t\t\t<div class=\"elementor-widget-wrap elementor-element-populated\">\n\t\t\t\t\t\t<div class=\"elementor-element elementor-element-8b2b9e6 elementor-widget elementor-widget-heading\" data-id=\"8b2b9e6\" data-element_type=\"widget\" data-widget_type=\"heading.default\">\n\t\t\t\t<div class=\"elementor-widget-container\">\n\t\t\t<h4 class=\"elementor-heading-title elementor-size-default\">Calend\u00e1rio de abertura do SCBA em 2026 \u2014 DS, Proex, Prosuc, Prosup, PNPD e PIPD<\/h4>\t\t<\/div>\n\t\t\t\t<\/div>\n\t\t\t\t\t<\/div>\n\t\t<\/div>\n\t\t\t\t\t<\/div>\n\t\t<\/section>\n\t\t\t\t<section class=\"elementor-section elementor-top-section elementor-element elementor-element-584b253 elementor-section-boxed elementor-section-height-default elementor-section-height-default\" data-id=\"584b253\" data-element_type=\"section\">\n\t\t\t\t\t\t<div class=\"elementor-container elementor-column-gap-default\">\n\t\t\t\t\t<div class=\"elementor-column elementor-col-100 elementor-top-column elementor-element elementor-element-fae4225\" data-id=\"fae4225\" data-element_type=\"column\">\n\t\t\t<div class=\"elementor-widget-wrap elementor-element-populated\">\n\t\t\t\t\t\t<div class=\"elementor-element elementor-element-47bef7c elementor-widget elementor-widget-text-editor\" data-id=\"47bef7c\" data-element_type=\"widget\" data-widget_type=\"text-editor.default\">\n\t\t\t\t<div class=\"elementor-widget-container\">\n\t\t\t\t\t\t\t<p>A Pr\u00f3-Reitoria de P\u00f3s-Gradua\u00e7\u00e3o e Pesquisa divulga o Calend\u00e1rio de abertura do Sistema de Controle de Bolsas e Aux\u00edlios &#8211; SCBA para o ano de 2026. \u00c9 de responsabilidade dos Programas de P\u00f3s-Gradua\u00e7\u00e3o o envio de toda documenta\u00e7\u00e3o necess\u00e1ria \u00e0 PRPGP, na data preestabelecida e informada por e-mail no in\u00edcio de cada m\u00eas, para as opera\u00e7\u00f5es no Sistema.<\/p><p>Quanto ao PNPD, o SCBA ser\u00e1 disponibilizado apenas para opera\u00e7\u00f5es de prorroga\u00e7\u00e3o de bolsas vigentes, finaliza\u00e7\u00e3o e suspens\u00e3o de bolsas vigentes e altera\u00e7\u00f5es de dados banc\u00e1rios dos bolsistas vigentes.<span style=\"color: #000000;font-family: 'PT Sans', sans-serif;font-size: 12.8px\"><br \/><\/span><\/p><p><span style=\"color: #000000;font-family: 'PT Sans', sans-serif;font-size: 12.8px\">Acesse o <a href=\"https:\/\/www.ufsm.br\/app\/uploads\/sites\/345\/2025\/12\/Oficio_Circular_2740743-1.pdf\">Of\u00edcio Circular n\u00ba 4\/2025-CGFIP\/DPB\/CAPES<\/a><\/span><\/p><table style=\"height: 336px;width: 39.1731%;border-collapse: collapse\"><tbody><tr style=\"height: 48px\"><td style=\"width: 50%;height: 48px;text-align: center\"><strong>M\u00eas\/Ano\u00a0<\/strong><\/td><td style=\"width: 71.5518%;height: 48px;text-align: center\"><strong>Per\u00edodo de abertura<\/strong><\/td><\/tr><tr style=\"height: 24px\"><td style=\"text-align: center\"><del>Janeiro\/2026<\/del><\/td><td style=\"text-align: center\"><del>2 a 19<\/del><\/td><\/tr><tr style=\"height: 24px\"><td style=\"text-align: center\"><del>Fevereiro\/2026<\/del><\/td><td style=\"text-align: center\"><del>2 a 12<\/del><\/td><\/tr><tr style=\"height: 24px\"><td style=\"text-align: center\">Mar\u00e7o\/2026<\/td><td style=\"text-align: center\">16 a 24<\/td><\/tr><tr style=\"height: 24px\"><td style=\"text-align: center\">Abril\/2026<\/td><td style=\"text-align: center\">1 a 17<\/td><\/tr><tr style=\"height: 24px\"><td style=\"text-align: center\">Maio\/2026<\/td><td style=\"text-align: center\">4 a 19<\/td><\/tr><tr style=\"height: 24px\"><td style=\"text-align: center\">Junho\/2026<\/td><td style=\"text-align: center\">1 a 19<\/td><\/tr><tr style=\"height: 24px\"><td style=\"text-align: center\">Julho\/2026<\/td><td style=\"text-align: center\">1 a 17<\/td><\/tr><tr style=\"height: 24px\"><td style=\"text-align: center\">Agosto\/2026<\/td><td style=\"text-align: center\">3 a 19<\/td><\/tr><tr style=\"height: 24px\"><td style=\"text-align: center\">Setembro\/2026<\/td><td style=\"text-align: center\">1 a 18<\/td><\/tr><tr style=\"height: 24px\"><td style=\"text-align: center\">Outubro\/2026<\/td><td style=\"text-align: center\">1 a 19<\/td><\/tr><tr style=\"height: 24px\"><td style=\"text-align: center\">Novembro\/2026<\/td><td style=\"text-align: center\">3 a 19<\/td><\/tr><tr style=\"height: 24px\"><td style=\"text-align: center\">Dezembro\/2026<\/td><td style=\"text-align: center\">1 a 15<\/td><\/tr><\/tbody><\/table>\t\t\t\t\t\t<\/div>\n\t\t\t\t<\/div>\n\t\t\t\t\t<\/div>\n\t\t<\/div>\n\t\t\t\t\t<\/div>\n\t\t<\/section>\n\t\t\t\t<section class=\"elementor-section elementor-top-section elementor-element elementor-element-70c6691 elementor-section-boxed elementor-section-height-default elementor-section-height-default\" data-id=\"70c6691\" data-element_type=\"section\">\n\t\t\t\t\t\t<div class=\"elementor-container elementor-column-gap-default\">\n\t\t\t\t\t<div class=\"elementor-column elementor-col-100 elementor-top-column elementor-element elementor-element-2c4070e\" data-id=\"2c4070e\" data-element_type=\"column\">\n\t\t\t<div class=\"elementor-widget-wrap elementor-element-populated\">\n\t\t\t\t\t\t<div class=\"elementor-element elementor-element-6f56946 elementor-widget elementor-widget-toggle\" data-id=\"6f56946\" data-element_type=\"widget\" data-widget_type=\"toggle.default\">\n\t\t\t\t<div class=\"elementor-widget-container\">\n\t\t\t\t\t<div class=\"elementor-toggle\">\n\t\t\t\t\t\t\t<div class=\"elementor-toggle-item\">\n\t\t\t\t\t<div id=\"elementor-tab-title-1161\" class=\"elementor-tab-title\" data-tab=\"1\" role=\"button\" aria-controls=\"elementor-tab-content-1161\" aria-expanded=\"false\">\n\t\t\t\t\t\t\t\t\t\t\t\t<span class=\"elementor-toggle-icon elementor-toggle-icon-left\" aria-hidden=\"true\">\n\t\t\t\t\t\t\t\t\t\t\t\t\t\t\t<span class=\"elementor-toggle-icon-closed\"><i class=\"fas fa-caret-right\"><\/i><\/span>\n\t\t\t\t\t\t\t\t<span class=\"elementor-toggle-icon-opened\"><i class=\"elementor-toggle-icon-opened fas fa-caret-up\"><\/i><\/span>\n\t\t\t\t\t\t\t\t\t\t\t\t\t<\/span>\n\t\t\t\t\t\t\t\t\t\t\t\t<a class=\"elementor-toggle-title\" tabindex=\"0\">Anos anteriores<\/a>\n\t\t\t\t\t<\/div>\n\n\t\t\t\t\t<div id=\"elementor-tab-content-1161\" class=\"elementor-tab-content elementor-clearfix\" data-tab=\"1\" role=\"region\" aria-labelledby=\"elementor-tab-title-1161\"><p><span style=\"color: #000000;font-family: 'PT Sans', sans-serif;font-size: 12.8px\">2021 &#8211; Acesse o <\/span><strong style=\"color: #000000;font-family: 'PT Sans', sans-serif;font-size: 12.8px\"><a href=\"https:\/\/www.ufsm.br\/app\/uploads\/sites\/345\/2021\/06\/20201207-CAPES-OfC29-Calendario-de-abertura-do-SCBA-em-2021.pdf\" target=\"_blank\" rel=\"noopener\">Of\u00edcio Circular n\u00ba 29\/2020-CGSI\/DPB\/CAPES<\/a>\u00a0(DS e PROEX) <\/strong>e o<strong style=\"color: #000000;font-family: 'PT Sans', sans-serif;font-size: 12.8px\"> <a href=\"https:\/\/www.ufsm.br\/app\/uploads\/sites\/345\/2021\/06\/20201208-CAPES-OfC37-PNPD-Calendario-de-abertura-do-SCBA-em-2021-1.pdf\" target=\"_blank\" rel=\"noopener\">Of\u00edcio Circular n\u00ba 37\/2020-CEX\/CGSI\/DPB\/CAPES<\/a>\u00a0(PNPD).<\/strong><\/p><p>2022 &#8211; <span style=\", sans-serif;font-size: 12.8px;background-color: var(--bs-body-bg);text-align: var(--bs-body-text-align)\">Acesse o <strong><a href=\"https:\/\/www.ufsm.br\/app\/uploads\/sites\/345\/2021\/12\/20211215-CAPES-OfC14-Calendario-2022-DS-SCBA.pdf\" target=\"_blank\" rel=\"noopener\">Of\u00edcio Circular n\u00ba 8\/2021-CGSI\/DPB\/CAPES<\/a><\/strong><\/span><strong style=\", sans-serif;font-size: 12.8px;background-color: var(--bs-body-bg);text-align: var(--bs-body-text-align)\">\u00a0(DS e PROEX) <\/strong><span style=\"font-size: 1rem;background-color: var(--bs-body-bg);text-align: var(--bs-body-text-align)\">e o<\/span><strong style=\", sans-serif;font-size: 12.8px;background-color: var(--bs-body-bg);text-align: var(--bs-body-text-align)\"> <a href=\"https:\/\/www.ufsm.br\/app\/uploads\/sites\/345\/2021\/12\/20211215-CAPES-OfC14-Calendario-2022-PNPD-SCBA.pdf\">Of\u00edcio Circular n\u00ba 14\/2021-CEX\/CGSI\/DPB\/CAPES<\/a> (PNPD).<\/strong><\/p><p>2023 &#8211; Acesse o <strong><a href=\"https:\/\/www.ufsm.br\/app\/uploads\/sites\/345\/2023\/12\/20230314_CAPES_OfC1-CONCESSAO-2023.pdf\">Of\u00edcio Circular n\u00ba 4\/2022-CGFIP\/DPB\/CAPES<\/a>.<\/strong><\/p><p>2024 &#8211; Acesse o <strong><a href=\"https:\/\/www.ufsm.br\/app\/uploads\/sites\/345\/2023\/12\/Oficio_Circular_2292108.pdf\">Of\u00edcio Circular n\u00ba 7\/2023-CGFIP\/DPB\/CAPES<\/a>.<\/strong><\/p><p>2025 &#8211; Acesse o\u00a0<span style=\"font-family: 'PT Sans', sans-serif;font-size: 12.8px;color: #000000\"><strong><a href=\"http:\/\/Of\u00edcio Circular n\u00ba 17\/2024-CGFIP\/DPB\/CAPES\">Of\u00edcio Circular n\u00ba 17\/2024-CGFIP\/DPB\/CAPES<\/a>\u00a0<\/strong><\/span><\/p><\/div>\n\t\t\t\t<\/div>\n\t\t\t\t\t\t\t\t<\/div>\n\t\t\t\t<\/div>\n\t\t\t\t<\/div>\n\t\t\t\t\t<\/div>\n\t\t<\/div>\n\t\t\t\t\t<\/div>\n\t\t<\/section>\n\t\t\t\t<\/div>\n\t\t","protected":false},"excerpt":{"rendered":"<p>Calend\u00e1rio de abertura do SCBA em 2026 \u2014 DS, Proex, Prosuc, Prosup, PNPD e PIPD A Pr\u00f3-Reitoria de P\u00f3s-Gradua\u00e7\u00e3o e Pesquisa divulga o Calend\u00e1rio de abertura do Sistema de Controle de Bolsas e Aux\u00edlios &#8211; SCBA para o ano de 2026. \u00c9 de responsabilidade dos Programas de P\u00f3s-Gradua\u00e7\u00e3o o envio de toda documenta\u00e7\u00e3o necess\u00e1ria \u00e0 [&hellip;]<\/p>\n","protected":false},"author":301,"featured_media":0,"parent":10869,"menu_order":4,"comment_status":"closed","ping_status":"closed","template":"","meta":{"footnotes":""},"categories":[],"tags":[],"class_list":["post-10870","page","type-page","status-publish","hentry"],"acf":[],"_links":{"self":[{"href":"https:\/\/www.ufsm.br\/pro-reitorias\/prpgp\/wp-json\/wp\/v2\/pages\/10870","targetHints":{"allow":["GET"]}}],"collection":[{"href":"https:\/\/www.ufsm.br\/pro-reitorias\/prpgp\/wp-json\/wp\/v2\/pages"}],"about":[{"href":"https:\/\/www.ufsm.br\/pro-reitorias\/prpgp\/wp-json\/wp\/v2\/types\/page"}],"author":[{"embeddable":true,"href":"https:\/\/www.ufsm.br\/pro-reitorias\/prpgp\/wp-json\/wp\/v2\/users\/301"}],"replies":[{"embeddable":true,"href":"https:\/\/www.ufsm.br\/pro-reitorias\/prpgp\/wp-json\/wp\/v2\/comments?post=10870"}],"version-history":[{"count":0,"href":"https:\/\/www.ufsm.br\/pro-reitorias\/prpgp\/wp-json\/wp\/v2\/pages\/10870\/revisions"}],"up":[{"embeddable":true,"href":"https:\/\/www.ufsm.br\/pro-reitorias\/prpgp\/wp-json\/wp\/v2\/pages\/10869"}],"wp:attachment":[{"href":"https:\/\/www.ufsm.br\/pro-reitorias\/prpgp\/wp-json\/wp\/v2\/media?parent=10870"}],"wp:term":[{"taxonomy":"category","embeddable":true,"href":"https:\/\/www.ufsm.br\/pro-reitorias\/prpgp\/wp-json\/wp\/v2\/categories?post=10870"},{"taxonomy":"post_tag","embeddable":true,"href":"https:\/\/www.ufsm.br\/pro-reitorias\/prpgp\/wp-json\/wp\/v2\/tags?post=10870"}],"curies":[{"name":"wp","href":"https:\/\/api.w.org\/{rel}","templated":true}]}}