{"id":13693,"date":"2023-05-09T09:21:12","date_gmt":"2023-05-09T12:21:12","guid":{"rendered":"https:\/\/www.ufsm.br\/pro-reitorias\/prpgp\/?page_id=13693"},"modified":"2025-05-29T10:42:48","modified_gmt":"2025-05-29T13:42:48","slug":"instrucoes-normativas","status":"publish","type":"page","link":"https:\/\/www.ufsm.br\/pro-reitorias\/prpgp\/instrucoes-normativas","title":{"rendered":"Instru\u00e7\u00f5es Normativas"},"content":{"rendered":"\t\t<div data-elementor-type=\"wp-page\" data-elementor-id=\"13693\" class=\"elementor elementor-13693\">\n\t\t\t\t\t\t<section class=\"elementor-section elementor-top-section elementor-element elementor-element-1ff5cf63 elementor-section-boxed elementor-section-height-default elementor-section-height-default\" data-id=\"1ff5cf63\" data-element_type=\"section\">\n\t\t\t\t\t\t<div class=\"elementor-container elementor-column-gap-default\">\n\t\t\t\t\t<div class=\"elementor-column elementor-col-100 elementor-top-column elementor-element elementor-element-6870e8b1\" data-id=\"6870e8b1\" data-element_type=\"column\">\n\t\t\t<div class=\"elementor-widget-wrap elementor-element-populated\">\n\t\t\t\t\t\t<div class=\"elementor-element elementor-element-40c200c2 elementor-widget elementor-widget-text-editor\" data-id=\"40c200c2\" data-element_type=\"widget\" data-widget_type=\"text-editor.default\">\n\t\t\t\t<div class=\"elementor-widget-container\">\n\t\t\t\t\t\t\t<p><strong>2025<\/strong><\/p>\n<p><a href=\"https:\/\/portal.ufsm.br\/documentos\/publico\/documento.html?id=15453220\"><strong>INSTRU\u00c7\u00c3O NORMATIVA PRPGP\/UFSM N. 014, DE 28 DE MAIO DE 2025<\/strong><\/a>\u00a0&#8211;\u00a0Estabelece os procedimentos para cria\u00e7\u00e3o de curso de p\u00f3s-gradua\u00e7\u00e3o lato sensu, a n\u00edvel de Especializa\u00e7\u00e3o, na Universidade Federal de Santa Maria (UFSM).<\/p>\n<ul>\n<li><a href=\"https:\/\/portal.ufsm.br\/documentos\/publico\/documento.html?id=15453247\">ANEXO I DA INSTRU\u00c7\u00c3O NORMATIVA PRPGP\/UFSM N. 014\/2025<\/a> &#8211; Tipos de curso de especializa\u00e7\u00e3o que podem ser criados na UFSM.<\/li>\n<li><a href=\"https:\/\/portal.ufsm.br\/documentos\/publico\/documento.html?id=15453266\">ANEXO II DA INSTRU\u00c7\u00c3O NORMATIVA PRPGP\/UFSM N. 014\/2025<\/a> &#8211; Fluxos de tramita\u00e7\u00e3o e aprova\u00e7\u00e3o institucional para a cria\u00e7\u00e3o dos cursos de especializa\u00e7\u00e3o.<\/li>\n<\/ul>\n<p><a href=\"https:\/\/portal.ufsm.br\/documentos\/publico\/documento.html?id=15315233\"><strong>INSTRU\u00c7\u00c3O NORMATIVA PRPGP\/UFSM N. 013, DE 06 DE JANEIRO DE 2025<\/strong><\/a> &#8211; Estabelece os procedimentos para o ingresso simplificado de estudantes estrangeiros(as) nos Programas de P\u00f3s-Gradua\u00e7\u00e3o da Universidade Federal de Santa Maria (UFSM), por meio do aproveitamento de vagas ociosas de processos seletivos regulares e da oferta de vagas suplementares.<\/p>\n<p><strong>2024<\/strong><\/p>\n<p><strong><a href=\"https:\/\/portal.ufsm.br\/documentos\/publico\/documento.html?id=15267770\">INSTRU\u00c7\u00c3O NORMATIVA CONJUNTA PRPGP-PROGEP\/UFSM N. 01, DE 22 DE NOVEMBRO DE 2024<\/a><\/strong> &#8211; Estabelece procedimentos para a contrata\u00e7\u00e3o por tempo determinado de Professor Visitante Nacional (PVN) e Professor Visitante Estrangeiro (PVE) na Universidade Federal de Santa Maria.<\/p>\n<p><strong><a href=\"https:\/\/www.ufsm.br\/pro-reitorias\/proplan?page_id=6168\">INSTRU\u00c7\u00c3O NORMATIVA PRPGP\/UFSM N. 012, DE 1\u00ba DE NOVEMBRO DE 2024<\/a><\/strong> &#8211;\u00a0Estabelece procedimentos para elabora\u00e7\u00e3o, utiliza\u00e7\u00e3o e divulga\u00e7\u00e3o de gabaritos de provas objetivas e espelhos de resposta de provas dissertativas ou discursivas nos processos seletivos dos Programas de P\u00f3s-Gradua\u00e7\u00e3o no \u00e2mbito da Universidade Federal de Santa Maria (UFSM).<\/p>\n<p><a href=\"https:\/\/portal.ufsm.br\/documentos\/publico\/documento.html?id=15213851\"><strong>INSTRU\u00c7\u00c3O NORMATIVA <\/strong><strong>PROGRAD\/PRPGP\/PRE\/CEBTT<\/strong><\/a><strong><a href=\"https:\/\/portal.ufsm.br\/documentos\/publico\/documento.html?id=15213851\">\/UFSM N. 012\/2024, DE 29 DE SETEMBRO DE 2024<\/a><\/strong>\u00a0&#8211; Regulamenta a suspens\u00e3o das aulas e atividades acad\u00eamicas em face do surto\/epidemia de Rotav\u00edrus que ocorre em Santa Maria e regi\u00e3o.<\/p>\n<p><a href=\"https:\/\/portal.ufsm.br\/documentos\/download.html?action=arquivosIndexados&amp;id=15178677&amp;download=false\"><strong>INSTRU\u00c7\u00c3O NORMATIVA PRPGP\/PROGRAD\/UFSM N. 010, DE<\/strong><strong> 28 DE AGOSTO DE 2024<\/strong><\/a> &#8211; Regulamenta o uso do Regime de Exerc\u00edcios Domiciliares para estudantes de gradua\u00e7\u00e3o e p\u00f3s-gradua\u00e7\u00e3o em mobilidade acad\u00eamica no exterior<\/p>\n<p><strong><a href=\"https:\/\/portal.ufsm.br\/documentos\/download.html?action=arquivosIndexados&amp;id=15098024&amp;download=false\">INSTRU\u00c7\u00c3O NORMATIVA PRPGP\/UFSM N. 009, DE 01 DE JULHO DE 2024<\/a><\/strong> &#8211; Estabelece procedimentos para solicita\u00e7\u00e3o de instaura\u00e7\u00e3o de regime de cotutela com titula\u00e7\u00e3o simult\u00e2nea em dois pa\u00edses de Disserta\u00e7\u00e3o de Mestrado ou Tese de Doutorado.<\/p>\n<p><strong>2023<\/strong><\/p>\n<div>\n<p style=\"text-align: justify\"><strong><a href=\"https:\/\/portal.ufsm.br\/documentos\/download.html?action=arquivosIndexados&amp;id=14877671&amp;download=false\">INSTRU\u00c7\u00c3O NORMATIVA PRPGP\/UFSM N. 008, DE\u00a019 DE OUTUBRO DE 2023<\/a> &#8211;<\/strong> Estabelece os procedimentos para solicita\u00e7\u00e3o de altera\u00e7\u00f5es na estrutura dos cursos\/programas de P\u00f3s-Gradua\u00e7\u00e3o Stricto sensu da Universidade Federal de Santa Maria &#8211; UFSM. Para maiores informa\u00e7\u00f5es operacionais <a href=\"https:\/\/www.ufsm.br\/pro-reitorias\/prpgp\/servicos\">acesse a p\u00e1gina de servi\u00e7os<\/a>.<\/p>\n<p style=\"text-align: justify\"><strong><a href=\"https:\/\/portal.ufsm.br\/documentos\/download.html?action=arquivosIndexados&amp;id=14895268&amp;download=false\">INSTRU\u00c7\u00c3O NORMATIVA PRPGP\/UFSM N. 007, DE 04 DE OUTUBRO DE 2023<\/a>\u00a0&#8211;<\/strong> Estabelece os procedimentos para solicita\u00e7\u00e3o de cadastro para realiza\u00e7\u00e3o de est\u00e1gio de p\u00f3s-doutorado na Universidade Federal de Santa Maria &#8211; UFSM. Para maiores informa\u00e7\u00f5es operacionais <a href=\"https:\/\/www.ufsm.br\/pro-reitorias\/prpgp\/servicos\/programa-de-pos-doutorado-na-universidade-federal-de-santa-maria\">acesse a p\u00e1gina de servi\u00e7os<\/a>.<\/p>\n<p><strong><a href=\"https:\/\/portal.ufsm.br\/documentos\/download.html?action=arquivosIndexados&amp;id=14964260&amp;download=false\">INSTRU\u00c7\u00c3O NORMATIVA CONJUNTA PRPGP-SAI\/UFSM N. 006, DE 02 DE OUTUBRO DE 2023<\/a>\u00a0&#8211;<\/strong> Estabelece procedimentos para solicita\u00e7\u00e3o de instaura\u00e7\u00e3o de regime de cotutela com titula\u00e7\u00e3o simult\u00e2nea em dois pa\u00edses de Disserta\u00e7\u00e3o de Mestrado ou Tese de Doutorado. Para maiores informa\u00e7\u00f5es operacionais <a href=\"https:\/\/www.ufsm.br\/pro-reitorias\/prpgp\/servicos\/cotutela\">acesse a p\u00e1gina de servi\u00e7os<\/a>.<\/p>\n<\/div>\n<p style=\"text-align: justify\"><strong><a href=\"https:\/\/portal.ufsm.br\/documentos\/download.html?action=arquivosIndexados&amp;id=14663312&amp;download=false\">INSTRU\u00c7\u00c3O NORMATIVA PRPGP\/UFSM N. 005, DE 03 DE MAIO DE 2023<\/a> &#8211;<\/strong> Estabelece procedimentos para solicita\u00e7\u00e3o de dispensa\/aproveitamento de disciplinas e de teste de sufici\u00eancia em l\u00edngua estrangeira. Para maiores informa\u00e7\u00f5es operacionais <a href=\"https:\/\/www.ufsm.br\/pro-reitorias\/prpgp\/servicos\/comprovacao-de-suficiencia-em-lingua-estrangeira\">acesse a p\u00e1gina de servi\u00e7os<\/a>.<\/p>\n<p><strong>2022<\/strong><\/p>\n<p style=\"text-align: justify\"><strong><a href=\"https:\/\/www.ufsm.br\/pro-reitorias\/proplan\/?page_id=4925\">INSTRU\u00c7\u00c3O NORMATIVA PRPGP\/UFSM N. 004\/2022<\/a>\u00a0&#8211;<\/strong> Instrui quanto \u00e0s provid\u00eancias para reestrutura\u00e7\u00e3o dos Cursos de P\u00f3s-Gradua\u00e7\u00e3o Lato Sensu, denominados de Cursos de Especializa\u00e7\u00e3o vigentes frente \u00e0 Resolu\u00e7\u00e3o UFSM n\u00ba 072\/2021 no \u00e2mbito da Universidade Federal de Santa Maria (UFSM).<\/p>\n<p style=\"text-align: justify\"><strong><a href=\"https:\/\/www.ufsm.br\/pro-reitorias\/proplan?page_id=5368\" target=\"_blank\" rel=\"noopener\">INSTRU\u00c7\u00c3O NORMATIVA PRPGP\/UFSM N. 003\/2022<\/a><\/strong><b> &#8211; <\/b>Instruir a prorroga\u00e7\u00e3o de prazos de defesa, realiza\u00e7\u00e3o de defesas online e oferta de carga hor\u00e1ria a dist\u00e2ncia, em car\u00e1ter provis\u00f3rio, para o retorno presencial das atividades acad\u00eamicas de p\u00f3s-gradua\u00e7\u00e3o na UFSM.<\/p>\n<p><strong>2020<\/strong><\/p>\n<p style=\"text-align: justify\"><del><strong><a href=\"https:\/\/www.ufsm.br\/pro-reitorias\/proplan\/instrucao-normativa-prpgp-ufsm-n-002-2020\/\">INSTRU\u00c7\u00c3O NORMATIVA PRPGP\/UFSM N. 002\/2020<\/a><\/strong> &#8211; Orientar acerca das atividades de pesquisa e funcionamento dos laborat\u00f3rios na Universidade Federal de Santa Maria<\/del>. (<span style=\"color: red\">Revogada<\/span>\u00a0pela\u00a0<a href=\"https:\/\/www.ufsm.br\/pro-reitorias\/proplan\/?page_id=5044\" target=\"_blank\" rel=\"noopener\">Resolu\u00e7\u00e3o UFSM N. 100\/2022<\/a>)<\/p>\n<p style=\"text-align: justify\"><a href=\"https:\/\/www.ufsm.br\/pro-reitorias\/proplan\/instrucao-normativa-prpgp-ufsm-n-001-2020\/\"><del><strong>INSTRU\u00c7\u00c3O NORMATIVA PRPGP\/UFSM N. 001\/2020<\/strong><\/del><\/a> &#8211; <del>Orientar acerca da suspens\u00e3o das atividades presenciais acad\u00eamicas e administrativas no \u00e2mbito do ensino de P\u00f3s-Gradua\u00e7\u00e3o e Pesquisa da Universidade Federal de Santa Maria.\u00a0<\/del><a href=\"https:\/\/www.ufsm.br\/pro-reitorias\/proplan\/instrucao-normativa-poli-ufsm-n-001-2021\/\">(<span style=\"color: red\">Revogada<\/span>\u00a0pela<\/a><a href=\"https:\/\/www.ufsm.br\/pro-reitorias\/proplan\/instrucao-normativa-poli-ufsm-n-001-2021\/\">\u00a0<\/a><a href=\"https:\/\/www.ufsm.br\/pro-reitorias\/proplan\/?page_id=5044\" target=\"_blank\" rel=\"noopener\">Resolu\u00e7\u00e3o UFSM N. 100\/2022<\/a>)<\/p>\n<p><!-- \/wp:tadv\/classic-paragraph --><\/p>\t\t\t\t\t\t<\/div>\n\t\t\t\t<\/div>\n\t\t\t\t\t<\/div>\n\t\t<\/div>\n\t\t\t\t\t<\/div>\n\t\t<\/section>\n\t\t\t\t<\/div>\n\t\t","protected":false},"excerpt":{"rendered":"<p>2025 INSTRU\u00c7\u00c3O NORMATIVA PRPGP\/UFSM N. 014, DE 28 DE MAIO DE 2025\u00a0&#8211;\u00a0Estabelece os procedimentos para cria\u00e7\u00e3o de curso de p\u00f3s-gradua\u00e7\u00e3o lato sensu, a n\u00edvel de Especializa\u00e7\u00e3o, na Universidade Federal de Santa Maria (UFSM). ANEXO I DA INSTRU\u00c7\u00c3O NORMATIVA PRPGP\/UFSM N. 014\/2025 &#8211; Tipos de curso de especializa\u00e7\u00e3o que podem ser criados na UFSM. ANEXO II [&hellip;]<\/p>\n","protected":false},"author":99,"featured_media":0,"parent":0,"menu_order":0,"comment_status":"closed","ping_status":"closed","template":"","meta":{"footnotes":""},"categories":[],"tags":[],"class_list":["post-13693","page","type-page","status-publish","hentry"],"acf":[],"_links":{"self":[{"href":"https:\/\/www.ufsm.br\/pro-reitorias\/prpgp\/wp-json\/wp\/v2\/pages\/13693","targetHints":{"allow":["GET"]}}],"collection":[{"href":"https:\/\/www.ufsm.br\/pro-reitorias\/prpgp\/wp-json\/wp\/v2\/pages"}],"about":[{"href":"https:\/\/www.ufsm.br\/pro-reitorias\/prpgp\/wp-json\/wp\/v2\/types\/page"}],"author":[{"embeddable":true,"href":"https:\/\/www.ufsm.br\/pro-reitorias\/prpgp\/wp-json\/wp\/v2\/users\/99"}],"replies":[{"embeddable":true,"href":"https:\/\/www.ufsm.br\/pro-reitorias\/prpgp\/wp-json\/wp\/v2\/comments?post=13693"}],"version-history":[{"count":0,"href":"https:\/\/www.ufsm.br\/pro-reitorias\/prpgp\/wp-json\/wp\/v2\/pages\/13693\/revisions"}],"wp:attachment":[{"href":"https:\/\/www.ufsm.br\/pro-reitorias\/prpgp\/wp-json\/wp\/v2\/media?parent=13693"}],"wp:term":[{"taxonomy":"category","embeddable":true,"href":"https:\/\/www.ufsm.br\/pro-reitorias\/prpgp\/wp-json\/wp\/v2\/categories?post=13693"},{"taxonomy":"post_tag","embeddable":true,"href":"https:\/\/www.ufsm.br\/pro-reitorias\/prpgp\/wp-json\/wp\/v2\/tags?post=13693"}],"curies":[{"name":"wp","href":"https:\/\/api.w.org\/{rel}","templated":true}]}}