{"id":13974,"date":"2023-07-02T21:55:44","date_gmt":"2023-07-03T00:55:44","guid":{"rendered":"https:\/\/www.ufsm.br\/pro-reitorias\/prpgp\/?page_id=13974"},"modified":"2023-09-01T08:44:30","modified_gmt":"2023-09-01T11:44:30","slug":"comunicacao-e-informacao","status":"publish","type":"page","link":"https:\/\/www.ufsm.br\/pro-reitorias\/prpgp\/comunicacao-e-informacao","title":{"rendered":"COMUNICA\u00c7\u00c3O E INFORMA\u00c7\u00c3O (Escolha um edital)"},"content":{"rendered":"\n<table style=\"width: 100%;height: 123px\" border=\"0\" cellspacing=\"0\"><colgroup width=\"229\"><\/colgroup> <colgroup width=\"42\"><\/colgroup> <colgroup width=\"58\"><\/colgroup> <colgroup width=\"50\"><\/colgroup> <colgroup width=\"44\"><\/colgroup> <colgroup width=\"58\"><\/colgroup> <colgroup width=\"319\"><\/colgroup> <colgroup width=\"85\"><\/colgroup> <colgroup width=\"91\"><\/colgroup>\n<tbody>\n<tr style=\"height: 24px\">\n<td style=\"height: 48px\" rowspan=\"2\" align=\"center\" valign=\"middle\" height=\"43\"><b><span style=\"color: #000000;font-family: SansSerif\">Coordenador<\/span><\/b><\/td>\n<td style=\"height: 24px\" colspan=\"2\" align=\"center\" valign=\"middle\" bgcolor=\"#FFCC00\"><b><span style=\"color: #000000;font-family: SansSerif\">IC UNIFICADO<\/span><\/b><\/td>\n<td style=\"height: 48px\" rowspan=\"2\" align=\"center\" valign=\"middle\" bgcolor=\"#FFFF00\"><b><span style=\"color: #000000;font-family: SansSerif\">PIBIC AF<\/span><\/b><\/td>\n<td style=\"height: 24px\" colspan=\"2\" align=\"center\" valign=\"middle\" bgcolor=\"#FFCC00\"><b><span style=\"color: #000000;font-family: SansSerif\">ITI UNIFICADO<\/span><\/b><\/td>\n<td style=\"height: 48px\" rowspan=\"2\" align=\"center\" valign=\"middle\" bgcolor=\"#FFFF00\"><b><span style=\"color: #000000;font-family: SansSerif\">Nome da Unidade<\/span><\/b><\/td>\n<td style=\"height: 48px\" rowspan=\"2\" align=\"center\" valign=\"middle\" bgcolor=\"#FFFF00\"><b><span style=\"color: #000000;font-family: SansSerif\">Link Edital<\/span><\/b><\/td>\n<td style=\"height: 48px\" rowspan=\"2\" align=\"center\" valign=\"middle\" bgcolor=\"#FFFF00\"><b><span style=\"color: #000000;font-family: SansSerif\">Status<\/span><\/b><\/td>\n<\/tr>\n<tr style=\"height: 24px\">\n<td style=\"height: 24px\" align=\"center\" valign=\"middle\" bgcolor=\"#CCCCFF\"><b><span style=\"color: #000000;font-family: SansSerif\">PIBIC<\/span><\/b><\/td>\n<td style=\"height: 24px\" align=\"center\" valign=\"middle\" bgcolor=\"#CCFFCC\"><b><span style=\"color: #000000;font-family: SansSerif\">PROBIC<\/span><\/b><\/td>\n<td style=\"height: 24px\" align=\"center\" valign=\"middle\" bgcolor=\"#CCCCFF\"><b><span style=\"color: #000000;font-family: SansSerif\">PIBITI<\/span><\/b><\/td>\n<td style=\"height: 24px\" align=\"center\" valign=\"middle\" bgcolor=\"#CCFFCC\"><b><span style=\"color: #000000;font-family: SansSerif\">PROBITI<\/span><\/b><\/td>\n<\/tr>\n<tr style=\"height: 48px\">\n<td style=\"height: 48px\" align=\"left\" height=\"27\"><span style=\"font-family: Calibri\">MILENA CARVALHO BEZERRA FREIRE DE OLIVEIRA-CRUZ<\/span><\/td>\n<td style=\"height: 48px\" align=\"center\" bgcolor=\"#CCCCFF\"><span style=\"font-family: Calibri\">2<\/span><\/td>\n<td style=\"height: 48px\" align=\"center\"><span style=\"font-family: Calibri\">0<\/span><\/td>\n<td style=\"height: 48px\" align=\"center\"><span style=\"font-family: Calibri\">0<\/span><\/td>\n<td style=\"height: 48px\" align=\"center\"><span style=\"font-family: Calibri\">0<\/span><\/td>\n<td style=\"height: 48px\" align=\"center\"><span style=\"font-family: Calibri\">0<\/span><\/td>\n<td style=\"height: 48px\" align=\"left\"><span style=\"font-family: Calibri\">DEPARTAMENTO DE CI\u00caNCIAS DA COMUNICA\u00c7\u00c3O<\/span><\/td>\n<td style=\"height: 48px\" align=\"left\"><a href=\"https:\/\/www.ufsm.br\/app\/uploads\/sites\/345\/2023\/07\/MILENA-CARVALHO-BEZERRA-FREIRE-DE-OLIVERA-CRUZ.pdf\">Edital<\/a><\/td>\n<td style=\"height: 48px\" align=\"left\"><span style=\"font-family: Calibri\">Encerrado<\/span><\/td>\n<\/tr>\n<tr style=\"height: 27px\">\n<td style=\"height: 27px\" align=\"left\" height=\"27\"><span style=\"font-family: Calibri\">VIVIANE BORELLI<\/span><\/td>\n<td style=\"height: 27px\" align=\"center\" bgcolor=\"#CCCCFF\"><span style=\"font-family: Calibri\">2<\/span><\/td>\n<td style=\"height: 27px\" align=\"center\"><span style=\"font-family: Calibri\">0<\/span><\/td>\n<td style=\"height: 27px\" align=\"center\"><span style=\"font-family: Calibri\">0<\/span><\/td>\n<td style=\"height: 27px\" align=\"center\"><span style=\"font-family: Calibri\">0<\/span><\/td>\n<td style=\"height: 27px\" align=\"center\"><span style=\"font-family: Calibri\">0<\/span><\/td>\n<td style=\"height: 27px\" align=\"left\"><span style=\"font-family: Calibri\">DEPARTAMENTO DE CI\u00caNCIAS DA COMUNICA\u00c7\u00c3O<\/span><\/td>\n<td style=\"height: 27px\" align=\"left\"><a href=\"https:\/\/www.ufsm.br\/app\/uploads\/sites\/345\/2023\/07\/VIVIANE-BORELLI.pdf\"><span style=\"font-family: Calibri\">Edital<\/span><\/a><\/td>\n<td style=\"height: 27px\" align=\"left\"><a href=\"https:\/\/www.ufsm.br\/app\/uploads\/sites\/345\/2023\/07\/VIVIANE-BORELLI-1.pdf\">Resultado<\/a><\/td>\n<\/tr>\n<\/tbody>\n<\/table>\n","protected":false},"excerpt":{"rendered":"<p>Coordenador IC UNIFICADO PIBIC AF ITI UNIFICADO Nome da Unidade Link Edital Status PIBIC PROBIC PIBITI PROBITI MILENA CARVALHO BEZERRA FREIRE DE OLIVEIRA-CRUZ 2 0 0 0 0 DEPARTAMENTO DE CI\u00caNCIAS DA COMUNICA\u00c7\u00c3O Edital Encerrado VIVIANE BORELLI 2 0 0 0 0 DEPARTAMENTO DE CI\u00caNCIAS DA COMUNICA\u00c7\u00c3O Edital Resultado<\/p>\n","protected":false},"author":743,"featured_media":0,"parent":0,"menu_order":0,"comment_status":"closed","ping_status":"closed","template":"","meta":{"footnotes":""},"categories":[],"tags":[],"class_list":["post-13974","page","type-page","status-publish","hentry"],"acf":[],"_links":{"self":[{"href":"https:\/\/www.ufsm.br\/pro-reitorias\/prpgp\/wp-json\/wp\/v2\/pages\/13974","targetHints":{"allow":["GET"]}}],"collection":[{"href":"https:\/\/www.ufsm.br\/pro-reitorias\/prpgp\/wp-json\/wp\/v2\/pages"}],"about":[{"href":"https:\/\/www.ufsm.br\/pro-reitorias\/prpgp\/wp-json\/wp\/v2\/types\/page"}],"author":[{"embeddable":true,"href":"https:\/\/www.ufsm.br\/pro-reitorias\/prpgp\/wp-json\/wp\/v2\/users\/743"}],"replies":[{"embeddable":true,"href":"https:\/\/www.ufsm.br\/pro-reitorias\/prpgp\/wp-json\/wp\/v2\/comments?post=13974"}],"version-history":[{"count":0,"href":"https:\/\/www.ufsm.br\/pro-reitorias\/prpgp\/wp-json\/wp\/v2\/pages\/13974\/revisions"}],"wp:attachment":[{"href":"https:\/\/www.ufsm.br\/pro-reitorias\/prpgp\/wp-json\/wp\/v2\/media?parent=13974"}],"wp:term":[{"taxonomy":"category","embeddable":true,"href":"https:\/\/www.ufsm.br\/pro-reitorias\/prpgp\/wp-json\/wp\/v2\/categories?post=13974"},{"taxonomy":"post_tag","embeddable":true,"href":"https:\/\/www.ufsm.br\/pro-reitorias\/prpgp\/wp-json\/wp\/v2\/tags?post=13974"}],"curies":[{"name":"wp","href":"https:\/\/api.w.org\/{rel}","templated":true}]}}