{"id":13975,"date":"2023-07-02T21:58:17","date_gmt":"2023-07-03T00:58:17","guid":{"rendered":"https:\/\/www.ufsm.br\/pro-reitorias\/prpgp\/?page_id=13975"},"modified":"2024-01-23T10:16:33","modified_gmt":"2024-01-23T13:16:33","slug":"economia-escolha-um-edital","status":"publish","type":"page","link":"https:\/\/www.ufsm.br\/pro-reitorias\/prpgp\/economia-escolha-um-edital","title":{"rendered":"ECONOMIA (Escolha um edital)"},"content":{"rendered":"\n<table style=\"width: 100%\" border=\"0\" cellspacing=\"0\"><colgroup width=\"229\"><\/colgroup> <colgroup width=\"42\"><\/colgroup> <colgroup width=\"58\"><\/colgroup> <colgroup width=\"50\"><\/colgroup> <colgroup width=\"44\"><\/colgroup> <colgroup width=\"58\"><\/colgroup> <colgroup width=\"319\"><\/colgroup> <colgroup width=\"85\"><\/colgroup> <colgroup width=\"91\"><\/colgroup>\n<tbody>\n<tr>\n<td style=\"width: 21.0898%\" rowspan=\"2\" align=\"center\" valign=\"middle\" height=\"43\"><b><span style=\"color: #000000;font-family: SansSerif\">Coordenador<\/span><\/b><\/td>\n<td style=\"width: 12.9162%\" colspan=\"2\" align=\"center\" valign=\"middle\" bgcolor=\"#FFCC00\"><b><span style=\"color: #000000;font-family: SansSerif\">IC UNIFICADO<\/span><\/b><\/td>\n<td style=\"width: 5.44904%\" rowspan=\"2\" align=\"center\" valign=\"middle\" bgcolor=\"#FFFF00\"><b><span style=\"color: #000000;font-family: SansSerif\">PIBIC AF<\/span><\/b><\/td>\n<td style=\"width: 14.1271%\" colspan=\"2\" align=\"center\" valign=\"middle\" bgcolor=\"#FFCC00\"><b><span style=\"color: #000000;font-family: SansSerif\">ITI UNIFICADO<\/span><\/b><\/td>\n<td style=\"width: 27.4471%\" rowspan=\"2\" align=\"center\" valign=\"middle\" bgcolor=\"#FFFF00\"><b><span style=\"color: #000000;font-family: SansSerif\">Nome da Unidade<\/span><\/b><\/td>\n<td style=\"width: 9.78809%\" rowspan=\"2\" align=\"center\" valign=\"middle\" bgcolor=\"#FFFF00\"><b><span style=\"color: #000000;font-family: SansSerif\">Link Edital<\/span><\/b><\/td>\n<td style=\"width: 8.98083%\" rowspan=\"2\" align=\"center\" valign=\"middle\" bgcolor=\"#FFFF00\"><b><span style=\"color: #000000;font-family: SansSerif\">Status<\/span><\/b><\/td>\n<\/tr>\n<tr>\n<td style=\"width: 5.44904%\" align=\"center\" valign=\"middle\" bgcolor=\"#CCCCFF\"><b><span style=\"color: #000000;font-family: SansSerif\">PIBIC<\/span><\/b><\/td>\n<td style=\"width: 7.4672%\" align=\"center\" valign=\"middle\" bgcolor=\"#CCFFCC\"><b><span style=\"color: #000000;font-family: SansSerif\">PROBIC<\/span><\/b><\/td>\n<td style=\"width: 6.05449%\" align=\"center\" valign=\"middle\" bgcolor=\"#CCCCFF\"><b><span style=\"color: #000000;font-family: SansSerif\">PIBITI<\/span><\/b><\/td>\n<td style=\"width: 8.07265%\" align=\"center\" valign=\"middle\" bgcolor=\"#CCFFCC\"><b><span style=\"color: #000000;font-family: SansSerif\">PROBITI<\/span><\/b><\/td>\n<\/tr>\n<tr>\n<td style=\"width: 21.0898%\" rowspan=\"2\" align=\"left\" height=\"27\"><span style=\"font-family: Calibri\">DANIEL ARRUDA CORONEL<\/span><br \/><span style=\"font-family: Calibri\"><br \/><\/span><\/td>\n<td style=\"width: 5.44904%\" rowspan=\"2\" align=\"center\" bgcolor=\"#CCCCFF\"><span style=\"font-family: Calibri\">2<\/span><br \/><span style=\"font-family: Calibri\"><br \/><\/span><\/td>\n<td style=\"width: 7.4672%\" rowspan=\"2\" align=\"center\" bgcolor=\"#CCFFCC\"><span style=\"font-family: Calibri\">1<\/span><br \/><span style=\"font-family: Calibri\"><br \/><\/span><\/td>\n<td style=\"width: 5.44904%\" rowspan=\"2\" align=\"center\"><span style=\"font-family: Calibri\">0<\/span><br \/><span style=\"font-family: Calibri\"><br \/><\/span><\/td>\n<td style=\"width: 6.05449%\" rowspan=\"2\" align=\"center\"><span style=\"font-family: Calibri\">0<\/span><br \/><span style=\"font-family: Calibri\"><br \/><\/span><\/td>\n<td style=\"width: 8.07265%\" rowspan=\"2\" align=\"center\"><span style=\"font-family: Calibri\">0<\/span><br \/><span style=\"font-family: Calibri\"><br \/><\/span><\/td>\n<td style=\"width: 27.4471%\" rowspan=\"2\" align=\"left\"><span style=\"font-family: Calibri\">DEPARTAMENTO DE ECONOMIA E RELA\u00c7\u00d5ES INTERNACIONAIS<\/span><br \/><span style=\"font-family: Calibri\"><br \/><\/span><\/td>\n<td style=\"width: 9.78809%\" align=\"left\"><a href=\"https:\/\/www.ufsm.br\/app\/uploads\/sites\/345\/2023\/07\/DANIEL-CORONEL.pdf\"><span style=\"font-family: Calibri\">Edital<\/span><\/a><\/td>\n<td style=\"width: 8.98083%\" align=\"left\"><a href=\"https:\/\/www.ufsm.br\/app\/uploads\/sites\/345\/2023\/07\/DANIEL-CORONEL-1.pdf\"><span style=\"font-family: Calibri\">Resultado<\/span><\/a><\/td>\n<\/tr>\n<tr>\n<td style=\"width: 9.78809%\"><a href=\"https:\/\/www.ufsm.br\/app\/uploads\/sites\/345\/2024\/01\/EDITAL-PIBIC-PROBIC-CORONEL.-2024-1.pdf\"><span style=\"font-family: Calibri\">Edital<\/span><\/a><\/td>\n<td style=\"width: 8.98083%\"><a href=\"https:\/\/www.ufsm.br\/app\/uploads\/sites\/345\/2024\/01\/DANIEL_ARRUDA-1.pdf\"><span style=\"font-family: Calibri\">Resultado<\/span><\/a><\/td>\n<\/tr>\n<tr>\n<td style=\"width: 21.0898%\" align=\"left\" height=\"27\"><span style=\"font-family: Calibri\">KALINCA L\u00c9IA BECKER<\/span><\/td>\n<td style=\"width: 5.44904%\" align=\"center\"><span style=\"font-family: Calibri\">0<\/span><\/td>\n<td style=\"width: 7.4672%\" align=\"center\"><span style=\"font-family: Calibri\">0<\/span><\/td>\n<td style=\"width: 5.44904%\" align=\"center\"><span style=\"font-family: Calibri\">0<\/span><\/td>\n<td style=\"width: 6.05449%\" align=\"center\" valign=\"middle\" bgcolor=\"#CCCCFF\"><span style=\"color: #000000;font-family: Calibri\">1<\/span><\/td>\n<td style=\"width: 8.07265%\" align=\"center\" valign=\"middle\"><span style=\"color: #000000;font-family: Calibri\">0<\/span><\/td>\n<td style=\"width: 27.4471%\" align=\"left\"><span style=\"font-family: Calibri\">DEPARTAMENTO DE ECONOMIA E RELA\u00c7\u00d5ES INTERNACIONAIS<\/span><\/td>\n<td style=\"width: 9.78809%\" align=\"left\"><a href=\"https:\/\/www.ufsm.br\/app\/uploads\/sites\/345\/2023\/08\/KALINCA-LEIA-BECKER.pdf\"><span style=\"font-family: Calibri\">Edital<\/span><\/a><\/td>\n<td style=\"width: 8.98083%\" align=\"left\"><a href=\"https:\/\/www.ufsm.br\/app\/uploads\/sites\/345\/2023\/08\/KALINCA-LEIA-BECKER-1.pdf\"><span style=\"font-family: Calibri\">Resultado<\/span><\/a><\/td>\n<\/tr>\n<tr>\n<td style=\"width: 21.0898%\" rowspan=\"2\" align=\"left\" height=\"27\"><span style=\"font-family: Calibri\">REISOLI BENDER FILHO<\/span><span style=\"font-family: Calibri\"><br \/><\/span><\/td>\n<td style=\"width: 5.44904%\" rowspan=\"2\" align=\"center\" bgcolor=\"#CCCCFF\"><span style=\"font-family: Calibri\">1<\/span><span style=\"font-family: Calibri\"><br \/><\/span><\/td>\n<td style=\"width: 7.4672%\" rowspan=\"2\" align=\"center\" bgcolor=\"#CCFFCC\">\u00a0<\/td>\n<td style=\"width: 5.44904%\" rowspan=\"2\" align=\"center\"><span style=\"font-family: Calibri\">0<\/span><span style=\"font-family: Calibri\"><br \/><\/span><\/td>\n<td style=\"width: 6.05449%\" rowspan=\"2\" align=\"center\"><span style=\"font-family: Calibri\">0<\/span><span style=\"font-family: Calibri\"><br \/><\/span><\/td>\n<td style=\"width: 8.07265%\" rowspan=\"2\" align=\"center\"><span style=\"font-family: Calibri\">0<\/span><span style=\"font-family: Calibri\"><br \/><\/span><\/td>\n<td style=\"width: 27.4471%\" rowspan=\"2\" align=\"left\"><span style=\"font-family: Calibri\">DEPARTAMENTO DE ECONOMIA E RELA\u00c7\u00d5ES INTERNACIONAIS<\/span><span style=\"font-family: Calibri\"><br \/><\/span><\/td>\n<td style=\"width: 9.78809%\" align=\"left\"><a href=\"https:\/\/www.ufsm.br\/app\/uploads\/sites\/345\/2023\/07\/REISOLI-BENDER.pdf\"><span style=\"font-family: Calibri\">Edital Probic<\/span><\/a><\/td>\n<td style=\"width: 8.98083%\" align=\"left\"><a href=\"https:\/\/www.ufsm.br\/app\/uploads\/sites\/345\/2023\/07\/REISOLI-BENDER-1.pdf\"><span style=\"font-family: Calibri\">Resultado<\/span><\/a><\/td>\n<\/tr>\n<tr>\n<td style=\"width: 9.78809%\"><a href=\"https:\/\/www.ufsm.br\/app\/uploads\/sites\/345\/2023\/08\/REISOLI-BENDER-FILHO.pdf\"><span style=\"font-family: Calibri\">Edital Pibic<\/span><\/a><\/td>\n<td style=\"width: 8.98083%\"><a href=\"https:\/\/www.ufsm.br\/app\/uploads\/sites\/345\/2023\/08\/REISOLI-BENDER-FILHO-1.pdf\"><span style=\"font-family: Calibri\">Resultado<\/span><\/a><\/td>\n<\/tr>\n<\/tbody>\n<\/table>\n","protected":false},"excerpt":{"rendered":"<p>Coordenador IC UNIFICADO PIBIC AF ITI UNIFICADO Nome da Unidade Link Edital Status PIBIC PROBIC PIBITI PROBITI DANIEL ARRUDA CORONEL 2 1 0 0 0 DEPARTAMENTO DE ECONOMIA E RELA\u00c7\u00d5ES INTERNACIONAIS Edital Resultado Edital Resultado KALINCA L\u00c9IA BECKER 0 0 0 1 0 DEPARTAMENTO DE ECONOMIA E RELA\u00c7\u00d5ES INTERNACIONAIS Edital Resultado REISOLI BENDER FILHO 1 [&hellip;]<\/p>\n","protected":false},"author":743,"featured_media":0,"parent":0,"menu_order":0,"comment_status":"closed","ping_status":"closed","template":"","meta":{"footnotes":""},"categories":[],"tags":[],"class_list":["post-13975","page","type-page","status-publish","hentry"],"acf":[],"_links":{"self":[{"href":"https:\/\/www.ufsm.br\/pro-reitorias\/prpgp\/wp-json\/wp\/v2\/pages\/13975","targetHints":{"allow":["GET"]}}],"collection":[{"href":"https:\/\/www.ufsm.br\/pro-reitorias\/prpgp\/wp-json\/wp\/v2\/pages"}],"about":[{"href":"https:\/\/www.ufsm.br\/pro-reitorias\/prpgp\/wp-json\/wp\/v2\/types\/page"}],"author":[{"embeddable":true,"href":"https:\/\/www.ufsm.br\/pro-reitorias\/prpgp\/wp-json\/wp\/v2\/users\/743"}],"replies":[{"embeddable":true,"href":"https:\/\/www.ufsm.br\/pro-reitorias\/prpgp\/wp-json\/wp\/v2\/comments?post=13975"}],"version-history":[{"count":0,"href":"https:\/\/www.ufsm.br\/pro-reitorias\/prpgp\/wp-json\/wp\/v2\/pages\/13975\/revisions"}],"wp:attachment":[{"href":"https:\/\/www.ufsm.br\/pro-reitorias\/prpgp\/wp-json\/wp\/v2\/media?parent=13975"}],"wp:term":[{"taxonomy":"category","embeddable":true,"href":"https:\/\/www.ufsm.br\/pro-reitorias\/prpgp\/wp-json\/wp\/v2\/categories?post=13975"},{"taxonomy":"post_tag","embeddable":true,"href":"https:\/\/www.ufsm.br\/pro-reitorias\/prpgp\/wp-json\/wp\/v2\/tags?post=13975"}],"curies":[{"name":"wp","href":"https:\/\/api.w.org\/{rel}","templated":true}]}}