{"id":18367,"date":"2025-02-19T11:45:37","date_gmt":"2025-02-19T14:45:37","guid":{"rendered":"https:\/\/www.ufsm.br\/pro-reitorias\/prpgp\/?page_id=18367"},"modified":"2025-11-03T20:25:11","modified_gmt":"2025-11-03T23:25:11","slug":"bolsas-fipe-campus-de-palmeira-das-missoes-pm-2","status":"publish","type":"page","link":"https:\/\/www.ufsm.br\/pro-reitorias\/prpgp\/bolsas-fipe-campus-de-palmeira-das-missoes-pm-2","title":{"rendered":"Bolsas FIPE \u2013 Campus de Palmeira das Miss\u00f5es (PM)"},"content":{"rendered":"\t\t<div data-elementor-type=\"wp-page\" data-elementor-id=\"18367\" class=\"elementor elementor-18367\">\n\t\t\t\t\t\t<section class=\"elementor-section elementor-top-section elementor-element elementor-element-6840cdb elementor-section-boxed elementor-section-height-default elementor-section-height-default\" data-id=\"6840cdb\" data-element_type=\"section\">\n\t\t\t\t\t\t<div class=\"elementor-container elementor-column-gap-default\">\n\t\t\t\t\t<div class=\"elementor-column elementor-col-100 elementor-top-column elementor-element elementor-element-fd069de\" data-id=\"fd069de\" data-element_type=\"column\">\n\t\t\t<div class=\"elementor-widget-wrap elementor-element-populated\">\n\t\t\t\t\t\t<div class=\"elementor-element elementor-element-192671c elementor-widget elementor-widget-text-editor\" data-id=\"192671c\" data-element_type=\"widget\" data-widget_type=\"text-editor.default\">\n\t\t\t\t<div class=\"elementor-widget-container\">\n\t\t\t\t\t\t\t<p>Abaixo voc\u00ea est\u00e1 visualizando todas as bolsas de <a href=\"https:\/\/www.ufsm.br\/pro-reitorias\/prpgp\/editais\/012-2025\"><strong>IC do Edital 012\/2025 FIPE UNIFICADO<\/strong><\/a> dispon\u00edveis nesta unidade, ordenadas por \u00e1rea de classifica\u00e7\u00e3o do CNPq e por docente. Voc\u00ea poder\u00e1 escolher a \u00e1rea com a qual tem afinidade ou com a qual deseja trabalhar ou, ainda, poder\u00e1 escolher o docente com quem deseja trabalhar. <strong>O detalhamento das informa\u00e7\u00f5es para a sele\u00e7\u00e3o, tais como cronograma de inscri\u00e7\u00e3o, exig\u00eancias e etapas da sele\u00e7\u00e3o do bolsista e outras caracter\u00edsticas do projeto voc\u00ea obter\u00e1 clicando no link do edital espec\u00edfico.<\/strong> O resultado final da sele\u00e7\u00e3o est\u00e1 dispon\u00edvel ap\u00f3s conclu\u00edda a etapa de sele\u00e7\u00e3o por parte do docente.<\/p><table style=\"height: 1058px;width: 100.761%;border-collapse: collapse;border-color: #000000\"><tbody><tr style=\"height: 24px\"><td style=\"width: 16.9709%;height: 13px;border-color: #000000;background-color: #ffffff;text-align: center\"><span style=\"color: #000000\"><strong>\u00c1rea CNPq<\/strong><\/span><\/td><td style=\"width: 37.6859%;text-align: center;border-color: #000000;height: 13px\"><strong>Sub\u00e1rea<\/strong><\/td><td style=\"width: 51.9049%;height: 13px;text-align: center;border-color: #000000\"><strong>Docente<\/strong><\/td><td style=\"width: 20.4724%;height: 13px;text-align: center;border-color: #000000\"><strong>Bolsas<\/strong><\/td><td style=\"width: 2.4461%;height: 13px;background-color: #1841a8;border-color: #000000;text-align: center\"><span style=\"color: #ffffff\"><strong>Edital<\/strong><\/span><\/td><td style=\"width: 16.8453%;height: 13px;background-color: #114d12;border-color: #000000;text-align: center\"><span style=\"color: #ffffff\"><strong>Resultado<\/strong><\/span><\/td><\/tr><tr style=\"height: 96px\"><td style=\"width: 16.9709%;border-color: #000000;text-align: center;height: 96px\" align=\"left\" valign=\"middle\" height=\"82\" data-sheets-value=\"{ &quot;1&quot;: 2, &quot;2&quot;: &quot;ADMINISTRA\u00c7\u00c3O, CI\u00caNCIAS CONT\u00c1BEIS E TURISMO&quot;}\"><span style=\"color: #000000;font-family: SansSerif\">ADMINISTRA\u00c7\u00c3O, CI\u00caNCIAS CONT\u00c1BEIS E TURISMO<\/span><\/td><td style=\"width: 37.6859%;border-color: #000000;text-align: center;height: 96px\" align=\"left\" valign=\"middle\" data-sheets-value=\"{ &quot;1&quot;: 2, &quot;2&quot;: &quot;ADMINISTRA\u00c7\u00c3O DE EMPRESAS&quot;}\"><span style=\"color: #000000;font-family: SansSerif\">ADMINISTRA\u00c7\u00c3O DE EMPRESAS<\/span><\/td><td style=\"width: 51.9049%;border-color: #000000;text-align: center;height: 96px\" align=\"left\" valign=\"middle\" data-sheets-value=\"{ &quot;1&quot;: 2, &quot;2&quot;: &quot;TA\u00cdSE F\u00c1TIMA MATTEI&quot;}\"><span style=\"color: #000000;font-family: SansSerif\">TA\u00cdSE F\u00c1TIMA MATTEI<\/span><\/td><td style=\"width: 20.4724%;text-align: center;border-color: #000000;background-color: #ffffff;height: 96px\">1<\/td><td style=\"width: 2.4461%;text-align: center;border-color: #000000;background-color: #ffffff;height: 96px\"><a href=\"https:\/\/www.ufsm.br\/app\/uploads\/sites\/345\/2025\/04\/Taise-Fatima-Mattei_Edital-012_2025_FIPE-UNIFICADO_anexo-2_edital-de-selecao.pdf\"><strong><em> link<\/em><\/strong><\/a><\/td><td style=\"width: 16.8453%;text-align: center;border-color: #000000;background-color: #ffffff;height: 96px\"><a href=\"https:\/\/www.ufsm.br\/app\/uploads\/sites\/345\/2025\/04\/Taise-Fatima-Mattei-1.pdf\"><strong><em> link<\/em><\/strong><\/a><\/td><\/tr><tr style=\"height: 50px\"><td style=\"width: 16.9709%;border-color: #000000;text-align: center;height: 50px\"><span style=\"color: #000000;font-family: SansSerif\">ENFERMAGEM<\/span><\/td><td style=\"width: 37.6859%;border-color: #000000;text-align: center;height: 50px\"><span style=\"color: #000000;font-family: SansSerif\">CUIDADO EDUCA\u00c7\u00c3O E TRABALHO\u00a0 EM ENFERMAGEM E SA\u00daDE<\/span><\/td><td style=\"width: 51.9049%;border-color: #000000;text-align: center;height: 50px\"><span style=\"color: #000000;font-family: SansSerif\">ANDRESSA DE ANDRADE<\/span><\/td><td style=\"width: 20.4724%;text-align: center;border-color: #000000;background-color: #ffffff;height: 50px\">1<\/td><td style=\"width: 2.4461%;text-align: center;border-color: #000000;background-color: #ffffff;height: 50px\"><a href=\"https:\/\/www.ufsm.br\/app\/uploads\/sites\/345\/2025\/10\/Andressa-de-Andrade.pdf\"><strong><em>link<\/em><\/strong><\/a><\/td><td style=\"width: 16.8453%;text-align: center;border-color: #000000;background-color: #ffffff;height: 50px\"><a href=\"https:\/\/www.ufsm.br\/app\/uploads\/sites\/345\/2025\/11\/Resultado_Final_FIPE_2025_assinado-1.pdf\"><strong><em>link\u00a0<\/em><\/strong><\/a><\/td><\/tr><tr style=\"height: 96px\"><td style=\"width: 16.9709%;border-color: #000000;text-align: center;height: 96px\" align=\"left\" valign=\"middle\" bgcolor=\"#FFFFFF\" height=\"77\" data-sheets-value=\"{ &quot;1&quot;: 2, &quot;2&quot;: &quot;ENFERMAGEM&quot;}\"><span style=\"color: #000000;font-family: SansSerif\">ENFERMAGEM<\/span><\/td><td style=\"width: 37.6859%;border-color: #000000;text-align: center;height: 96px\" align=\"left\" valign=\"middle\" bgcolor=\"#FFFFFF\" data-sheets-value=\"{ &quot;1&quot;: 2, &quot;2&quot;: &quot;ENFERMAGEM EM SA\u00daDE DA CRIAN\u00c7A E DO ADOLESCENTE&quot;}\"><span style=\"color: #000000;font-family: SansSerif\">ENFERMAGEM EM SA\u00daDE DA CRIAN\u00c7A E DO ADOLESCENTE<\/span><\/td><td style=\"width: 51.9049%;border-color: #000000;text-align: center;height: 96px\" align=\"left\" valign=\"middle\" bgcolor=\"#FFFFFF\" data-sheets-value=\"{ &quot;1&quot;: 2, &quot;2&quot;: &quot;ANDRESSA DA SILVEIRA&quot;}\"><span style=\"color: #000000;font-family: SansSerif\">ANDRESSA DA SILVEIRA<\/span><\/td><td style=\"width: 20.4724%;text-align: center;border-color: #000000;background-color: #ffffff;height: 96px\">1<\/td><td style=\"width: 2.4461%;text-align: center;border-color: #000000;background-color: #ffffff;height: 96px\"><a href=\"https:\/\/www.ufsm.br\/app\/uploads\/sites\/345\/2025\/04\/ANDRESSA-DA-SILVEIRA_edital_fipe_2025.pdf\"><strong><em> link<\/em><\/strong><\/a><\/td><td style=\"width: 16.8453%;text-align: center;border-color: #000000;background-color: #ffffff;height: 96px\"><a href=\"https:\/\/www.ufsm.br\/app\/uploads\/sites\/345\/2025\/04\/ANDRESSA-DA-SILVEIRA.pdf\"><strong><em>link\u00a0<\/em><\/strong><\/a><\/td><\/tr><tr style=\"height: 24px\"><td style=\"width: 16.9709%;border-color: #000000;text-align: center;height: 34px\" rowspan=\"2\" align=\"left\" valign=\"middle\" bgcolor=\"#FFFFFF\" height=\"77\" data-sheets-value=\"{ &quot;1&quot;: 2, &quot;2&quot;: &quot;ENFERMAGEM&quot;}\"><span style=\"color: #000000;font-family: SansSerif\">ENFERMAGEM<\/span><span style=\"color: #000000;font-family: SansSerif\"><br \/><\/span><\/td><td style=\"width: 37.6859%;border-color: #000000;text-align: center;height: 34px\" rowspan=\"2\" align=\"left\" valign=\"middle\" bgcolor=\"#FFFFFF\" data-sheets-value=\"{ &quot;1&quot;: 2, &quot;2&quot;: &quot;ENFERMAGEM EM SA\u00daDE DO ADULTO E DO IDOSO&quot;}\"><span style=\"color: #000000;font-family: SansSerif\">ENFERMAGEM EM SA\u00daDE DO ADULTO E DO IDOSO<\/span><span style=\"color: #000000;font-family: SansSerif\"><br \/><\/span><\/td><td style=\"width: 51.9049%;border-color: #000000;text-align: center;height: 34px\" rowspan=\"2\" align=\"left\" valign=\"middle\" bgcolor=\"#FFFFFF\" data-sheets-value=\"{ &quot;1&quot;: 2, &quot;2&quot;: &quot;ALEXA PUPIARA FLORES COELHO CENTENARO&quot;}\"><span style=\"color: #000000;font-family: SansSerif\">ALEXA PUPIARA FLORES COELHO CENTENARO<\/span><span style=\"color: #000000;font-family: SansSerif\"><br \/><\/span><\/td><td style=\"width: 20.4724%;text-align: center;border-color: #000000;background-color: #ffffff;height: 34px\" rowspan=\"2\">1<\/td><td style=\"width: 2.4461%;text-align: center;border-color: #000000;background-color: #ffffff;height: 24px\"><a href=\"https:\/\/www.ufsm.br\/app\/uploads\/sites\/345\/2025\/04\/Alexa-Pupiara-Flores-Coelho-Centenaro.pdf\"><strong><em> link<\/em><\/strong><\/a><\/td><td style=\"width: 16.8453%;text-align: center;border-color: #000000;background-color: #ffffff;height: 24px\"><a href=\"https:\/\/www.ufsm.br\/app\/uploads\/sites\/345\/2025\/04\/Alexa-Pupiara-Flores.pdf\"><strong><em>link\u00a0<\/em><\/strong><\/a><\/td><\/tr><tr style=\"height: 10px\"><td style=\"width: 2.4461%;text-align: center;border-color: #000000;background-color: #ffffff;height: 10px\"><a href=\"https:\/\/www.ufsm.br\/app\/uploads\/sites\/345\/2025\/05\/Alexa-Pupiara-Flores-Coelho-Centenaro.pdf\"><strong><em>link<\/em><\/strong><\/a><\/td><td style=\"width: 16.8453%;text-align: center;border-color: #000000;background-color: #ffffff;height: 10px\"><strong><em>\u00a0<\/em><\/strong><\/td><\/tr><tr style=\"height: 77px\"><td style=\"width: 16.9709%;border-color: #000000;text-align: center;height: 77px\" align=\"left\" valign=\"middle\" bgcolor=\"#FFFFFF\" height=\"77\" data-sheets-value=\"{ &quot;1&quot;: 2, &quot;2&quot;: &quot;ENFERMAGEM&quot;}\"><span style=\"color: #000000;font-family: SansSerif\">ENFERMAGEM<\/span><\/td><td style=\"width: 37.6859%;border-color: #000000;text-align: center;height: 77px\" align=\"left\" valign=\"middle\" bgcolor=\"#FFFFFF\" data-sheets-value=\"{ &quot;1&quot;: 2, &quot;2&quot;: &quot;ENFERMAGEM PEDI\u00c1TRICA&quot;}\"><span style=\"color: #000000;font-family: SansSerif\">ENFERMAGEM PEDI\u00c1TRICA<\/span><\/td><td style=\"width: 51.9049%;border-color: #000000;text-align: center;height: 77px\" align=\"left\" valign=\"middle\" bgcolor=\"#FFFFFF\" data-sheets-value=\"{ &quot;1&quot;: 2, &quot;2&quot;: &quot;LEONARDO BIGOLIN JANTSCH&quot;}\"><span style=\"color: #000000;font-family: SansSerif\">LEONARDO BIGOLIN JANTSCH<\/span><\/td><td style=\"width: 20.4724%;text-align: center;border-color: #000000;background-color: #ffffff;height: 77px\">1<\/td><td style=\"width: 2.4461%;text-align: center;border-color: #000000;background-color: #ffffff;height: 77px\"><a href=\"https:\/\/www.ufsm.br\/app\/uploads\/sites\/345\/2025\/04\/Leonardo-Bigolin-Jantsch_Edital_FIPE-2025.pdf\"><strong><em>link<\/em><\/strong><\/a><\/td><td style=\"width: 16.8453%;text-align: center;border-color: #000000;background-color: #ffffff;height: 77px\"><a href=\"https:\/\/www.ufsm.br\/app\/uploads\/sites\/345\/2025\/04\/Leonardo-Bigolin-Jantsch.pdf\"><strong><em>link\u00a0<\/em><\/strong><\/a><\/td><\/tr><tr style=\"height: 77px\"><td style=\"width: 16.9709%;border-color: #000000;text-align: center;height: 77px\" align=\"left\" valign=\"middle\" bgcolor=\"#FFFFFF\" height=\"77\" data-sheets-value=\"{ &quot;1&quot;: 2, &quot;2&quot;: &quot;ENFERMAGEM&quot;}\"><span style=\"color: #000000;font-family: SansSerif\">ENFERMAGEM<\/span><\/td><td style=\"width: 37.6859%;border-color: #000000;text-align: center;height: 77px\" align=\"left\" valign=\"middle\" bgcolor=\"#FFFFFF\" data-sheets-value=\"{ &quot;1&quot;: 2, &quot;2&quot;: &quot;ENFERMAGEM DE SA\u00daDE P\u00daBLICA&quot;}\"><span style=\"color: #000000;font-family: SansSerif\">ENFERMAGEM DE SA\u00daDE P\u00daBLICA<\/span><\/td><td style=\"width: 51.9049%;border-color: #000000;text-align: center;height: 77px\" align=\"left\" valign=\"middle\" bgcolor=\"#FFFFFF\" data-sheets-value=\"{ &quot;1&quot;: 2, &quot;2&quot;: &quot;JAQUELINE ARBOIT&quot;}\"><span style=\"color: #000000;font-family: SansSerif\">JAQUELINE ARBOIT<\/span><\/td><td style=\"width: 20.4724%;text-align: center;border-color: #000000;background-color: #ffffff;height: 77px\">1<\/td><td style=\"width: 2.4461%;text-align: center;border-color: #000000;background-color: #ffffff;height: 77px\"><a href=\"https:\/\/www.ufsm.br\/app\/uploads\/sites\/345\/2025\/04\/Jaqueline-Arboit.pdf\"><strong><em> link<\/em><\/strong><\/a><\/td><td style=\"width: 16.8453%;text-align: center;border-color: #000000;background-color: #ffffff;height: 77px\"><a href=\"https:\/\/www.ufsm.br\/app\/uploads\/sites\/345\/2025\/04\/Jaqueline-Arboit-1.pdf\"><strong><em>link\u00a0<\/em><\/strong><\/a><\/td><\/tr><tr style=\"height: 96px\"><td style=\"width: 16.9709%;border-color: #000000;text-align: center;height: 96px\" align=\"left\" valign=\"middle\" bgcolor=\"#FFFFFF\" height=\"77\" data-sheets-value=\"{ &quot;1&quot;: 2, &quot;2&quot;: &quot;ENFERMAGEM&quot;}\"><span style=\"color: #000000;font-family: SansSerif\">ENFERMAGEM<\/span><\/td><td style=\"width: 37.6859%;border-color: #000000;text-align: center;height: 96px\" align=\"left\" valign=\"middle\" bgcolor=\"#FFFFFF\" data-sheets-value=\"{ &quot;1&quot;: 2, &quot;2&quot;: &quot;ENFERMAGEM EM SA\u00daDE DA CRIAN\u00c7A E DO ADOLESCENTE&quot;}\"><span style=\"color: #000000;font-family: SansSerif\">ENFERMAGEM EM SA\u00daDE DA CRIAN\u00c7A E DO ADOLESCENTE<\/span><\/td><td style=\"width: 51.9049%;border-color: #000000;text-align: center;height: 96px\" align=\"left\" valign=\"middle\" bgcolor=\"#FFFFFF\" data-sheets-value=\"{ &quot;1&quot;: 2, &quot;2&quot;: &quot;NEILA SANTINI DE SOUZA&quot;}\"><span style=\"color: #000000;font-family: SansSerif\">NEILA SANTINI DE SOUZA<\/span><\/td><td style=\"width: 20.4724%;text-align: center;border-color: #000000;background-color: #ffffff;height: 96px\">1<\/td><td style=\"width: 2.4461%;text-align: center;border-color: #000000;background-color: #ffffff;height: 96px\"><a href=\"https:\/\/www.ufsm.br\/app\/uploads\/sites\/345\/2025\/04\/Neila-Santini-de-Souza.pdf\"><strong><em> link<\/em><\/strong><\/a><\/td><td style=\"width: 16.8453%;text-align: center;border-color: #000000;background-color: #ffffff;height: 96px\"><a href=\"https:\/\/www.ufsm.br\/app\/uploads\/sites\/345\/2025\/04\/Neila-Santini-de-Souza_Resultado_final_Boslistas_FIPE_2025.pdf\"><strong><em>link\u00a0<\/em><\/strong><\/a><\/td><\/tr><tr style=\"height: 77px\"><td style=\"width: 16.9709%;border-color: #000000;text-align: center;height: 77px\" align=\"left\" valign=\"middle\" height=\"77\" data-sheets-value=\"{ &quot;1&quot;: 2, &quot;2&quot;: &quot;ENFERMAGEM&quot;}\"><span style=\"color: #000000;font-family: SansSerif\">ENFERMAGEM<\/span><\/td><td style=\"width: 37.6859%;border-color: #000000;text-align: center;height: 77px\" align=\"left\" valign=\"middle\" data-sheets-value=\"{ &quot;1&quot;: 2, &quot;2&quot;: &quot;ENFERMAGEM M\u00c9DICO-CIR\u00daRGICA&quot;}\"><span style=\"color: #000000;font-family: SansSerif\">ENFERMAGEM M\u00c9DICO-CIR\u00daRGICA<\/span><\/td><td style=\"width: 51.9049%;border-color: #000000;text-align: center;height: 77px\" align=\"left\" valign=\"middle\" data-sheets-value=\"{ &quot;1&quot;: 2, &quot;2&quot;: &quot;OCLARIS LOPES MUNHOZ&quot;}\"><span style=\"color: #000000;font-family: SansSerif\">OCLARIS LOPES MUNHOZ<\/span><\/td><td style=\"width: 20.4724%;text-align: center;border-color: #000000;background-color: #ffffff;height: 77px\">1<\/td><td style=\"width: 2.4461%;text-align: center;border-color: #000000;background-color: #ffffff;height: 77px\"><a href=\"https:\/\/www.ufsm.br\/app\/uploads\/sites\/345\/2025\/04\/Oclaris-Lopes-Munhoz_Edital-012_2025_FIPE-UNIFICADO_anexo-2_edital-de-selecao.pdf\"><strong><em> link<\/em><\/strong><\/a><\/td><td style=\"width: 16.8453%;text-align: center;border-color: #000000;background-color: #ffffff;height: 77px\"><a href=\"https:\/\/www.ufsm.br\/app\/uploads\/sites\/345\/2025\/04\/Oclaris-Lopes-Munhoz.pdf\"><strong><em> link<\/em><\/strong><\/a><\/td><\/tr><tr style=\"height: 96px\"><td style=\"width: 16.9709%;border-color: #000000;text-align: center;height: 96px\" align=\"left\" valign=\"middle\" bgcolor=\"#FFFFFF\" height=\"77\" data-sheets-value=\"{ &quot;1&quot;: 2, &quot;2&quot;: &quot;ENFERMAGEM&quot;}\"><span style=\"color: #000000;font-family: SansSerif\">ENFERMAGEM<\/span><\/td><td style=\"width: 37.6859%;border-color: #000000;text-align: center;height: 96px\" align=\"left\" valign=\"middle\" bgcolor=\"#FFFFFF\" data-sheets-value=\"{ &quot;1&quot;: 2, &quot;2&quot;: &quot;ENFERMAGEM EM SA\u00daDE DO ADULTO E DO IDOSO&quot;}\"><span style=\"color: #000000;font-family: SansSerif\">ENFERMAGEM EM SA\u00daDE DO ADULTO E DO IDOSO<\/span><\/td><td style=\"width: 51.9049%;border-color: #000000;text-align: center;height: 96px\" align=\"left\" valign=\"middle\" bgcolor=\"#FFFFFF\" data-sheets-value=\"{ &quot;1&quot;: 2, &quot;2&quot;: &quot;ELIANE RAQUEL RIETH BENETTI&quot;}\"><span style=\"color: #000000;font-family: SansSerif\">ELIANE RAQUEL RIETH BENETTI<\/span><\/td><td style=\"width: 20.4724%;text-align: center;border-color: #000000;background-color: #ffffff;height: 96px\">1<\/td><td style=\"width: 2.4461%;text-align: center;border-color: #000000;background-color: #ffffff;height: 96px\"><a href=\"https:\/\/www.ufsm.br\/app\/uploads\/sites\/345\/2025\/04\/Eliane-Raquel-Rieth-Benetti-1.pdf\"><strong><em> link<\/em><\/strong><\/a><\/td><td style=\"width: 16.8453%;text-align: center;border-color: #000000;background-color: #ffffff;height: 96px\"><a href=\"https:\/\/www.ufsm.br\/app\/uploads\/sites\/345\/2025\/04\/Eliane-Raquel-Rieth-Benetti-2.pdf\"><strong><em> link<\/em><\/strong><\/a><\/td><\/tr><tr style=\"height: 77px\"><td style=\"width: 16.9709%;border-color: #000000;text-align: center;height: 77px\" align=\"left\" valign=\"middle\" bgcolor=\"#FFFFFF\" height=\"77\" data-sheets-value=\"{ &quot;1&quot;: 2, &quot;2&quot;: &quot;MULTIDISCIPLINAR&quot;}\"><span style=\"color: #000000;font-family: SansSerif\">MULTIDISCIPLINAR<\/span><\/td><td style=\"width: 37.6859%;border-color: #000000;text-align: center;height: 77px\" align=\"left\" valign=\"middle\" bgcolor=\"#FFFFFF\" data-sheets-value=\"{ &quot;1&quot;: 2, &quot;2&quot;: &quot;PASTAGEM E FORRAGICULTURA&quot;}\"><span style=\"color: #000000;font-family: SansSerif\">PASTAGEM E FORRAGICULTURA<\/span><\/td><td style=\"width: 51.9049%;border-color: #000000;text-align: center;height: 77px\" align=\"left\" valign=\"middle\" bgcolor=\"#FFFFFF\" data-sheets-value=\"{ &quot;1&quot;: 2, &quot;2&quot;: &quot;JOAO PEDRO VELHO&quot;}\"><span style=\"color: #000000;font-family: SansSerif\">JOAO PEDRO VELHO<\/span><\/td><td style=\"width: 20.4724%;text-align: center;border-color: #000000;background-color: #ffffff;height: 77px\">1<\/td><td style=\"width: 2.4461%;text-align: center;border-color: #000000;background-color: #ffffff;height: 77px\"><a href=\"https:\/\/www.ufsm.br\/app\/uploads\/sites\/345\/2025\/04\/Edital_de_Selecao_de_Bolsista_FIPE_2025_-_Prof._Joao_Pedro_Velho_assinado.pdf\"><strong><em>link<\/em><\/strong><\/a><\/td><td style=\"width: 16.8453%;text-align: center;border-color: #000000;background-color: #ffffff;height: 77px\"><a href=\"https:\/\/www.ufsm.br\/app\/uploads\/sites\/345\/2025\/04\/Joao-Pedro-Velho_Edital_FIPE_2025_Resultado_FINAL.pdf\"><strong><em>link\u00a0<\/em><\/strong><\/a><\/td><\/tr><tr style=\"height: 77px\"><td style=\"width: 16.9709%;border-color: #000000;text-align: center;height: 77px\" align=\"left\" valign=\"middle\" bgcolor=\"#FFFFFF\" height=\"77\" data-sheets-value=\"{ &quot;1&quot;: 2, &quot;2&quot;: &quot;MULTIDISCIPLINAR&quot;}\"><span style=\"color: #000000;font-family: SansSerif\">MULTIDISCIPLINAR<\/span><\/td><td style=\"width: 37.6859%;border-color: #000000;text-align: center;height: 77px\" align=\"left\" valign=\"middle\" bgcolor=\"#FFFFFF\" data-sheets-value=\"{ &quot;1&quot;: 2, &quot;2&quot;: &quot;EXTENS\u00c3O RURAL&quot;}\"><span style=\"color: #000000;font-family: SansSerif\">EXTENS\u00c3O RURAL<\/span><\/td><td style=\"width: 51.9049%;border-color: #000000;text-align: center;height: 77px\" align=\"left\" valign=\"middle\" bgcolor=\"#FFFFFF\" data-sheets-value=\"{ &quot;1&quot;: 2, &quot;2&quot;: &quot;ROSANI MARISA SPANEVELLO&quot;}\"><span style=\"color: #000000;font-family: SansSerif\">ROSANI MARISA SPANEVELLO<\/span><\/td><td style=\"width: 20.4724%;text-align: center;border-color: #000000;background-color: #ffffff;height: 77px\">1<\/td><td style=\"width: 2.4461%;text-align: center;border-color: #000000;background-color: #ffffff;height: 77px\"><a href=\"https:\/\/www.ufsm.br\/app\/uploads\/sites\/345\/2025\/04\/ROSANI-MARISA-SPANEVELLO_Edital_Selecao_Bolsista_versao_publicacao_assinado.pdf\"><strong><em> link<\/em><\/strong><\/a><\/td><td style=\"width: 16.8453%;text-align: center;border-color: #000000;background-color: #ffffff;height: 77px\"><a href=\"https:\/\/www.ufsm.br\/app\/uploads\/sites\/345\/2025\/04\/Rosani-Marisa-Spanevello.pdf\"><strong><em>link\u00a0<\/em><\/strong><\/a><\/td><\/tr><tr style=\"height: 96px\"><td style=\"width: 16.9709%;border-color: #000000;text-align: center;height: 96px\" align=\"left\" valign=\"middle\" bgcolor=\"#FFFFFF\" height=\"77\" data-sheets-value=\"{ &quot;1&quot;: 2, &quot;2&quot;: &quot;MULTIDISCIPLINAR&quot;}\"><span style=\"color: #000000;font-family: SansSerif\">MULTIDISCIPLINAR<\/span><\/td><td style=\"width: 37.6859%;border-color: #000000;text-align: center;height: 96px\" align=\"left\" valign=\"middle\" bgcolor=\"#FFFFFF\" data-sheets-value=\"{ &quot;1&quot;: 2, &quot;2&quot;: &quot;ECONOMIA AGR\u00c1RIA E DOS RECURSOS NATURAIS&quot;}\"><span style=\"color: #000000;font-family: SansSerif\">ECONOMIA AGR\u00c1RIA E DOS RECURSOS NATURAIS<\/span><\/td><td style=\"width: 51.9049%;border-color: #000000;text-align: center;height: 96px\" align=\"left\" valign=\"middle\" bgcolor=\"#FFFFFF\" data-sheets-value=\"{ &quot;1&quot;: 2, &quot;2&quot;: &quot;TANICE ANDREATTA&quot;}\"><span style=\"color: #000000;font-family: SansSerif\">TANICE ANDREATTA<\/span><\/td><td style=\"width: 20.4724%;text-align: center;border-color: #000000;background-color: #ffffff;height: 96px\">1<\/td><td style=\"width: 2.4461%;text-align: center;border-color: #000000;background-color: #ffffff;height: 96px\"><a href=\"https:\/\/www.ufsm.br\/app\/uploads\/sites\/345\/2025\/04\/Tanice-Andreatta.pdf\"><strong><em>link<\/em><\/strong><\/a><\/td><td style=\"width: 16.8453%;text-align: center;border-color: #000000;background-color: #ffffff;height: 96px\"><a href=\"https:\/\/www.ufsm.br\/app\/uploads\/sites\/345\/2025\/04\/Tanice-Andreatta_Resultado-Final-Fipe-Senior-2025.pdf\"><strong><em>link\u00a0<\/em><\/strong><\/a><\/td><\/tr><tr style=\"height: 96px\"><td style=\"width: 16.9709%;border-color: #000000;text-align: center;height: 96px\" align=\"left\" valign=\"middle\" bgcolor=\"#FFFFFF\" height=\"77\" data-sheets-value=\"{ &quot;1&quot;: 2, &quot;2&quot;: &quot;MULTIDISCIPLINAR&quot;}\"><span style=\"color: #000000;font-family: SansSerif\">MULTIDISCIPLINAR<\/span><\/td><td style=\"width: 37.6859%;border-color: #000000;text-align: center;height: 96px\" align=\"left\" valign=\"middle\" bgcolor=\"#FFFFFF\" data-sheets-value=\"{ &quot;1&quot;: 2, &quot;2&quot;: &quot;ADMINISTRA\u00c7\u00c3O DE SETORES ESPEC\u00cdFICOS&quot;}\"><span style=\"color: #000000;font-family: SansSerif\">ADMINISTRA\u00c7\u00c3O DE SETORES ESPEC\u00cdFICOS<\/span><\/td><td style=\"width: 51.9049%;border-color: #000000;text-align: center;height: 96px\" align=\"left\" valign=\"middle\" bgcolor=\"#FFFFFF\" data-sheets-value=\"{ &quot;1&quot;: 2, &quot;2&quot;: &quot;NELSON GUILHERME MACHADO PINTO&quot;}\"><span style=\"color: #000000;font-family: SansSerif\">NELSON GUILHERME MACHADO PINTO<\/span><\/td><td style=\"width: 20.4724%;text-align: center;border-color: #000000;background-color: #ffffff;height: 96px\">1<\/td><td style=\"width: 2.4461%;text-align: center;border-color: #000000;background-color: #ffffff;height: 96px\"><a href=\"https:\/\/www.ufsm.br\/app\/uploads\/sites\/345\/2025\/04\/Edital_Selecao_de_Bolsista_FIPE_2025_-_Prof._Nelson_assinado.pdf\"><strong><em> l<\/em><em>ink<\/em><\/strong><\/a><\/td><td style=\"width: 16.8453%;text-align: center;border-color: #000000;background-color: #ffffff;height: 96px\"><a href=\"https:\/\/www.ufsm.br\/app\/uploads\/sites\/345\/2025\/04\/Nelson-Guilherme-Machado-Pinto.pdf\"><strong><em> link<\/em><\/strong><\/a><\/td><\/tr><\/tbody><\/table>\t\t\t\t\t\t<\/div>\n\t\t\t\t<\/div>\n\t\t\t\t\t<\/div>\n\t\t<\/div>\n\t\t\t\t\t<\/div>\n\t\t<\/section>\n\t\t\t\t<\/div>\n\t\t","protected":false},"excerpt":{"rendered":"<p>Abaixo voc\u00ea est\u00e1 visualizando todas as bolsas de IC do Edital 012\/2025 FIPE UNIFICADO dispon\u00edveis nesta unidade, ordenadas por \u00e1rea de classifica\u00e7\u00e3o do CNPq e por docente. Voc\u00ea poder\u00e1 escolher a \u00e1rea com a qual tem afinidade ou com a qual deseja trabalhar ou, ainda, poder\u00e1 escolher o docente com quem deseja trabalhar. O detalhamento [&hellip;]<\/p>\n","protected":false},"author":8259,"featured_media":0,"parent":0,"menu_order":0,"comment_status":"closed","ping_status":"closed","template":"","meta":{"footnotes":""},"categories":[],"tags":[],"class_list":["post-18367","page","type-page","status-publish","hentry"],"acf":[],"_links":{"self":[{"href":"https:\/\/www.ufsm.br\/pro-reitorias\/prpgp\/wp-json\/wp\/v2\/pages\/18367","targetHints":{"allow":["GET"]}}],"collection":[{"href":"https:\/\/www.ufsm.br\/pro-reitorias\/prpgp\/wp-json\/wp\/v2\/pages"}],"about":[{"href":"https:\/\/www.ufsm.br\/pro-reitorias\/prpgp\/wp-json\/wp\/v2\/types\/page"}],"author":[{"embeddable":true,"href":"https:\/\/www.ufsm.br\/pro-reitorias\/prpgp\/wp-json\/wp\/v2\/users\/8259"}],"replies":[{"embeddable":true,"href":"https:\/\/www.ufsm.br\/pro-reitorias\/prpgp\/wp-json\/wp\/v2\/comments?post=18367"}],"version-history":[{"count":0,"href":"https:\/\/www.ufsm.br\/pro-reitorias\/prpgp\/wp-json\/wp\/v2\/pages\/18367\/revisions"}],"wp:attachment":[{"href":"https:\/\/www.ufsm.br\/pro-reitorias\/prpgp\/wp-json\/wp\/v2\/media?parent=18367"}],"wp:term":[{"taxonomy":"category","embeddable":true,"href":"https:\/\/www.ufsm.br\/pro-reitorias\/prpgp\/wp-json\/wp\/v2\/categories?post=18367"},{"taxonomy":"post_tag","embeddable":true,"href":"https:\/\/www.ufsm.br\/pro-reitorias\/prpgp\/wp-json\/wp\/v2\/tags?post=18367"}],"curies":[{"name":"wp","href":"https:\/\/api.w.org\/{rel}","templated":true}]}}