{"id":368,"date":"2018-04-11T08:12:47","date_gmt":"2018-04-11T11:12:47","guid":{"rendered":"https:\/\/www.ufsm.br\/pro-reitorias\/prpgp\/?page_id=368"},"modified":"2018-06-29T15:16:29","modified_gmt":"2018-06-29T18:16:29","slug":"pibic-em","status":"publish","type":"page","link":"https:\/\/www.ufsm.br\/pro-reitorias\/prpgp\/pibic-em","title":{"rendered":"Programa Institucional de Bolsas de Inicia\u00e7\u00e3o Cient\u00edfica \u2013 Ensino M\u00e9dio (PIBIC-EM)"},"content":{"rendered":"<div class=\"item-page\">\n<p>Programa de concess\u00e3o de bolsas de inicia\u00e7\u00e3o cient\u00edfica vinculado ao CNPq, com objetivo de despertar a voca\u00e7\u00e3o cient\u00edfica e incentivar talentos potenciais entre estudantes do ensino m\u00e9dio e profissional.<\/p>\n<p>O <strong>Programa Institucional de Bolsas de Inicia\u00e7\u00e3o Cient\u00edfica \u2013 Ensino M\u00e9dio \u2013 (PIBIC-EM)<\/strong>, regulamentado tamb\u00e9m pela RN 017\/2006-CNPq,\u00a0 \u00e9 um programa de distribui\u00e7\u00e3o de bolsas do <strong>Conselho Nacional de Pesquisa (CNPq)<\/strong> que adota o sistema de cotas institucionais destinadas a fortalecer o processo de dissemina\u00e7\u00e3o das informa\u00e7\u00f5es e conhecimentos cient\u00edficos e tecnol\u00f3gicos b\u00e1sicos, bem como desenvolver as atitudes, habilidades e valores necess\u00e1rios \u00e0 educa\u00e7\u00e3o cient\u00edfica e tecnol\u00f3gica dos estudantes do ensino m\u00e9dio.<\/p>\n<p>O PIBIC-EM possui foco na cria\u00e7\u00e3o de uma cultura cient\u00edfica, j\u00e1 que os estudantes participar\u00e3o de atividades de educa\u00e7\u00e3o cient\u00edfica e\/ou tecnol\u00f3gica, orientadas por pesquisador qualificado. A UFSM distribui as cotas de acordo com a demanda e entre as escolas parceiras no programa.<\/p>\n<p>O edital interno \u00e9 publicado anualmente e regula a solicita\u00e7\u00e3o, avalia\u00e7\u00e3o e concess\u00e3o das bolsas PIBIC\/EM. Os sistemas de solicita\u00e7\u00e3o, avalia\u00e7\u00e3o, solicita\u00e7\u00e3o de recursos e indica\u00e7\u00e3o e substitui\u00e7\u00e3o de bolsistas \u00e9 realizado na web, atrav\u00e9s do aplicativo Portal do Professor.<\/p>\n<p>O solicitante deve possuir titula\u00e7\u00e3o de mestre ou doutor, ter v\u00ednculo institucional ativo de doc\u00eancia na gradua\u00e7\u00e3o ou p\u00f3s-gradua\u00e7\u00e3o, ou estar amparado pela resolu\u00e7\u00e3o 012\/2004, que compreenda o per\u00edodo integral da concess\u00e3o da cota de bolsa e possuir projeto registrado no SIE com data de encerramento dentro do per\u00edodo definido em edital.<\/p>\n<p><strong><br \/>\nEscolas atualmente vinculadas ao programa institucional:<\/strong><\/p>\n<p>Escola Estadual de Educa\u00e7\u00e3o B\u00e1sica Professora Margarida Lopes (Santa Maria);<br \/>\nEscola Estadual de Ensino M\u00e9dio Professora Maria Rocha (Santa Maria);<br \/>\nEscola Estadual T\u00e9cnica Celeste Gobbato (Palmeira das Miss\u00f5es);<br \/>\nCol\u00e9gio Agr\u00edcola de Frederico Westphalen (Frederico Westphalen);<br \/>\nCol\u00e9gio Estadual Professora Edna May Cardoso (Santa Maria);<br \/>\nCol\u00e9gio Polit\u00e9cnico da Universidade Federal de Santa Maria (Santa Maria);<br \/>\nCol\u00e9gio T\u00e9cnico Industrial de Santa Maria (Santa Maria).<\/p>\n<p>&nbsp;<\/p>\n<p>&nbsp;<\/p>\n<\/div>\n","protected":false},"excerpt":{"rendered":"<p>Programa de concess\u00e3o de bolsas de inicia\u00e7\u00e3o cient\u00edfica vinculado ao CNPq, com objetivo de despertar a voca\u00e7\u00e3o cient\u00edfica e incentivar talentos potenciais entre estudantes do ensino m\u00e9dio e profissional. O Programa Institucional de Bolsas de Inicia\u00e7\u00e3o Cient\u00edfica \u2013 Ensino M\u00e9dio \u2013 (PIBIC-EM), regulamentado tamb\u00e9m pela RN 017\/2006-CNPq,\u00a0 \u00e9 um programa de distribui\u00e7\u00e3o de bolsas do [&hellip;]<\/p>\n","protected":false},"author":74,"featured_media":0,"parent":0,"menu_order":0,"comment_status":"closed","ping_status":"closed","template":"","meta":{"footnotes":""},"categories":[],"tags":[],"class_list":["post-368","page","type-page","status-publish","hentry"],"acf":[],"_links":{"self":[{"href":"https:\/\/www.ufsm.br\/pro-reitorias\/prpgp\/wp-json\/wp\/v2\/pages\/368","targetHints":{"allow":["GET"]}}],"collection":[{"href":"https:\/\/www.ufsm.br\/pro-reitorias\/prpgp\/wp-json\/wp\/v2\/pages"}],"about":[{"href":"https:\/\/www.ufsm.br\/pro-reitorias\/prpgp\/wp-json\/wp\/v2\/types\/page"}],"author":[{"embeddable":true,"href":"https:\/\/www.ufsm.br\/pro-reitorias\/prpgp\/wp-json\/wp\/v2\/users\/74"}],"replies":[{"embeddable":true,"href":"https:\/\/www.ufsm.br\/pro-reitorias\/prpgp\/wp-json\/wp\/v2\/comments?post=368"}],"version-history":[{"count":0,"href":"https:\/\/www.ufsm.br\/pro-reitorias\/prpgp\/wp-json\/wp\/v2\/pages\/368\/revisions"}],"wp:attachment":[{"href":"https:\/\/www.ufsm.br\/pro-reitorias\/prpgp\/wp-json\/wp\/v2\/media?parent=368"}],"wp:term":[{"taxonomy":"category","embeddable":true,"href":"https:\/\/www.ufsm.br\/pro-reitorias\/prpgp\/wp-json\/wp\/v2\/categories?post=368"},{"taxonomy":"post_tag","embeddable":true,"href":"https:\/\/www.ufsm.br\/pro-reitorias\/prpgp\/wp-json\/wp\/v2\/tags?post=368"}],"curies":[{"name":"wp","href":"https:\/\/api.w.org\/{rel}","templated":true}]}}

Programa Institucional de Bolsas de Iniciação Científica – Ensino Médio (PIBIC-EM)

<div class="item-page">
<p>Programa de concessão de bolsas de iniciação científica vinculado ao CNPq, com objetivo de despertar a vocação científica e incentivar talentos potenciais entre estudantes do ensino médio e profissional.</p>
<p>O <strong>Programa Institucional de Bolsas de Iniciação Científica – Ensino Médio – (PIBIC-EM)</strong>, regulamentado também pela RN 017/2006-CNPq,  é um programa de distribuição de bolsas do <strong>Conselho Nacional de Pesquisa (CNPq)</strong> que adota o sistema de cotas institucionais destinadas a fortalecer o processo de disseminação das informações e conhecimentos científicos e tecnológicos básicos, bem como desenvolver as atitudes, habilidades e valores necessários à educação científica e tecnológica dos estudantes do ensino médio.</p>
<p>O PIBIC-EM possui foco na criação de uma cultura científica, já que os estudantes participarão de atividades de educação científica e/ou tecnológica, orientadas por pesquisador qualificado. A UFSM distribui as cotas de acordo com a demanda e entre as escolas parceiras no programa.</p>
<p>O edital interno é publicado anualmente e regula a solicitação, avaliação e concessão das bolsas PIBIC/EM. Os sistemas de solicitação, avaliação, solicitação de recursos e indicação e substituição de bolsistas é realizado na web, através do aplicativo Portal do Professor.</p>
<p>O solicitante deve possuir titulação de mestre ou doutor, ter vínculo institucional ativo de docência na graduação ou pós-graduação, ou estar amparado pela resolução 012/2004, que compreenda o período integral da concessão da cota de bolsa e possuir projeto registrado no SIE com data de encerramento dentro do período definido em edital.</p>
<p><strong><br />
Escolas atualmente vinculadas ao programa institucional:</strong></p>
<p>Escola Estadual de Educação Básica Professora Margarida Lopes (Santa Maria);<br />
Escola Estadual de Ensino Médio Professora Maria Rocha (Santa Maria);<br />
Escola Estadual Técnica Celeste Gobbato (Palmeira das Missões);<br />
Colégio Agrícola de Frederico Westphalen (Frederico Westphalen);<br />
Colégio Estadual Professora Edna May Cardoso (Santa Maria);<br />
Colégio Politécnico da Universidade Federal de Santa Maria (Santa Maria);<br />
Colégio Técnico Industrial de Santa Maria (Santa Maria).</p>
<p>&nbsp;</p>
<p>&nbsp;</p>
</div>

<p>Programa de concessão de bolsas de iniciação científica vinculado ao CNPq, com objetivo de despertar a vocação científica e incentivar talentos potenciais entre estudantes do ensino médio e profissional. O Programa Institucional de Bolsas de Iniciação Científica – Ensino Médio – (PIBIC-EM), regulamentado também pela RN 017/2006-CNPq,  é um programa de distribuição de bolsas do [&hellip;]</p>
