{"id":7292,"date":"2018-09-12T11:32:40","date_gmt":"2018-09-12T14:32:40","guid":{"rendered":"https:\/\/www.ufsm.br\/pro-reitorias\/prpgp\/?page_id=7292"},"modified":"2018-11-01T15:57:59","modified_gmt":"2018-11-01T18:57:59","slug":"editais-internos-2012","status":"publish","type":"page","link":"https:\/\/www.ufsm.br\/pro-reitorias\/prpgp\/editais-passados\/editais-internos-2012","title":{"rendered":"Editais Internos 2012"},"content":{"rendered":"<p><strong>JAI \u2013 Jornada Acad\u00eamica Integrada<br \/>\n<\/strong><em>Evento que objetiva estimular a inicia\u00e7\u00e3o dos alunos de gradua\u00e7\u00e3o e de p\u00f3s-gradua\u00e7\u00e3o no meio acad\u00eamico atrav\u00e9s da divulga\u00e7\u00e3o dos trabalhos de ensino, pesquisa e extens\u00e3o.<br \/>\n<a href=\"https:\/\/drive.google.com\/open?id=1m_f6j6m3ZgFr9vTLBO0wBEe_JihLEMbw\">Edital n.01\/2012 \u2013 27\u00aa Jornada Acad\u00eamica Integrada<\/a><\/em><\/p>\n<p><em><strong>PROINFRA \u2013 Chamada Interna da PRPGP\/UFSM MCT\/FINEP\/CT-INFRA<\/strong><br \/>\nChamada Interna da PRPGP\/UFSM MCT\/FINEP\/CT-INFRA-PROINFRA 01\/2012.\u00a0Para atender a chamada p\u00fablica MCT\/FINEP\/CT-INFRA \u2013 PROINFRA \u2013 01\/2012 a ser lan\u00e7ada pela FINEP, a PR\u00d3-REITORIA DE P\u00d3S-GRADUA\u00c7\u00c3O E PESQUISA estar\u00e1 acolhendo propostas para apoio financeiro de subprojetos de infra-estrutura de pesquisa<br \/>\n<a href=\"https:\/\/drive.google.com\/open?id=1cZ-hA0e8BHrlNUXidNSuSTKNMZ-eQ26P\">Chamada Interna<\/a><strong><br \/>\n<\/strong><a href=\"https:\/\/drive.google.com\/open?id=1cZ-hA0e8BHrlNUXidNSuSTKNMZ-eQ26P\">Ficha de Avaliacao CT Infra<\/a><strong><br \/>\n<\/strong><a href=\"https:\/\/drive.google.com\/open?id=1cZ-hA0e8BHrlNUXidNSuSTKNMZ-eQ26P\">Formul\u00e1rio para apresenta\u00e7\u00e3o de subprojetos<\/a><strong><br \/>\n<\/strong><a href=\"https:\/\/drive.google.com\/open?id=1cZ-hA0e8BHrlNUXidNSuSTKNMZ-eQ26P\">Rela\u00e7\u00e3o de itens solicitados<\/a><strong><br \/>\n<\/strong><a href=\"https:\/\/drive.google.com\/open?id=1cZ-hA0e8BHrlNUXidNSuSTKNMZ-eQ26P\">Descri\u00e7\u00e3o do Plano Institucional CT Infra<\/a><br \/>\n<a href=\"https:\/\/drive.google.com\/open?id=1cZ-hA0e8BHrlNUXidNSuSTKNMZ-eQ26P\">Estrat\u00e9gia Nacional de Ci\u00eancia, Tecnologia e Inova\u00e7\u00e3o 2011-2015<\/a><strong><br \/>\n<\/strong><a href=\"https:\/\/drive.google.com\/open?id=1cZ-hA0e8BHrlNUXidNSuSTKNMZ-eQ26P\">PDI\u00a0\u2013 Plano de Desenvolvimento Institucional 2011 \u2013 2015<\/a><br \/>\n<a href=\"https:\/\/drive.google.com\/open?id=1cZ-hA0e8BHrlNUXidNSuSTKNMZ-eQ26P\">Semin\u00e1rio de Elabora\u00e7\u00e3o de Subprojetos CT-INFRA-Paulo C Nascimento<\/a><br \/>\n<a href=\"https:\/\/drive.google.com\/open?id=1cZ-hA0e8BHrlNUXidNSuSTKNMZ-eQ26P\">Rela\u00e7\u00e3o de Equipamentos contemplados no Hist\u00f3rico dos Projetos CT-INFRA<\/a><\/em><\/p>\n<p><strong>APCN \u2013 Aplicativo para Propostas de Cursos Novos \u2013 Chamada interna para sele\u00e7\u00e3o de propostas de cursos novos<br \/>\n<\/strong><em>Essa Chamada Interna da PRPGP objetiva auxiliar na condu\u00e7\u00e3o do processo de elabora\u00e7\u00e3o de propostas de cursos novos stricto sensu (mestrado e\/ou doutorado) a serem submetidas a Diretoria de Avalia\u00e7\u00e3o da CAPES.<br \/>\n<a href=\"https:\/\/drive.google.com\/open?id=1oFr21p7i7D3q0-Cz2YEQksjSyF3lapMw\">Edital completo<\/a>\u00a0&#8211; data limite para apresenta\u00e7\u00e3o das propostas: 31\/08\/2012<\/em><\/p>\n<p><em><strong>BIC-REUNI \u2013 Programa Institucional de Bolsas de Inicia\u00e7\u00e3o Cient\u00edfica vinculado ao REUNI<br \/>\n<\/strong>Programa de concess\u00e3o de bolsas de inicia\u00e7\u00e3o cient\u00edfica voltado para o desenvolvimento do pensamento cient\u00edfico e inicia\u00e7\u00e3o \u00e0 pesquisa de estudantes de gradua\u00e7\u00e3o sob orienta\u00e7\u00e3o de docentes contratados pelo Programa de Reestrutura\u00e7\u00e3o e Expans\u00e3o das Universidades Federais \u2013 REUNI.<br \/>\n<a href=\"https:\/\/drive.google.com\/open?id=1Fdi1F1-a_Ak2OB9UjZCVV80lat_XSv-z\">Edital completo<\/a>: per\u00edodo de inscri\u00e7\u00e3o: 12 de abril a 03 de maio de 2012<br \/>\n<a href=\"https:\/\/drive.google.com\/open?id=1Fdi1F1-a_Ak2OB9UjZCVV80lat_XSv-z\">Ficha de Avalia\u00e7\u00e3o<\/a><\/em><\/p>\n<p><strong>Chamada Interna da PRPGP\/UFSM para sele\u00e7\u00e3o de Professor Visitante-2012<br \/>\n<\/strong>PR\u00d3-REITORIA DE P\u00d3S-GRADUA\u00c7\u00c3O E PESQUISA comunica que est\u00e1 aberta a Chamada Interna para contrata\u00e7\u00e3o de tr\u00eas novos professores visitantes na Universidade Federal de Santa Maria, vinculadas ao Programa REUNI, para atender a demanda dos Programas de P\u00f3s-gradua\u00e7\u00e3o stricto sensu e promover a intera\u00e7\u00e3o entre a gradua\u00e7\u00e3o e a p\u00f3s-gradua\u00e7\u00e3o.<br \/>\n<a href=\"https:\/\/drive.google.com\/open?id=1NtiYNBBQzf8qBv5aVTqvfUtTyS8KW0KK\">Chamada Interna Professor Visitante \u2013 2012 \u2013 REUNI-UFSM<\/a><\/p>\n<p><strong>Concurso P\u00fablico para Docentes na UFSM<br \/>\n<\/strong>O Reitor da Universidade Federal de Santa Maria torna p\u00fablica a abertura de inscri\u00e7\u00f5es para Concurso P\u00fablico destinado ao provimento de cargos para ingresso no quadro do Magist\u00e9rio Superior da UFSM, nas cidades de Santa Maria\/RS, Palmeira das Miss\u00f5es\/RS, Frederico Westphalen\/RS e Silveira Martins\/RS.<br \/>\n<a href=\"https:\/\/drive.google.com\/open?id=1OVhLA80qPcv-_UGREdjcjSSeG9ck3dOD\">Edital n. 019\/2012<\/a><em><strong>\u00a0<\/strong>\u2013 per\u00edodo de inscri\u00e7\u00e3o: 19 de mar\u00e7o a 17 de abril de 2012<br \/>\n<\/em><a href=\"https:\/\/drive.google.com\/open?id=1OVhLA80qPcv-_UGREdjcjSSeG9ck3dOD\">Edital n. 021\/2012<\/a><em><strong>\u00a0<\/strong>&#8211; per\u00edodo de inscri\u00e7\u00e3o: 21 de mar\u00e7o a 19 de abril de 2012<\/em><\/p>\n<p><strong>Pr\u00f3-Equipamentos UFSM<br \/>\n<\/strong><em>Programa de financiamento de equipamentos de pequeno porte e mobili\u00e1rio para laborat\u00f3rios vinculados aos programas de p\u00f3s-gradua\u00e7\u00e3o, com conceito 3 e 4.<br \/>\n<a href=\"https:\/\/drive.google.com\/open?id=1oNBGPwpbeujVnJV_ZsuHAQ030kkeZD15\">Edital n. 039\/2012\u00a0<\/a>\u2013 Per\u00edodo de inscri\u00e7\u00e3o: at\u00e9 11 horas do dia 17\/09\/2012<br \/>\n<a href=\"https:\/\/drive.google.com\/open?id=1oNBGPwpbeujVnJV_ZsuHAQ030kkeZD15\">Check list Pr\u00f3-Equipamentos UFSM 2012<\/a><br \/>\n<a href=\"https:\/\/drive.google.com\/open?id=1oNBGPwpbeujVnJV_ZsuHAQ030kkeZD15\">Modelo de Relat\u00f3rio T\u00e9cnico de Execu\u00e7\u00e3o<\/a><br \/>\n<a href=\"https:\/\/drive.google.com\/open?id=1oNBGPwpbeujVnJV_ZsuHAQ030kkeZD15\">Planilha de Equipe<\/a><\/em><\/p>\n","protected":false},"excerpt":{"rendered":"<p>JAI \u2013 Jornada Acad\u00eamica Integrada Evento que objetiva estimular a inicia\u00e7\u00e3o dos alunos de gradua\u00e7\u00e3o e de p\u00f3s-gradua\u00e7\u00e3o no meio acad\u00eamico atrav\u00e9s da divulga\u00e7\u00e3o dos trabalhos de ensino, pesquisa e extens\u00e3o. Edital n.01\/2012 \u2013 27\u00aa Jornada Acad\u00eamica Integrada PROINFRA \u2013 Chamada Interna da PRPGP\/UFSM MCT\/FINEP\/CT-INFRA Chamada Interna da PRPGP\/UFSM MCT\/FINEP\/CT-INFRA-PROINFRA 01\/2012.\u00a0Para atender a chamada p\u00fablica [&hellip;]<\/p>\n","protected":false},"author":221,"featured_media":0,"parent":7279,"menu_order":0,"comment_status":"closed","ping_status":"closed","template":"","meta":{"footnotes":""},"categories":[],"tags":[],"class_list":["post-7292","page","type-page","status-publish","hentry"],"acf":[],"_links":{"self":[{"href":"https:\/\/www.ufsm.br\/pro-reitorias\/prpgp\/wp-json\/wp\/v2\/pages\/7292","targetHints":{"allow":["GET"]}}],"collection":[{"href":"https:\/\/www.ufsm.br\/pro-reitorias\/prpgp\/wp-json\/wp\/v2\/pages"}],"about":[{"href":"https:\/\/www.ufsm.br\/pro-reitorias\/prpgp\/wp-json\/wp\/v2\/types\/page"}],"author":[{"embeddable":true,"href":"https:\/\/www.ufsm.br\/pro-reitorias\/prpgp\/wp-json\/wp\/v2\/users\/221"}],"replies":[{"embeddable":true,"href":"https:\/\/www.ufsm.br\/pro-reitorias\/prpgp\/wp-json\/wp\/v2\/comments?post=7292"}],"version-history":[{"count":0,"href":"https:\/\/www.ufsm.br\/pro-reitorias\/prpgp\/wp-json\/wp\/v2\/pages\/7292\/revisions"}],"up":[{"embeddable":true,"href":"https:\/\/www.ufsm.br\/pro-reitorias\/prpgp\/wp-json\/wp\/v2\/pages\/7279"}],"wp:attachment":[{"href":"https:\/\/www.ufsm.br\/pro-reitorias\/prpgp\/wp-json\/wp\/v2\/media?parent=7292"}],"wp:term":[{"taxonomy":"category","embeddable":true,"href":"https:\/\/www.ufsm.br\/pro-reitorias\/prpgp\/wp-json\/wp\/v2\/categories?post=7292"},{"taxonomy":"post_tag","embeddable":true,"href":"https:\/\/www.ufsm.br\/pro-reitorias\/prpgp\/wp-json\/wp\/v2\/tags?post=7292"}],"curies":[{"name":"wp","href":"https:\/\/api.w.org\/{rel}","templated":true}]}}