{"id":173,"date":"2021-03-26T12:22:48","date_gmt":"2021-03-26T15:22:48","guid":{"rendered":"https:\/\/www.ufsm.br\/projetos\/ensino\/isf\/?page_id=173"},"modified":"2022-05-05T16:52:37","modified_gmt":"2022-05-05T19:52:37","slug":"cursos-espanhol","status":"publish","type":"page","link":"https:\/\/www.ufsm.br\/projetos\/ensino\/isf\/cursos-espanhol","title":{"rendered":"Espanhol"},"content":{"rendered":"\t\t<div data-elementor-type=\"wp-page\" data-elementor-id=\"173\" class=\"elementor elementor-173\">\n\t\t\t\t\t\t<section class=\"elementor-section elementor-top-section elementor-element elementor-element-d8b5020 elementor-section-boxed elementor-section-height-default elementor-section-height-default\" data-id=\"d8b5020\" data-element_type=\"section\">\n\t\t\t\t\t\t<div class=\"elementor-container elementor-column-gap-default\">\n\t\t\t\t\t<div class=\"elementor-column elementor-col-100 elementor-top-column elementor-element elementor-element-84c23cf\" data-id=\"84c23cf\" data-element_type=\"column\">\n\t\t\t<div class=\"elementor-widget-wrap elementor-element-populated\">\n\t\t\t\t\t\t<div class=\"elementor-element elementor-element-2c3668e elementor-widget elementor-widget-text-editor\" data-id=\"2c3668e\" data-element_type=\"widget\" data-widget_type=\"text-editor.default\">\n\t\t\t\t<div class=\"elementor-widget-container\">\n\t\t\t\t\t\t\t<p style=\"font-size: 16px;color: #000000;text-align: center\">A Rede Andifes \u2013 Idioma sem Fronteiras, atrav\u00e9s do N\u00facleo de L\u00ednguas, oferece cursos de espanhol aos servidores e estudantes da UFSM e professores da Educa\u00e7\u00e3o B\u00e1sica (via comprova\u00e7\u00e3o) visando promover a capacita\u00e7\u00e3o do p\u00fablico em l\u00edngua espanhola e seus aspectos culturais com o objetivo de promover a internacionaliza\u00e7\u00e3o e uso da l\u00edngua espanhola em contexto acad\u00eamico.<\/p>\n<p style=\"font-size: 16px;color: #000000;text-align: center\">Nesta nova fase do Programa Idiomas sem Fronteiras e na nossa atual realidade \u00e0 dist\u00e2ncia, faz-se necess\u00e1rio o uso de plataformas virtuais como Moodle ou Google Classroom para o ensino de l\u00edngua estrangeira, bem como para o registro dessas aulas, que anteriormente eram certificadas pelo Sistema ISF-Aluno e ISF-Gest\u00e3o. Dessa forma, os cursos de espanhol est\u00e3o s\u00e3o organizados considerando plataformas acess\u00edveis para o acompanhamento dos cursos durante o per\u00edodo emergencial de pandemia, bem como permitir a inclus\u00e3o de pessoas externas \u00e0 UFSM nessas turmas criadas em cada oferta.<\/p>\n<p style=\"font-size: 16px;color: #000000;text-align: center\">Neste ambiente, voc\u00ea poder\u00e1 acessar todas as informa\u00e7\u00f5es e novidades referentes aos nossos cursos.<\/p>\n<p style=\"text-align: center\"><span style=\"color: #000000;font-size: 16px\">Contato:\u00a0<\/span><span style=\"background-color: var(--bs-body-bg);text-align: var(--bs-body-text-align)\"><b>isf.espanhol@ufsm.br<\/b><\/span><\/p>\n<p style=\"text-align: center\"><span style=\"background-color: var(--bs-body-bg);text-align: var(--bs-body-text-align)\"><b>@isf_ufsm<\/b><br \/><\/span><\/p>\t\t\t\t\t\t<\/div>\n\t\t\t\t<\/div>\n\t\t\t\t\t<\/div>\n\t\t<\/div>\n\t\t\t\t\t<\/div>\n\t\t<\/section>\n\t\t\t\t<section class=\"elementor-section elementor-top-section elementor-element elementor-element-cfa2c42 elementor-section-boxed elementor-section-height-default elementor-section-height-default\" data-id=\"cfa2c42\" data-element_type=\"section\">\n\t\t\t\t\t\t<div class=\"elementor-container elementor-column-gap-default\">\n\t\t\t\t\t<div class=\"elementor-column elementor-col-100 elementor-top-column elementor-element elementor-element-fab746b\" data-id=\"fab746b\" data-element_type=\"column\">\n\t\t\t<div class=\"elementor-widget-wrap elementor-element-populated\">\n\t\t\t\t\t\t<div class=\"elementor-element elementor-element-e626d0e elementor-shape-rounded elementor-grid-0 e-grid-align-center elementor-widget elementor-widget-social-icons\" data-id=\"e626d0e\" data-element_type=\"widget\" data-widget_type=\"social-icons.default\">\n\t\t\t\t<div class=\"elementor-widget-container\">\n\t\t\t\t\t<div class=\"elementor-social-icons-wrapper elementor-grid\">\n\t\t\t\t\t\t\t<span class=\"elementor-grid-item\">\n\t\t\t\t\t<a class=\"elementor-icon elementor-social-icon elementor-social-icon-facebook elementor-repeater-item-72fb8e4\" href=\"https:\/\/www.facebook.com\/isfidiomasufsm\" target=\"_blank\">\n\t\t\t\t\t\t<span class=\"elementor-screen-only\">Facebook<\/span>\n\t\t\t\t\t\t<i class=\"fab fa-facebook\"><\/i>\t\t\t\t\t<\/a>\n\t\t\t\t<\/span>\n\t\t\t\t\t\t\t<span class=\"elementor-grid-item\">\n\t\t\t\t\t<a class=\"elementor-icon elementor-social-icon elementor-social-icon-instagram elementor-repeater-item-d3ba9f9\" href=\"https:\/\/www.instagram.com\/isf_ufsm\/\" target=\"_blank\">\n\t\t\t\t\t\t<span class=\"elementor-screen-only\">Instagram<\/span>\n\t\t\t\t\t\t<i class=\"fab fa-instagram\"><\/i>\t\t\t\t\t<\/a>\n\t\t\t\t<\/span>\n\t\t\t\t\t<\/div>\n\t\t\t\t<\/div>\n\t\t\t\t<\/div>\n\t\t\t\t\t<\/div>\n\t\t<\/div>\n\t\t\t\t\t<\/div>\n\t\t<\/section>\n\t\t\t\t<section class=\"elementor-section elementor-top-section elementor-element elementor-element-f17e2bb elementor-section-boxed elementor-section-height-default elementor-section-height-default\" data-id=\"f17e2bb\" data-element_type=\"section\">\n\t\t\t\t\t\t<div class=\"elementor-container elementor-column-gap-default\">\n\t\t\t\t\t<div class=\"elementor-column elementor-col-100 elementor-top-column elementor-element elementor-element-ea76ff9\" data-id=\"ea76ff9\" data-element_type=\"column\">\n\t\t\t<div class=\"elementor-widget-wrap elementor-element-populated\">\n\t\t\t\t\t\t<div class=\"elementor-element elementor-element-06a92a3 elementor-widget elementor-widget-wp-widget-ufsm_noticias_widget\" data-id=\"06a92a3\" data-element_type=\"widget\" data-widget_type=\"wp-widget-ufsm_noticias_widget.default\">\n\t\t\t\t<div class=\"elementor-widget-container\">\n\t\t\t<div class='widget-noticias-inside'>\n                        <div class=\"row\">\n                                    <div class=\"col-12 col-lg-12 pb-4\">\n                                        \n                                        \n                    \n                    <a class=\"noticias-widget-title d-block \"  title=\"Cursos de Espanhol gratuitos s\u00e3o ofertados pelo Idiomas sem Fronteiras\" href=\"https:\/\/www.ufsm.br\/projetos\/ensino\/isf\/2024\/09\/24\/cursos-de-espanhol-gratuitos-sao-ofertados-pelo-idiomas-sem-fronteiras-2\">\n                                                Cursos de Espanhol gratuitos s\u00e3o ofertados pelo Idiomas sem Fronteiras                    <\/a>\n                    \n                    \n                                        \n                                        \n                                        <\/div>\n                            <\/div>\n                    <div class=\"row\">\n                                    <div class=\"col-12 col-lg-12 pb-4\">\n                                        \n                                        \n                    \n                    <a class=\"noticias-widget-title d-block \"  title=\"Cursos de espanhol pelo Idiomas sem Fronteiras est\u00e3o com inscri\u00e7\u00f5es abertas 2024\/1\" href=\"https:\/\/www.ufsm.br\/projetos\/ensino\/isf\/2024\/04\/16\/cursos-de-espanhol-pelo-idiomas-sem-fronteiras-estao-com-inscricoes-abertas-2024-1\">\n                                                Cursos de espanhol pelo Idiomas sem Fronteiras est\u00e3o com inscri\u00e7\u00f5es abertas 2024\/1                    <\/a>\n                    \n                    \n                                        \n                                        \n                                        <\/div>\n                            <\/div>\n                    <div class=\"row\">\n                                    <div class=\"col-12 col-lg-12 pb-4\">\n                                        \n                                        \n                    \n                    <a class=\"noticias-widget-title d-block \"  title=\"Confira a nova oferta de cursos de l\u00edngua espanhola do Idiomas sem Fronteiras &#8211; ISF\" href=\"https:\/\/www.ufsm.br\/projetos\/ensino\/isf\/2023\/10\/23\/confira-a-nova-oferta-de-cursos-de-lingua-espanhola-do-idiomas-sem-fronteiras-isf\">\n                                                Confira a nova oferta de cursos de l\u00edngua espanhola do Idiomas sem Fronteiras &#8211; ISF                    <\/a>\n                    \n                    \n                                        \n                                        \n                                        <\/div>\n                            <\/div>\n                    <div class=\"row\">\n                                    <div class=\"col-12 col-lg-12 pb-4\">\n                                        \n                                        \n                    \n                    <a class=\"noticias-widget-title d-block \"  title=\"Inscri\u00e7\u00f5es abertas para curso de Conversa\u00e7\u00e3o em L\u00edngua Espanhola\" href=\"https:\/\/www.ufsm.br\/projetos\/ensino\/isf\/2023\/06\/15\/inscricoes-abertas-para-curso-de-conversacao-em-lingua-espanhola\">\n                                                Inscri\u00e7\u00f5es abertas para curso de Conversa\u00e7\u00e3o em L\u00edngua Espanhola                    <\/a>\n                    \n                    \n                                        \n                                        \n                                        <\/div>\n                            <\/div>\n                    <div class=\"row\">\n                                    <div class=\"col-12 col-lg-12 pb-4\">\n                                        \n                                        \n                    \n                    <a class=\"noticias-widget-title d-block \"  title=\"<strong>Inscri\u00e7\u00f5es abertas para os cursos de espanhol oferecidos pela Rede Andifes-IsF\u00a0\u00a0<\/strong>\" href=\"https:\/\/www.ufsm.br\/projetos\/ensino\/isf\/2023\/04\/13\/inscricoes-abertas-para-os-cursos-de-espanhol-oferecidos-pela-rede-andifes-isf\">\n                                                <strong>Inscri\u00e7\u00f5es abertas para os cursos de espanhol oferecidos pela Rede Andifes-IsF\u00a0\u00a0<\/strong>                    <\/a>\n                    \n                    \n                                        \n                                        \n                                        <\/div>\n                            <\/div>\n            <\/div>\n\t\t<\/div>\n\t\t\t\t<\/div>\n\t\t\t\t\t<\/div>\n\t\t<\/div>\n\t\t\t\t\t<\/div>\n\t\t<\/section>\n\t\t\t\t<section class=\"elementor-section elementor-top-section elementor-element elementor-element-4723dc5 elementor-section-boxed elementor-section-height-default elementor-section-height-default\" data-id=\"4723dc5\" data-element_type=\"section\">\n\t\t\t\t\t\t<div class=\"elementor-container elementor-column-gap-default\">\n\t\t\t\t\t<div class=\"elementor-column elementor-col-100 elementor-top-column elementor-element elementor-element-d80da69\" data-id=\"d80da69\" data-element_type=\"column\">\n\t\t\t<div class=\"elementor-widget-wrap\">\n\t\t\t\t\t\t\t<\/div>\n\t\t<\/div>\n\t\t\t\t\t<\/div>\n\t\t<\/section>\n\t\t\t\t<\/div>\n\t\t","protected":false},"excerpt":{"rendered":"<p>A Rede Andifes \u2013 Idioma sem Fronteiras, atrav\u00e9s do N\u00facleo de L\u00ednguas, oferece cursos de espanhol aos servidores e estudantes da UFSM e professores da Educa\u00e7\u00e3o B\u00e1sica (via comprova\u00e7\u00e3o) visando promover a capacita\u00e7\u00e3o do p\u00fablico em l\u00edngua espanhola e seus aspectos culturais com o objetivo de promover a internacionaliza\u00e7\u00e3o e uso da l\u00edngua espanhola em [&hellip;]<\/p>\n","protected":false},"author":3566,"featured_media":0,"parent":0,"menu_order":0,"comment_status":"closed","ping_status":"closed","template":"","meta":{"footnotes":""},"categories":[28,29],"tags":[],"class_list":["post-173","page","type-page","status-publish","hentry","category-cursos","category-linguas"],"acf":[],"_links":{"self":[{"href":"https:\/\/www.ufsm.br\/projetos\/ensino\/isf\/wp-json\/wp\/v2\/pages\/173","targetHints":{"allow":["GET"]}}],"collection":[{"href":"https:\/\/www.ufsm.br\/projetos\/ensino\/isf\/wp-json\/wp\/v2\/pages"}],"about":[{"href":"https:\/\/www.ufsm.br\/projetos\/ensino\/isf\/wp-json\/wp\/v2\/types\/page"}],"author":[{"embeddable":true,"href":"https:\/\/www.ufsm.br\/projetos\/ensino\/isf\/wp-json\/wp\/v2\/users\/3566"}],"replies":[{"embeddable":true,"href":"https:\/\/www.ufsm.br\/projetos\/ensino\/isf\/wp-json\/wp\/v2\/comments?post=173"}],"version-history":[{"count":0,"href":"https:\/\/www.ufsm.br\/projetos\/ensino\/isf\/wp-json\/wp\/v2\/pages\/173\/revisions"}],"wp:attachment":[{"href":"https:\/\/www.ufsm.br\/projetos\/ensino\/isf\/wp-json\/wp\/v2\/media?parent=173"}],"wp:term":[{"taxonomy":"category","embeddable":true,"href":"https:\/\/www.ufsm.br\/projetos\/ensino\/isf\/wp-json\/wp\/v2\/categories?post=173"},{"taxonomy":"post_tag","embeddable":true,"href":"https:\/\/www.ufsm.br\/projetos\/ensino\/isf\/wp-json\/wp\/v2\/tags?post=173"}],"curies":[{"name":"wp","href":"https:\/\/api.w.org\/{rel}","templated":true}]}}