{"id":191,"date":"2021-01-21T14:27:04","date_gmt":"2021-01-21T17:27:04","guid":{"rendered":"https:\/\/www.ufsm.br\/projetos\/extensao\/adote-uma-lesao\/?page_id=191"},"modified":"2023-06-06T12:27:23","modified_gmt":"2023-06-06T15:27:23","slug":"tutoresas","status":"publish","type":"page","link":"https:\/\/www.ufsm.br\/projetos\/extensao\/adote-uma-lesao\/tutoresas","title":{"rendered":"Tutores(as)"},"content":{"rendered":"\t\t<div data-elementor-type=\"wp-page\" data-elementor-id=\"191\" class=\"elementor elementor-191\">\n\t\t\t\t\t\t<section class=\"elementor-section elementor-top-section elementor-element elementor-element-1444df89 elementor-section-boxed elementor-section-height-default elementor-section-height-default\" data-id=\"1444df89\" data-element_type=\"section\">\n\t\t\t\t\t\t<div class=\"elementor-container elementor-column-gap-default\">\n\t\t\t\t\t<div class=\"elementor-column elementor-col-100 elementor-top-column elementor-element elementor-element-6a834c4d\" data-id=\"6a834c4d\" data-element_type=\"column\">\n\t\t\t<div class=\"elementor-widget-wrap elementor-element-populated\">\n\t\t\t\t\t\t<div class=\"elementor-element elementor-element-19b3a08c elementor-widget elementor-widget-text-editor\" data-id=\"19b3a08c\" data-element_type=\"widget\" data-widget_type=\"text-editor.default\">\n\t\t\t\t<div class=\"elementor-widget-container\">\n\t\t\t\t\t\t\t<p><!-- wp:tadv\/classic-paragraph --><\/p>\n<p style=\"text-align: center\">Tutor(a) \u00e9 o(a) avaliador(a) respons\u00e1vel pelos relatos de experi\u00eancia dos profissionais que adotam uma les\u00e3o baseado no contexto geral do paciente e fatores predisponentes, bem como organizador(a) das palestras dos participantes do projeto. Segue abaixo a lista de tutores(as) do projeto:<\/p>\n<h4 style=\"text-align: center\"><img decoding=\"async\" class=\"wp-image-204 alignleft\" src=\"https:\/\/www.ufsm.br\/app\/uploads\/sites\/844\/2021\/01\/Design-sem-nome-300x300.jpg\" alt=\"\" width=\"183\" height=\"182\" srcset=\"https:\/\/www.ufsm.br\/app\/uploads\/sites\/844\/2021\/01\/Design-sem-nome-300x300.jpg 300w, https:\/\/www.ufsm.br\/app\/uploads\/sites\/844\/2021\/01\/Design-sem-nome-150x150.jpg 150w, https:\/\/www.ufsm.br\/app\/uploads\/sites\/844\/2021\/01\/Design-sem-nome.jpg 500w\" sizes=\"(max-width: 183px) 100vw, 183px\" \/>\u00a0<\/h4>\n<h4 style=\"text-align: center\"><strong>Anna Cristina Silva<\/strong><\/h4>\n<p style=\"text-align: center\">Enfermeira especialista em biologia integrativa e dermatol\u00f3gica, ozonioterapia e laserterapia. Docente de P\u00f3s Gradua\u00e7\u00e3o no curso Enfermagem Dermatol\u00f3gica. Professora na Capacita\u00e7\u00e3o em Ozonioterapia e PRP (Plasma Rico em Plaquetas) com Oz\u00f4nio Medicinal em feridas. Mestranda em Ci\u00eancias Naturop\u00e1ticas.\u00a0 Propriet\u00e1ria da empresa Plenitude &#8211; Servi\u00e7os de Sa\u00fade, Est\u00e9tica e Treinamento em Sa\u00fade \u2013 SP.<\/p>\n<p>\u00a0<\/p>\n<h4 style=\"text-align: center\"><img decoding=\"async\" class=\"wp-image-201 alignleft\" src=\"https:\/\/www.ufsm.br\/app\/uploads\/sites\/844\/2021\/01\/Design-sem-nome-6-300x300.jpg\" alt=\"\" width=\"183\" height=\"183\" srcset=\"https:\/\/www.ufsm.br\/app\/uploads\/sites\/844\/2021\/01\/Design-sem-nome-6-300x300.jpg 300w, https:\/\/www.ufsm.br\/app\/uploads\/sites\/844\/2021\/01\/Design-sem-nome-6-150x150.jpg 150w, https:\/\/www.ufsm.br\/app\/uploads\/sites\/844\/2021\/01\/Design-sem-nome-6.jpg 500w\" sizes=\"(max-width: 183px) 100vw, 183px\" \/><\/h4>\n<h4>\u00a0<\/h4>\n<h4>\u00a0<\/h4>\n<h4 style=\"text-align: center\"><strong>Christielle Montenegro<\/strong><\/h4>\n<p style=\"text-align: center\">Enfermeira Estomaterapeuta. Coordenadora do Programa de assist\u00eancia a pessoas com les\u00f5es pela Secretaria Municipal de Sa\u00fade de Rio Branco \u2013 Acre. Consultoria t\u00e9cnica e s\u00f3cia propriet\u00e1ria da Cl\u00ednica Especializada em Feridas.<\/p>\n<p>\u00a0<\/p>\n<h4 style=\"text-align: center\"><img decoding=\"async\" class=\"wp-image-196 alignleft\" src=\"https:\/\/www.ufsm.br\/app\/uploads\/sites\/844\/2021\/01\/Design-sem-nome-1-300x300.jpg\" alt=\"\" width=\"183\" height=\"183\" srcset=\"https:\/\/www.ufsm.br\/app\/uploads\/sites\/844\/2021\/01\/Design-sem-nome-1-300x300.jpg 300w, https:\/\/www.ufsm.br\/app\/uploads\/sites\/844\/2021\/01\/Design-sem-nome-1-150x150.jpg 150w, https:\/\/www.ufsm.br\/app\/uploads\/sites\/844\/2021\/01\/Design-sem-nome-1.jpg 500w\" sizes=\"(max-width: 183px) 100vw, 183px\" \/><\/h4>\n<p>\u00a0<\/p>\n<h4 style=\"text-align: center\"><strong>Daniel Rodrigues\u00a0<\/strong><\/h4>\n<p style=\"text-align: center\">Graduado em Enfermagem e Administra\u00e7\u00e3o. P\u00f3s-graduado em Enfermagem dermatol\u00f3gica, Doc\u00eancia do Ensino Superior, Urg\u00eancia e Emerg\u00eancia e em Est\u00e9tica com \u00canfase em Terapias Alternativas. Mestre em Biotecnologia e Inova\u00e7\u00e3o a Sa\u00fade. Atua como docente nas Universidades Anhanguera &#8211; SP e UniSant&#8217;Anna &#8211; SP.<\/p>\n<p>\u00a0<\/p>\n<p><img loading=\"lazy\" decoding=\"async\" class=\"wp-image-197 alignleft\" src=\"https:\/\/www.ufsm.br\/app\/uploads\/sites\/844\/2021\/01\/Design-sem-nome-2-300x300.jpg\" alt=\"\" width=\"183\" height=\"183\" srcset=\"https:\/\/www.ufsm.br\/app\/uploads\/sites\/844\/2021\/01\/Design-sem-nome-2-300x300.jpg 300w, https:\/\/www.ufsm.br\/app\/uploads\/sites\/844\/2021\/01\/Design-sem-nome-2-150x150.jpg 150w, https:\/\/www.ufsm.br\/app\/uploads\/sites\/844\/2021\/01\/Design-sem-nome-2.jpg 500w\" sizes=\"(max-width: 183px) 100vw, 183px\" \/><\/p>\n<h4>\u00a0<\/h4>\n<h4>\u00a0<\/h4>\n<h4 style=\"text-align: center\"><strong>Emiliana dos Santos Costa<\/strong><\/h4>\n<p style=\"text-align: center\">Enfermeira. Atua como coordenadora de Enfermagem do Hospital Ernesto Dornelles em Porto Alegre \u2013 RS.<\/p>\n<p>\u00a0<\/p>\n<p>\u00a0<\/p>\n<p><img loading=\"lazy\" decoding=\"async\" class=\"wp-image-205 alignleft\" src=\"https:\/\/www.ufsm.br\/app\/uploads\/sites\/844\/2021\/01\/foto-fabiana-300x300.jpg\" alt=\"\" width=\"183\" height=\"183\" srcset=\"https:\/\/www.ufsm.br\/app\/uploads\/sites\/844\/2021\/01\/foto-fabiana-300x300.jpg 300w, https:\/\/www.ufsm.br\/app\/uploads\/sites\/844\/2021\/01\/foto-fabiana-150x150.jpg 150w, https:\/\/www.ufsm.br\/app\/uploads\/sites\/844\/2021\/01\/foto-fabiana.jpg 500w\" sizes=\"(max-width: 183px) 100vw, 183px\" \/><\/p>\n<h4>\u00a0<\/h4>\n<h4 style=\"text-align: center\"><strong>Fabiana Gonring Xavier<\/strong><\/h4>\n<p style=\"text-align: center\">Gradua\u00e7\u00e3o em Enfermagem e Obstetr\u00edcia. Especialista em Administra\u00e7\u00e3o dos Servi\u00e7os de Sa\u00fade, Enfermagem do Trabalho e Dermatoterapeuta. Mestre em Sa\u00fade P\u00fablica e doutora em Enfermagem. Atua como Professora Adjunta na Universidade Federal do Esp\u00edrito Santo (UFES).<\/p>\n<p>\u00a0<\/p>\n<p><img loading=\"lazy\" decoding=\"async\" class=\" wp-image-198 alignleft\" src=\"https:\/\/www.ufsm.br\/app\/uploads\/sites\/844\/2021\/01\/Design-sem-nome-3-300x300.jpg\" alt=\"\" width=\"184\" height=\"184\" srcset=\"https:\/\/www.ufsm.br\/app\/uploads\/sites\/844\/2021\/01\/Design-sem-nome-3-300x300.jpg 300w, https:\/\/www.ufsm.br\/app\/uploads\/sites\/844\/2021\/01\/Design-sem-nome-3-150x150.jpg 150w, https:\/\/www.ufsm.br\/app\/uploads\/sites\/844\/2021\/01\/Design-sem-nome-3.jpg 500w\" sizes=\"(max-width: 184px) 100vw, 184px\" \/><\/p>\n<h4>\u00a0<\/h4>\n<h4 style=\"text-align: center\"><strong>Juliana Lucinda<\/strong><\/h4>\n<p style=\"text-align: center\">Enfermeira especialista em Feridas complexas, Nefrologia em Enfermagem \u2013 Unifesp e Dermatologia \u2013 Sobenfee.\u00a0 \u00a0 \u00a0 \u00a0 \u00a0 Expertise em les\u00f5es e Ostomias.\u00a0 Doutoranda em Educa\u00e7\u00e3o pela Universid Nacional del Rosario. Atualmente, Diretora e Propriet\u00e1ria da empresa Prime Care Cuidados Integrados a Feridas \u2013 SP.<\/p>\n<p>\u00a0<\/p>\n<p><img loading=\"lazy\" decoding=\"async\" class=\"wp-image-203 alignleft\" src=\"https:\/\/www.ufsm.br\/app\/uploads\/sites\/844\/2021\/01\/Design-sem-nome-8-300x300.jpg\" alt=\"\" width=\"183\" height=\"183\" srcset=\"https:\/\/www.ufsm.br\/app\/uploads\/sites\/844\/2021\/01\/Design-sem-nome-8-300x300.jpg 300w, https:\/\/www.ufsm.br\/app\/uploads\/sites\/844\/2021\/01\/Design-sem-nome-8-150x150.jpg 150w, https:\/\/www.ufsm.br\/app\/uploads\/sites\/844\/2021\/01\/Design-sem-nome-8.jpg 500w\" sizes=\"(max-width: 183px) 100vw, 183px\" \/><\/p>\n<h4>\u00a0<\/h4>\n<h4>\u00a0<\/h4>\n<h4 style=\"text-align: center\"><strong>Liana Pinheiro Santos Marques<\/strong><\/h4>\n<p style=\"text-align: center\">Enfermeira e especialista em Enfermagem Dermatol\u00f3gica. Mestre em Gerontologia pela Universidade Federal de Santa Maria. Atua como enfermeira no Hospital de Caridade Dr. Astrogildo de Azevedo (HCAA), Santa Maria \u2013 RS.<\/p>\n<p>\u00a0<\/p>\n<p><img loading=\"lazy\" decoding=\"async\" class=\"wp-image-206 alignleft\" src=\"https:\/\/www.ufsm.br\/app\/uploads\/sites\/844\/2021\/01\/foto-martina-300x300.jpg\" alt=\"\" width=\"183\" height=\"183\" srcset=\"https:\/\/www.ufsm.br\/app\/uploads\/sites\/844\/2021\/01\/foto-martina-300x300.jpg 300w, https:\/\/www.ufsm.br\/app\/uploads\/sites\/844\/2021\/01\/foto-martina-150x150.jpg 150w, https:\/\/www.ufsm.br\/app\/uploads\/sites\/844\/2021\/01\/foto-martina.jpg 500w\" sizes=\"(max-width: 183px) 100vw, 183px\" \/><\/p>\n<h4>\u00a0<\/h4>\n<h4 style=\"text-align: center\"><strong>Martina de Vasconcelos Oliveira Lemos<\/strong><\/h4>\n<p style=\"text-align: center\">Graduada em Enfermagem. Especialista em Enfermagem Terapia Intensiva, Enfermagem Urg\u00eancia e Emerg\u00eancia e Enfermagem Dermatol\u00f3gica. Habilitada em Laserterapia e Ozonioterapia. Cursando Pediatria Cl\u00ednica.\u00a0 Enfermeira concursada da prefeitura S\u00e3o Miguel dos Campos\/AL e CEO CENTRAFE &#8211; Consult\u00f3rio de Enfermagem Especializado no Tratamento de Feridas &#8211; Macei\u00f3\/AL.<\/p>\n<p>\u00a0<\/p>\n<p><img loading=\"lazy\" decoding=\"async\" class=\"wp-image-199 alignleft\" src=\"https:\/\/www.ufsm.br\/app\/uploads\/sites\/844\/2021\/01\/Design-sem-nome-4-300x300.jpg\" alt=\"\" width=\"183\" height=\"183\" srcset=\"https:\/\/www.ufsm.br\/app\/uploads\/sites\/844\/2021\/01\/Design-sem-nome-4-300x300.jpg 300w, https:\/\/www.ufsm.br\/app\/uploads\/sites\/844\/2021\/01\/Design-sem-nome-4-150x150.jpg 150w, https:\/\/www.ufsm.br\/app\/uploads\/sites\/844\/2021\/01\/Design-sem-nome-4.jpg 500w\" sizes=\"(max-width: 183px) 100vw, 183px\" \/><\/p>\n<h4>\u00a0<\/h4>\n<h4 style=\"text-align: center\"><strong>Suzy Santos<\/strong><\/h4>\n<p style=\"text-align: center\">Enfermeira p\u00f3s-graduada em Enfermagem Dermatol\u00f3gica pela UGF-MBA e em Gest\u00e3o em Enfermagem e Controle\u00a0 \u00a0 \u00a0de Infec\u00e7\u00e3o pela FAMESP. Especialista em Cuidados Paliativos pelo Instituto de Ensino Albert Einstein. Enfermeira da Central de Urg\u00eancias do Home Care Amil &#8211; RJ.<\/p>\n<p><!-- \/wp:tadv\/classic-paragraph --><\/p>\t\t\t\t\t\t<\/div>\n\t\t\t\t<\/div>\n\t\t\t\t\t<\/div>\n\t\t<\/div>\n\t\t\t\t\t<\/div>\n\t\t<\/section>\n\t\t\t\t<\/div>\n\t\t","protected":false},"excerpt":{"rendered":"<p>Tutor(a) \u00e9 o(a) avaliador(a) respons\u00e1vel pelos relatos de experi\u00eancia dos profissionais que adotam uma les\u00e3o baseado no contexto geral do paciente e fatores predisponentes, bem como organizador(a) das palestras dos participantes do projeto. Segue abaixo a lista de tutores(as) do projeto: \u00a0 Anna Cristina Silva Enfermeira especialista em biologia integrativa e dermatol\u00f3gica, ozonioterapia e laserterapia. [&hellip;]<\/p>\n","protected":false},"author":3612,"featured_media":0,"parent":0,"menu_order":0,"comment_status":"closed","ping_status":"closed","template":"","meta":{"footnotes":""},"categories":[],"tags":[],"class_list":["post-191","page","type-page","status-publish","hentry"],"acf":[],"_links":{"self":[{"href":"https:\/\/www.ufsm.br\/projetos\/extensao\/adote-uma-lesao\/wp-json\/wp\/v2\/pages\/191","targetHints":{"allow":["GET"]}}],"collection":[{"href":"https:\/\/www.ufsm.br\/projetos\/extensao\/adote-uma-lesao\/wp-json\/wp\/v2\/pages"}],"about":[{"href":"https:\/\/www.ufsm.br\/projetos\/extensao\/adote-uma-lesao\/wp-json\/wp\/v2\/types\/page"}],"author":[{"embeddable":true,"href":"https:\/\/www.ufsm.br\/projetos\/extensao\/adote-uma-lesao\/wp-json\/wp\/v2\/users\/3612"}],"replies":[{"embeddable":true,"href":"https:\/\/www.ufsm.br\/projetos\/extensao\/adote-uma-lesao\/wp-json\/wp\/v2\/comments?post=191"}],"version-history":[{"count":0,"href":"https:\/\/www.ufsm.br\/projetos\/extensao\/adote-uma-lesao\/wp-json\/wp\/v2\/pages\/191\/revisions"}],"wp:attachment":[{"href":"https:\/\/www.ufsm.br\/projetos\/extensao\/adote-uma-lesao\/wp-json\/wp\/v2\/media?parent=191"}],"wp:term":[{"taxonomy":"category","embeddable":true,"href":"https:\/\/www.ufsm.br\/projetos\/extensao\/adote-uma-lesao\/wp-json\/wp\/v2\/categories?post=191"},{"taxonomy":"post_tag","embeddable":true,"href":"https:\/\/www.ufsm.br\/projetos\/extensao\/adote-uma-lesao\/wp-json\/wp\/v2\/tags?post=191"}],"curies":[{"name":"wp","href":"https:\/\/api.w.org\/{rel}","templated":true}]}}