{"id":151,"date":"2019-05-20T13:25:09","date_gmt":"2019-05-20T16:25:09","guid":{"rendered":"https:\/\/www.ufsm.br\/projetos-extensao-alternativa\/?page_id=151"},"modified":"2025-03-17T16:29:33","modified_gmt":"2025-03-17T19:29:33","slug":"quemsomos","status":"publish","type":"page","link":"https:\/\/www.ufsm.br\/projetos\/extensao\/alternativa\/quemsomos","title":{"rendered":"Quem Somos"},"content":{"rendered":"\t\t<div data-elementor-type=\"wp-page\" data-elementor-id=\"151\" class=\"elementor elementor-151\">\n\t\t\t\t\t\t<section class=\"elementor-section elementor-top-section elementor-element elementor-element-120b7563 elementor-section-boxed elementor-section-height-default elementor-section-height-default\" data-id=\"120b7563\" data-element_type=\"section\">\n\t\t\t\t\t\t<div class=\"elementor-container elementor-column-gap-default\">\n\t\t\t\t\t<div class=\"elementor-column elementor-col-100 elementor-top-column elementor-element elementor-element-4e9ef4d5\" data-id=\"4e9ef4d5\" data-element_type=\"column\">\n\t\t\t<div class=\"elementor-widget-wrap elementor-element-populated\">\n\t\t\t\t\t\t<div class=\"elementor-element elementor-element-3fe58257 elementor-widget elementor-widget-text-editor\" data-id=\"3fe58257\" data-element_type=\"widget\" data-widget_type=\"text-editor.default\">\n\t\t\t\t<div class=\"elementor-widget-container\">\n\t\t\t\t\t\t\t<!-- wp:tadv\/classic-paragraph -->\n<p>\u00a0 \u00a0 \u00a0 \u00a0 \u00a0 \u00a0 \u00a0 \u00a0 \u00a0 \u00a0 \u00a0<img fetchpriority=\"high\" decoding=\"async\" class=\"wp-image-568 size-medium aligncenter\" src=\"https:\/\/www.ufsm.br\/app\/uploads\/sites\/841\/2025\/03\/Logo-Quem-somos-300x225.jpg\" alt=\"\" width=\"300\" height=\"225\" srcset=\"https:\/\/www.ufsm.br\/app\/uploads\/sites\/841\/2025\/03\/Logo-Quem-somos-300x225.jpg 300w, https:\/\/www.ufsm.br\/app\/uploads\/sites\/841\/2025\/03\/Logo-Quem-somos-768x576.jpg 768w, https:\/\/www.ufsm.br\/app\/uploads\/sites\/841\/2025\/03\/Logo-Quem-somos.jpg 1024w\" sizes=\"(max-width: 300px) 100vw, 300px\" \/><\/p>\n<p><span style=\"font-weight: 400\">O Pr\u00e9-Universit\u00e1rio Popular Alternativa \u00e9, acima de tudo, um programa de extens\u00e3o desenvolvido por pessoas que tentam conciliar a Educa\u00e7\u00e3o Popular (Paulo Freire) e a religa\u00e7\u00e3o dos saberes na perspectiva da complexidade (Edgar Morin), com a prepara\u00e7\u00e3o para o ingresso ao Ensino Superior. A fim de organizar e atuar na execu\u00e7\u00e3o de tarefas di\u00e1rias de variadas naturezas (secretariado, realiza\u00e7\u00e3o de atividades pedag\u00f3gicas, atendimento ao p\u00fablico em geral, implementa\u00e7\u00e3o de propostas de a\u00e7\u00f5es de extens\u00e3o, etc), o Alternativa conta com uma equipe de coordenadores executivos composta por estudantes.<\/span><\/p>\n<p><span style=\"font-weight: 400\">A Pr\u00f3-Reitoria de Extens\u00e3o, coordenada pela prof\u00ba. Dr\u00ba. <\/span><a href=\"http:\/\/lattes.cnpq.br\/9962424591141586\"><span style=\"font-weight: 400\">Flavi Ferreira Lisboa Filho<\/span><\/a><span style=\"font-weight: 400\">, apoia institucionalmente o Pr\u00e9-Universit\u00e1rio Popular Alternativa.\u00a0 Em termos pol\u00edticos-pedag\u00f3gicos, o projeto \u00e9 orientado pelo Laborat\u00f3rio de Metodologia de Ensino, coordenado pelo <\/span><a href=\"http:\/\/lattes.cnpq.br\/6795467308135033\"><span style=\"font-weight: 400\">prof\u00ba. Dr\u00ba. <\/span><span style=\"font-weight: 400\">Guilherme Carlos Corr\u00eaa<\/span><\/a><span style=\"font-weight: 400\">, <\/span><span style=\"font-weight: 400\">vinculado ao Centro de Educa\u00e7\u00e3o (CE) da UFSM.\u00a0<\/span><\/p>\n<p>\u00a0<\/p>\n<p>\u00a0<\/p>\n<!-- \/wp:tadv\/classic-paragraph -->\t\t\t\t\t\t<\/div>\n\t\t\t\t<\/div>\n\t\t\t\t\t<\/div>\n\t\t<\/div>\n\t\t\t\t\t<\/div>\n\t\t<\/section>\n\t\t\t\t<section class=\"elementor-section elementor-top-section elementor-element elementor-element-5393752 elementor-section-boxed elementor-section-height-default elementor-section-height-default\" data-id=\"5393752\" data-element_type=\"section\">\n\t\t\t\t\t\t<div class=\"elementor-container elementor-column-gap-default\">\n\t\t\t\t\t<div class=\"elementor-column elementor-col-100 elementor-top-column elementor-element elementor-element-3c417de\" data-id=\"3c417de\" data-element_type=\"column\">\n\t\t\t<div class=\"elementor-widget-wrap elementor-element-populated\">\n\t\t\t\t\t\t<div class=\"elementor-element elementor-element-18b7f37 elementor-widget elementor-widget-image\" data-id=\"18b7f37\" data-element_type=\"widget\" data-widget_type=\"image.default\">\n\t\t\t\t<div class=\"elementor-widget-container\">\n\t\t\t\t\t\t\t\t\t\t\t\t\t<img decoding=\"async\" width=\"1024\" height=\"461\" src=\"https:\/\/www.ufsm.br\/app\/uploads\/sites\/841\/2025\/03\/Aulao-2023-Arquivo-do-programa-1024x461.jpg\" class=\"attachment-large size-large wp-image-567\" alt=\"\" srcset=\"https:\/\/www.ufsm.br\/app\/uploads\/sites\/841\/2025\/03\/Aulao-2023-Arquivo-do-programa-1024x461.jpg 1024w, https:\/\/www.ufsm.br\/app\/uploads\/sites\/841\/2025\/03\/Aulao-2023-Arquivo-do-programa-300x135.jpg 300w, https:\/\/www.ufsm.br\/app\/uploads\/sites\/841\/2025\/03\/Aulao-2023-Arquivo-do-programa-768x346.jpg 768w, https:\/\/www.ufsm.br\/app\/uploads\/sites\/841\/2025\/03\/Aulao-2023-Arquivo-do-programa-1536x691.jpg 1536w, https:\/\/www.ufsm.br\/app\/uploads\/sites\/841\/2025\/03\/Aulao-2023-Arquivo-do-programa.jpg 1920w\" sizes=\"(max-width: 1024px) 100vw, 1024px\" \/>\t\t\t\t\t\t\t\t\t\t\t\t\t<\/div>\n\t\t\t\t<\/div>\n\t\t\t\t\t<\/div>\n\t\t<\/div>\n\t\t\t\t\t<\/div>\n\t\t<\/section>\n\t\t\t\t<section class=\"elementor-section elementor-top-section elementor-element elementor-element-796c00a elementor-section-boxed elementor-section-height-default elementor-section-height-default\" data-id=\"796c00a\" data-element_type=\"section\">\n\t\t\t\t\t\t<div class=\"elementor-container elementor-column-gap-default\">\n\t\t\t\t\t<div class=\"elementor-column elementor-col-100 elementor-top-column elementor-element elementor-element-63dd0e1\" data-id=\"63dd0e1\" data-element_type=\"column\">\n\t\t\t<div class=\"elementor-widget-wrap elementor-element-populated\">\n\t\t\t\t\t\t<div class=\"elementor-element elementor-element-a3692ff elementor-widget elementor-widget-image\" data-id=\"a3692ff\" data-element_type=\"widget\" data-widget_type=\"image.default\">\n\t\t\t\t<div class=\"elementor-widget-container\">\n\t\t\t\t\t\t\t\t\t\t\t\t\t<img decoding=\"async\" width=\"1024\" height=\"683\" src=\"https:\/\/www.ufsm.br\/app\/uploads\/sites\/841\/2025\/03\/QSM2-Fonte_-ANA-ALICIA-PONTELLI-FLORES-1024x683.jpg\" class=\"attachment-large size-large wp-image-571\" alt=\"\" srcset=\"https:\/\/www.ufsm.br\/app\/uploads\/sites\/841\/2025\/03\/QSM2-Fonte_-ANA-ALICIA-PONTELLI-FLORES-1024x683.jpg 1024w, https:\/\/www.ufsm.br\/app\/uploads\/sites\/841\/2025\/03\/QSM2-Fonte_-ANA-ALICIA-PONTELLI-FLORES-300x200.jpg 300w, https:\/\/www.ufsm.br\/app\/uploads\/sites\/841\/2025\/03\/QSM2-Fonte_-ANA-ALICIA-PONTELLI-FLORES-768x512.jpg 768w, https:\/\/www.ufsm.br\/app\/uploads\/sites\/841\/2025\/03\/QSM2-Fonte_-ANA-ALICIA-PONTELLI-FLORES-1536x1024.jpg 1536w, https:\/\/www.ufsm.br\/app\/uploads\/sites\/841\/2025\/03\/QSM2-Fonte_-ANA-ALICIA-PONTELLI-FLORES-272x182.jpg 272w, https:\/\/www.ufsm.br\/app\/uploads\/sites\/841\/2025\/03\/QSM2-Fonte_-ANA-ALICIA-PONTELLI-FLORES.jpg 1920w\" sizes=\"(max-width: 1024px) 100vw, 1024px\" \/>\t\t\t\t\t\t\t\t\t\t\t\t\t<\/div>\n\t\t\t\t<\/div>\n\t\t\t\t\t<\/div>\n\t\t<\/div>\n\t\t\t\t\t<\/div>\n\t\t<\/section>\n\t\t\t\t<section class=\"elementor-section elementor-top-section elementor-element elementor-element-aa2183a elementor-section-boxed elementor-section-height-default elementor-section-height-default\" data-id=\"aa2183a\" data-element_type=\"section\">\n\t\t\t\t\t\t<div class=\"elementor-container elementor-column-gap-default\">\n\t\t\t\t\t<div class=\"elementor-column elementor-col-100 elementor-top-column elementor-element elementor-element-fb6378c\" data-id=\"fb6378c\" data-element_type=\"column\">\n\t\t\t<div class=\"elementor-widget-wrap elementor-element-populated\">\n\t\t\t\t\t\t<div class=\"elementor-element elementor-element-8361130 elementor-widget elementor-widget-image\" data-id=\"8361130\" data-element_type=\"widget\" data-widget_type=\"image.default\">\n\t\t\t\t<div class=\"elementor-widget-container\">\n\t\t\t\t\t\t\t\t\t\t\t\t\t<img loading=\"lazy\" decoding=\"async\" width=\"1024\" height=\"683\" src=\"https:\/\/www.ufsm.br\/app\/uploads\/sites\/841\/2025\/03\/QSM1-Fonte_-ANA-ALICIA-PONTELLI-FLORES-1024x683.jpg\" class=\"attachment-large size-large wp-image-570\" alt=\"\" srcset=\"https:\/\/www.ufsm.br\/app\/uploads\/sites\/841\/2025\/03\/QSM1-Fonte_-ANA-ALICIA-PONTELLI-FLORES-1024x683.jpg 1024w, https:\/\/www.ufsm.br\/app\/uploads\/sites\/841\/2025\/03\/QSM1-Fonte_-ANA-ALICIA-PONTELLI-FLORES-300x200.jpg 300w, https:\/\/www.ufsm.br\/app\/uploads\/sites\/841\/2025\/03\/QSM1-Fonte_-ANA-ALICIA-PONTELLI-FLORES-768x512.jpg 768w, https:\/\/www.ufsm.br\/app\/uploads\/sites\/841\/2025\/03\/QSM1-Fonte_-ANA-ALICIA-PONTELLI-FLORES-1536x1024.jpg 1536w, https:\/\/www.ufsm.br\/app\/uploads\/sites\/841\/2025\/03\/QSM1-Fonte_-ANA-ALICIA-PONTELLI-FLORES-272x182.jpg 272w, https:\/\/www.ufsm.br\/app\/uploads\/sites\/841\/2025\/03\/QSM1-Fonte_-ANA-ALICIA-PONTELLI-FLORES.jpg 1920w\" sizes=\"(max-width: 1024px) 100vw, 1024px\" \/>\t\t\t\t\t\t\t\t\t\t\t\t\t<\/div>\n\t\t\t\t<\/div>\n\t\t\t\t\t<\/div>\n\t\t<\/div>\n\t\t\t\t\t<\/div>\n\t\t<\/section>\n\t\t\t\t<section class=\"elementor-section elementor-top-section elementor-element elementor-element-4d8f85a elementor-section-boxed elementor-section-height-default elementor-section-height-default\" data-id=\"4d8f85a\" data-element_type=\"section\">\n\t\t\t\t\t\t<div class=\"elementor-container elementor-column-gap-default\">\n\t\t\t\t\t<div class=\"elementor-column elementor-col-100 elementor-top-column elementor-element elementor-element-1273d91\" data-id=\"1273d91\" data-element_type=\"column\">\n\t\t\t<div class=\"elementor-widget-wrap elementor-element-populated\">\n\t\t\t\t\t\t<div class=\"elementor-element elementor-element-4d3a3f2 elementor-widget elementor-widget-image\" data-id=\"4d3a3f2\" data-element_type=\"widget\" data-widget_type=\"image.default\">\n\t\t\t\t<div class=\"elementor-widget-container\">\n\t\t\t\t\t\t\t\t\t\t\t\t\t<img loading=\"lazy\" decoding=\"async\" width=\"1024\" height=\"683\" src=\"https:\/\/www.ufsm.br\/app\/uploads\/sites\/841\/2025\/03\/QSM-4-Fonte_-ANA-ALICIA-PONTELLI-FLORES-1024x683.jpg\" class=\"attachment-large size-large wp-image-569\" alt=\"\" srcset=\"https:\/\/www.ufsm.br\/app\/uploads\/sites\/841\/2025\/03\/QSM-4-Fonte_-ANA-ALICIA-PONTELLI-FLORES-1024x683.jpg 1024w, https:\/\/www.ufsm.br\/app\/uploads\/sites\/841\/2025\/03\/QSM-4-Fonte_-ANA-ALICIA-PONTELLI-FLORES-300x200.jpg 300w, https:\/\/www.ufsm.br\/app\/uploads\/sites\/841\/2025\/03\/QSM-4-Fonte_-ANA-ALICIA-PONTELLI-FLORES-768x512.jpg 768w, https:\/\/www.ufsm.br\/app\/uploads\/sites\/841\/2025\/03\/QSM-4-Fonte_-ANA-ALICIA-PONTELLI-FLORES-1536x1024.jpg 1536w, https:\/\/www.ufsm.br\/app\/uploads\/sites\/841\/2025\/03\/QSM-4-Fonte_-ANA-ALICIA-PONTELLI-FLORES-272x182.jpg 272w, https:\/\/www.ufsm.br\/app\/uploads\/sites\/841\/2025\/03\/QSM-4-Fonte_-ANA-ALICIA-PONTELLI-FLORES.jpg 1920w\" sizes=\"(max-width: 1024px) 100vw, 1024px\" \/>\t\t\t\t\t\t\t\t\t\t\t\t\t<\/div>\n\t\t\t\t<\/div>\n\t\t\t\t\t<\/div>\n\t\t<\/div>\n\t\t\t\t\t<\/div>\n\t\t<\/section>\n\t\t\t\t<section class=\"elementor-section elementor-top-section elementor-element elementor-element-6fd36b1 elementor-section-boxed elementor-section-height-default elementor-section-height-default\" data-id=\"6fd36b1\" data-element_type=\"section\">\n\t\t\t\t\t\t<div class=\"elementor-container elementor-column-gap-default\">\n\t\t\t\t\t<div class=\"elementor-column elementor-col-100 elementor-top-column elementor-element elementor-element-4ae7f67\" data-id=\"4ae7f67\" data-element_type=\"column\">\n\t\t\t<div class=\"elementor-widget-wrap elementor-element-populated\">\n\t\t\t\t\t\t<div class=\"elementor-element elementor-element-7933dfd elementor-widget elementor-widget-image\" data-id=\"7933dfd\" data-element_type=\"widget\" data-widget_type=\"image.default\">\n\t\t\t\t<div class=\"elementor-widget-container\">\n\t\t\t\t\t\t\t\t\t\t\t\t\t<img decoding=\"async\" width=\"1024\" height=\"461\" src=\"https:\/\/www.ufsm.br\/app\/uploads\/sites\/841\/2025\/03\/Aulao-2023-Arquivo-do-programa-1024x461.jpg\" class=\"attachment-large size-large wp-image-567\" alt=\"\" srcset=\"https:\/\/www.ufsm.br\/app\/uploads\/sites\/841\/2025\/03\/Aulao-2023-Arquivo-do-programa-1024x461.jpg 1024w, https:\/\/www.ufsm.br\/app\/uploads\/sites\/841\/2025\/03\/Aulao-2023-Arquivo-do-programa-300x135.jpg 300w, https:\/\/www.ufsm.br\/app\/uploads\/sites\/841\/2025\/03\/Aulao-2023-Arquivo-do-programa-768x346.jpg 768w, https:\/\/www.ufsm.br\/app\/uploads\/sites\/841\/2025\/03\/Aulao-2023-Arquivo-do-programa-1536x691.jpg 1536w, https:\/\/www.ufsm.br\/app\/uploads\/sites\/841\/2025\/03\/Aulao-2023-Arquivo-do-programa.jpg 1920w\" sizes=\"(max-width: 1024px) 100vw, 1024px\" \/>\t\t\t\t\t\t\t\t\t\t\t\t\t<\/div>\n\t\t\t\t<\/div>\n\t\t\t\t\t<\/div>\n\t\t<\/div>\n\t\t\t\t\t<\/div>\n\t\t<\/section>\n\t\t\t\t<\/div>\n\t\t","protected":false},"excerpt":{"rendered":"<p>\u00a0 \u00a0 \u00a0 \u00a0 \u00a0 \u00a0 \u00a0 \u00a0 \u00a0 \u00a0 \u00a0 O Pr\u00e9-Universit\u00e1rio Popular Alternativa \u00e9, acima de tudo, um programa de extens\u00e3o desenvolvido por pessoas que tentam conciliar a Educa\u00e7\u00e3o Popular (Paulo Freire) e a religa\u00e7\u00e3o dos saberes na perspectiva da complexidade (Edgar Morin), com a prepara\u00e7\u00e3o para o ingresso ao Ensino Superior. A [&hellip;]<\/p>\n","protected":false},"author":2223,"featured_media":0,"parent":0,"menu_order":0,"comment_status":"closed","ping_status":"closed","template":"","meta":{"footnotes":""},"categories":[],"tags":[],"class_list":["post-151","page","type-page","status-publish","hentry"],"acf":[],"_links":{"self":[{"href":"https:\/\/www.ufsm.br\/projetos\/extensao\/alternativa\/wp-json\/wp\/v2\/pages\/151","targetHints":{"allow":["GET"]}}],"collection":[{"href":"https:\/\/www.ufsm.br\/projetos\/extensao\/alternativa\/wp-json\/wp\/v2\/pages"}],"about":[{"href":"https:\/\/www.ufsm.br\/projetos\/extensao\/alternativa\/wp-json\/wp\/v2\/types\/page"}],"author":[{"embeddable":true,"href":"https:\/\/www.ufsm.br\/projetos\/extensao\/alternativa\/wp-json\/wp\/v2\/users\/2223"}],"replies":[{"embeddable":true,"href":"https:\/\/www.ufsm.br\/projetos\/extensao\/alternativa\/wp-json\/wp\/v2\/comments?post=151"}],"version-history":[{"count":0,"href":"https:\/\/www.ufsm.br\/projetos\/extensao\/alternativa\/wp-json\/wp\/v2\/pages\/151\/revisions"}],"wp:attachment":[{"href":"https:\/\/www.ufsm.br\/projetos\/extensao\/alternativa\/wp-json\/wp\/v2\/media?parent=151"}],"wp:term":[{"taxonomy":"category","embeddable":true,"href":"https:\/\/www.ufsm.br\/projetos\/extensao\/alternativa\/wp-json\/wp\/v2\/categories?post=151"},{"taxonomy":"post_tag","embeddable":true,"href":"https:\/\/www.ufsm.br\/projetos\/extensao\/alternativa\/wp-json\/wp\/v2\/tags?post=151"}],"curies":[{"name":"wp","href":"https:\/\/api.w.org\/{rel}","templated":true}]}}