{"id":368,"date":"2020-10-29T13:43:55","date_gmt":"2020-10-29T16:43:55","guid":{"rendered":"https:\/\/www.ufsm.br\/projetos\/extensao\/alternativa\/?page_id=368"},"modified":"2020-11-06T10:25:11","modified_gmt":"2020-11-06T13:25:11","slug":"publicacoes-academicas","status":"publish","type":"page","link":"https:\/\/www.ufsm.br\/projetos\/extensao\/alternativa\/publicacoes-academicas","title":{"rendered":"Publica\u00e7\u00f5es acad\u00eamicas"},"content":{"rendered":"\n<p><strong>DISSERTA\u00c7\u00d5ES DE MESTRADO<\/strong><\/p>\n<ul>\n<li>GOMES, T.F;\u00a0<a href=\"https:\/\/drive.google.com\/file\/d\/0B5vN7x_pWVqJUzZ3SnkyR1A4aUU\/view?usp=sharing\" target=\"_blank\" rel=\"noopener noreferrer\">Pr\u00e9-Universit\u00e1rio Popular Alternativa: forma\u00e7\u00e3o inicial para a doc\u00eancia entre a educa\u00e7\u00e3o formal e n\u00e3o formal<\/a>. Disserta\u00e7\u00e3o de Mestrado. Disserta\u00e7\u00e3o de Mestrado (Programa de P\u00f3s-Gradua\u00e7\u00e3o Profissional em Educa\u00e7\u00e3o). Universidade Federal da Fronteira Sul &#8211; UFFS-Erechim.<\/li>\n<\/ul>\n<p><strong>MONOGRAFIAS DE CURSOS DE P\u00d3S-GRADUA\u00c7\u00c3O\/ESPECIALIZA\u00c7\u00c3O<\/strong><\/p>\n<ul>\n<li><a href=\"http:\/\/lattes.cnpq.br\/6630818177789263\" target=\"_blank\" rel=\"noopener noreferrer\">COSTA, A. R<\/a>.\u00a0<a href=\"https:\/\/www.ufsm.br\/app\/uploads\/sites\/841\/2020\/11\/O_VIES_SOCIAL_DA_EDUCACAO_A_DISTANCIA_A_PARTIR_DE_UM_PROJETO_DE_EXTENSAO_NA_FORMA_DE_CURSO_PRE-UNIVERSITARIO_POPULAR.pdf\" target=\"_blank\" rel=\"noopener noreferrer\">O vi\u00e9s social da Educa\u00e7\u00e3o a Dist\u00e2ncia a partir de um projeto de extens\u00e3o na forma de curso Pr\u00e9-Universit\u00e1rio Popular<\/a>. Monografia de Curso de P\u00f3s-Gradua\u00e7\u00e3o (Especializa\u00e7\u00e3o em EAD e as Tecnologias Educacionais). Centro Universit\u00e1rio de Maring\u00e1, Paran\u00e1. 2015.<\/li>\n<\/ul>\n<p><strong>ARTIGOS PUBLICADOS EM PERI\u00d3DICOS<\/strong><\/p>\n<ul>\n<li>COSTA, A. R.; GOMES, Tatiane Fernanda.\u00a0<a href=\"https:\/\/drive.google.com\/file\/d\/1291cXAJ1FIjYWXfPkISZZNAhOnhWqizl\/view?usp=sharing\" target=\"_blank\" rel=\"noopener noreferrer\">Contribui\u00e7\u00f5es da obra de Paulo Freire nos encontros de cursos pr\u00e9-universit\u00e1rios populares<\/a><a href=\"https:\/\/drive.google.com\/file\/d\/1291cXAJ1FIjYWXfPkISZZNAhOnhWqizl\/view?usp=sharing\" target=\"_blank\" rel=\"noopener noreferrer\">: redes de indigna\u00e7\u00e3o e esperan\u00e7a<\/a>.\u00a0Revista Educa\u00e7\u00e3o Popular, Uberl\u00e2ndia, v. 16, n. 2, p. 137-151, maio\/ago. 2017.<\/li>\n<\/ul>\n<ul>\n<li><a href=\"http:\/\/lattes.cnpq.br\/5960786668206357\" target=\"_blank\" rel=\"noopener noreferrer\">GOMES, T. F.<\/a>;\u00a0<a href=\"http:\/\/lattes.cnpq.br\/9843685868714681\" target=\"_blank\" rel=\"noopener noreferrer\">PEREIRA, F. R.<\/a>; MELLO, T. A.;\u00a0<a href=\"http:\/\/lattes.cnpq.br\/2961810492083100\" target=\"_blank\" rel=\"noopener noreferrer\">BRUNHAUSER, F. F<\/a>.\u00a0Para al\u00e9m da sala de aula: pr\u00e1ticas educativas potencialmente emancipat\u00f3rias no Pr\u00e9-Universit\u00e1rio Popular Alternativa (UFSM). Revista Unifreire, v. 1, p. 140-154, 2015.<\/li>\n<\/ul>\n<p><strong>CAP\u00cdTULOS DE LIVROS PUBLICADOS<\/strong><\/p>\n<ul>\n<li>CEZAR, L. A. S.; PICCINI, I. P..\u00a0Conex\u00f5es de Saberes, sexualidade e planejamento familiar. In: SOARES, A. L. R.; BELLOCHIO, C. R.; FLORES, J. R. A.; CERVO, L. M.; GARBOSA, L. W. F.;\u00a0<a href=\"http:\/\/lattes.cnpq.br\/5960786668206357\" target=\"_blank\" rel=\"noopener noreferrer\">GOMES, T. F.<\/a>; PETRI, V. (Orgs.). Conex\u00f5es de Saberes: di\u00e1logos entre a universidade e as comunidades populares. Santa Maria: UFSM. 2012.<\/li>\n<\/ul>\n<ul>\n<li>SCHERER, B. C.; NORONHA, F. G.; ARA\u00daJO, G. S.;\u00a0<a href=\"http:\/\/lattes.cnpq.br\/5960786668206357\" target=\"_blank\" rel=\"noopener noreferrer\">GOMES, T. F.<\/a>; TOLFO, T.\u00a0Projeto Alternativa\/Conex\u00f5es de Saberes. In: SOARES, A. L. R.; BELLOCHIO, C. R.; FLORES, J. R. A.; CERVO, L. M.; GARBOSA, L. W. F.;\u00a0<a href=\"http:\/\/lattes.cnpq.br\/5960786668206357\" target=\"_blank\" rel=\"noopener noreferrer\">GOMES, T. F.<\/a>; PETRI, V. (Orgs.). Conex\u00f5es de Saberes: di\u00e1logos entre a universidade e as comunidades populares. Santa Maria: UFSM. 2012.<\/li>\n<\/ul>\n<p><strong>ARTIGOS PUBLICADOS EM ANAIS DE CONGRESSO<\/strong><\/p>\n<ul>\n<li>VIANNA, Dienefer Madruga; ALMEIDA,\u00a0Rauana Guerra de; FLORES,\u00a0Mariana Flores da Cunha Thompson.\u00a0As\u00a0possibilidades da did\u00e1tica: jogos de hist\u00f3ria, por um ensino prazeroso e consequente, um projeto de extens\u00e3o.\u00a0In:\u00a0XVIII Congresso Internacional de Educa\u00e7\u00e3o Popular \u2013 MOBREC\/SM. Santa Maria, 2018.\u00a0<\/li>\n<li>MELLO, Andressa Spencer; SILVA, Sandra R\u00fabia da.\u00a0O\u00a0protagonismo das leitoras diante de suas hist\u00f3rias: relatos de educandas do cursinho Alternativa.\u00a0In:\u00a0XVIII Congresso Internacional de Educa\u00e7\u00e3o Popular \u2013 MOBREC\/SM. Santa Maria, 2018.<\/li>\n<\/ul>\n<ul>\n<li>DILEDIO, M\u00f4nica Cardoso.\u00a0Desafios da educa\u00e7\u00e3o musical em curso pr\u00e9-vestibular popular.\u00a0In: XVIII Encontro Regional Sul \u2013 Educa\u00e7\u00e3o Musical em tempos de crise: percep\u00e7\u00f5es, impactos e enfrentamentos. Santa Maria, 2018.<\/li>\n<\/ul>\n<ul>\n<li>FLORIO, Bibiana Poche.\u00a0Educa\u00e7\u00e3o\u00a0popular e Rela\u00e7\u00f5es Internacionais: a experi\u00eancia no Pr\u00e9-Universit\u00e1rio Popular Alternativa.\u00a0In:\u00a0XVIII Congresso Internacional de Educa\u00e7\u00e3o Popular \u2013 MOBREC\/SM. Santa Maria, 2018.<\/li>\n<\/ul>\n<ul>\n<li>SANTOS, Willian Grecilo; MAGOGA, Thiago Flores; MUENCHE, Cristiane.\u00a0Articula\u00e7\u00e3o\u00a0Freire-CTS no contexto do Pr\u00e9-Universit\u00e1rio Popular Alternativa: um olhar sobre a pr\u00e1tica pedag\u00f3gica na disciplina de F\u00edsica.\u00a0In:\u00a0XVIII Congresso Internacional de Educa\u00e7\u00e3o Popular \u2013 MOBREC\/SM. Santa Maria, 2018.<\/li>\n<\/ul>\n<ul>\n<li>O uso de mapas conceituais no ensino de Matem\u00e1tica em pr\u00e9-universit\u00e1rio popular, artigo de Laura Tiemme de Castro, apresentado no III Simp\u00f3sio da forma\u00e7\u00e3o de professores de Matem\u00e1tica da Regi\u00e3o Sul, em Chapec\u00f3, ocorrido no per\u00edodo de 04 a 06 de maio de 2018.<\/li>\n<\/ul>\n<ul>\n<li>Ensino de Geometria Espacial: vistas ortogonais como facilitador para a vis\u00e3o espacial, resumo de Laura Tiemme de Castro, Kaynan Casali Vieira e Leonardo Pessin da Silveira, apresentado na 33\u00aa Jornada Acad\u00eamica Integrada da UFSM, ocorrida de 22 a 26 de outubro de 2018.<\/li>\n<\/ul>\n<ul>\n<li>\u00a0GOMES, T. F.;\u00a0<a href=\"https:\/\/drive.google.com\/file\/d\/1NW23XofCGKipkPBEypuFmNxCzLQ__r9h\/view?usp=sharing\" target=\"_blank\" rel=\"noopener noreferrer\">A\u00a0\u201cparte diversificada\u201d do curr\u00edculo de um\u00a0Pr\u00e9-Universit\u00e1rio Popular: expandindo horizontes de educandos e educadores<\/a>. In: XIX F\u00f3rum de Estudos: Leituras de Paulo Freire, 2017. Rio Grande. Anais, 2017.\u00a0<\/li>\n<\/ul>\n<ul>\n<li><a href=\"http:\/\/lattes.cnpq.br\/6630818177789263\" target=\"_blank\" rel=\"noopener noreferrer\">COSTA, A. R<\/a>.\u00a0<a href=\"https:\/\/www.ufsm.br\/app\/uploads\/sites\/841\/2020\/11\/Forum_Paulo_Freire_Alan_Ricardo_Costa.pdf\" target=\"_blank\" rel=\"noopener noreferrer\">A Educa\u00e7\u00e3o Popular em contexto pr\u00e9-vestibular uma vez mais em debate<\/a>: h\u00e1 Alternativa!\u00a0In: XVII F\u00f3rum de Estudos: Leituras de Paulo Freire, 2015, Santa Maria. Anais, 2015.<\/li>\n<\/ul>\n<ul>\n<li><a href=\"http:\/\/lattes.cnpq.br\/6630818177789263\" target=\"_blank\" rel=\"noopener noreferrer\">COSTA, A. R<\/a>.\u00a0<a href=\"https:\/\/www.ufsm.br\/app\/uploads\/sites\/841\/2020\/11\/relatoalanricardocosta_genero_sexualidade.pdf\" target=\"_blank\" rel=\"noopener noreferrer\">Quest\u00f5es de G\u00eanero e Sexualidade<\/a>: relato de experi\u00eancia no Pr\u00e9-Vestibular Popular Alternativa. In: VII Congresso Internacional de Estudos sobre Diversidade Sexual e de G\u00eanero, 2014, Rio Grande. Anais, 2014.<\/li>\n<\/ul>\n<ul>\n<li><a href=\"http:\/\/lattes.cnpq.br\/1015223045459179\" target=\"_blank\" rel=\"noopener noreferrer\">LOUREIRO, C. W.<\/a>;\u00a0<a href=\"http:\/\/lattes.cnpq.br\/6630818177789263\" target=\"_blank\" rel=\"noopener noreferrer\">COSTA, A. R<\/a>\u00a0.\u00a0Ensino, cultura e debates por meio do cinema: experi\u00eancias a partir do curso Pr\u00e9-Universit\u00e1rio Popular Alternativa. In: III Encontro dos Pr\u00e9-Universit\u00e1rios Populares, 2015, Rio Grande. Anais do encontro. Rio Grande: Ed. da FURG, 2015. p. 127-136.<\/li>\n<\/ul>\n<ul>\n<li>ROSA, C. N.; SEGALLA, J. F.; SOARES, M. R.; BRIGNOL, L. D.\u00a0Produ\u00e7\u00e3o de conte\u00fado multim\u00eddia sobre a obra \u201cO Pagador de Promessas\u201d para os alunos do Pr\u00e9-vestibular Popular Alternativa. In: XIV Congresso de Ci\u00eancias da Comunica\u00e7\u00e3o na Regi\u00e3o Sul. Santa Cruz, Rio Grande do Sul, 2013.<\/li>\n<\/ul>\n<p><strong>RESUMOS EXPANDIDOS PUBLICADOS EM ANAIS DE CONGRESSOS<\/strong><\/p>\n<ul>\n<li>ALLGAYER, A. A.;\u00a0<a href=\"http:\/\/lattes.cnpq.br\/6630818177789263\" target=\"_blank\" rel=\"noopener noreferrer\">COSTA, A. R<\/a>.\u00a0Qual \u00e9 o perfil do educando do Projeto Alternativa?. In: 29\u00aa JAI &#8211; Jornada Acad\u00eamica Integrada, 2014, Santa Maria. 29\u00ba Sal\u00e3o de Inicia\u00e7\u00e3o Cient\u00edfica, 2014. p. 1-5.<\/li>\n<\/ul>\n<ul>\n<li>ALLGAYER, A. A.;\u00a0<a href=\"http:\/\/lattes.cnpq.br\/5960786668206357\" target=\"_blank\" rel=\"noopener noreferrer\">GOMES, T. F.<\/a>;\u00a0<a href=\"http:\/\/lattes.cnpq.br\/9843685868714681\" target=\"_blank\" rel=\"noopener noreferrer\">PEREIRA, F. R.<\/a>; SILVA, J. C.;\u00a0<a href=\"http:\/\/lattes.cnpq.br\/0068025359088749\" target=\"_blank\" rel=\"noopener noreferrer\">GIRARDI, F<\/a>.\u00a0O\u00a0PVP Alternativa no programa Conex\u00f5es de Saberes. In: 27\u00aa Jornada Acad\u00eamica Integrada (JAI) da Universidade Federal de Santa Maria, Santa Maria, Rio Grande do Sul, 2012.<\/li>\n<\/ul>\n<ul>\n<li><a href=\"http:\/\/lattes.cnpq.br\/3956852576713935\" target=\"_blank\" rel=\"noopener noreferrer\">ANDRADE, A. P<\/a>.;\u00a0<a href=\"http:\/\/lattes.cnpq.br\/6630818177789263\" target=\"_blank\" rel=\"noopener noreferrer\">COSTA, A. R<\/a>.\u00a0A Fic\u00e7\u00e3o Brasileira Contempor\u00e2nea e a Pluralidade da &#8216;Persona&#8217;: contribui\u00e7\u00f5es do Projeto Alternativa no respeito \u00e0 diversidade sexual<a href=\"http:\/\/coral.ufsm.br\/alternativa\/images\/JAI_Alternativa_Literatura_ltima_verso.pdf\" target=\"_blank\" rel=\"noopener noreferrer\">.<\/a>\u00a0In: 29\u00aa JAI &#8211; Jornada Acad\u00eamica Integrada, 2014, Santa Maria. 7\u00ba F\u00f3rum Extens\u00e3o Conta, 2014.<\/li>\n<\/ul>\n<ul>\n<li><a href=\"http:\/\/lattes.cnpq.br\/6630818177789263\" target=\"_blank\" rel=\"noopener noreferrer\">COSTA, A. R<\/a>.;\u00a0<a href=\"http:\/\/lattes.cnpq.br\/8617145523595968\" target=\"_blank\" rel=\"noopener noreferrer\">SILVA, K. M<\/a>.\u00a0Educa\u00e7\u00e3o Popular e Pr\u00e9-Vestibular na Extens\u00e3o Universit\u00e1ria. In: 6\u00ba Congresso Brasileiro de Extens\u00e3o Universit\u00e1ria (CBEU), 2014, Bel\u00e9m, Par\u00e1. Di\u00e1logos da Extens\u00e3o: Saberes Tradicionais e Inova\u00e7\u00e3o Cient\u00edfica, 2014.<\/li>\n<\/ul>\n<ul>\n<li>COSTA, J. R.; PONTELLI, M. C.; GOLLO, A. L.; SA, R. F.\u00a0Participa\u00e7\u00e3o do PET Biologia no curso Pr\u00e9-Vestibular Popular (PVP) Alternativa. In: 25\u00aa Jornada Acad\u00eamica Integrada (JAI) da Universidade Federal de Santa Maria, Santa Maria, Rio Grande do Sul, 2010.<\/li>\n<\/ul>\n<ul>\n<li>MISIEVICZ, T.; SANTOS, A. D.; DIAS, F. H. S.; SILVA, D. M. I.; CARVALHO JUNIOR, A. D.\u00a0Pr\u00e9-Vestibular Popular Alternativa contribuindo para uma forma\u00e7\u00e3o \u00e9tica, cidad\u00e3 e de qualidade dos acad\u00eamicos da Matem\u00e1tica. In: 25\u00aa Jornada Acad\u00eamica Integrada (JAI) da Universidade Federal de Santa Maria, Santa Maria, Rio Grande do Sul, 2010.<\/li>\n<\/ul>\n<ul>\n<li>NASCIMENTO, C. O. do;\u00a0<a href=\"http:\/\/lattes.cnpq.br\/6630818177789263\" target=\"_blank\" rel=\"noopener noreferrer\">COSTA, A. R<\/a>.; MACHADO, F.\u00a0Pr\u00e9-Universit\u00e1rio Popular? Revis\u00e3o de literatura e estado da arte. In: XVII F\u00f3rum de Estudos: Leituras de Paulo Freire, 2015, Santa Maria. Educar com seriedade sim, mas com alegria. As classes populares na Escola P\u00fablica, 2015.<\/li>\n<\/ul>\n<ul>\n<li>SILVA, J. C.\u00a0M\u00eddia e Democracia pelo olhar dos estudantes do Pr\u00e9-Vestibular Popular Alternativa. In: 26\u00aa Jornada Acad\u00eamica Integrada (JAI) da Universidade Federal de Santa Maria. Anais&#8230; Santa Maria, Rio Grande do Sul, 2011.<\/li>\n<\/ul>\n<ul>\n<li><a href=\"http:\/\/lattes.cnpq.br\/8617145523595968\" target=\"_blank\" rel=\"noopener noreferrer\">SILVA, K. M.<\/a>;\u00a0<a href=\"http:\/\/lattes.cnpq.br\/6630818177789263\" target=\"_blank\" rel=\"noopener noreferrer\">COSTA, A. R<\/a>. ;\u00a0<a href=\"http:\/\/lattes.cnpq.br\/3956852576713935\" target=\"_blank\" rel=\"noopener noreferrer\">ANDRADE, A. P<\/a>. ; ALLGAYER, A. A.\u00a0Projeto Alternativa &#8211; Extens\u00e3o e acesso ao Ensino Superior. In: 29\u00aa JAI &#8211; Jornada Acad\u00eamica Integrada, 2014, Santa Maria. 7\u00ba F\u00f3rum Extens\u00e3o Conta, 2014. p.1-4.<\/li>\n<\/ul>\n<p><strong>RESUMOS PUBLICADOS EM ANAIS DE CONGRESSOS<\/strong><\/p>\n<ul>\n<li>CHAVES, S.; COSTA, A. R.\u00a0<a href=\"http:\/\/coral.ufsm.br\/alternativa\/images\/Resumo_JAI.pdf\" target=\"_blank\" rel=\"noopener noreferrer\">(<\/a>Im) possibilidades de levar cursos populares \u00e0s periferias: considera\u00e7\u00f5es sobre a localiza\u00e7\u00e3o do Curso Popular Alternativa.\u00a0In: 32\u00aa Jornada Acad\u00eamica Integrada (JAI) da Universidade Federal de Santa Maria. Anais&#8230; Santa Maria, Rio Grande do Sul, 2017.<\/li>\n<\/ul>\n<ul>\n<li>LIMA, C.L.; COSTA, A. R.;\u00a0Considera\u00e7\u00f5es sobre as dificuldades inerentes ao ensino de Filosofia num espa\u00e7o alternativo.\u00a0In: 32\u00aa Jornada Acad\u00eamica Integrada (JAI) da Universidade Federal de Santa Maria. Anais&#8230; Santa Maria, Rio Grande do Sul, 2017.<\/li>\n<\/ul>\n","protected":false},"excerpt":{"rendered":"<p>DISSERTA\u00c7\u00d5ES DE MESTRADO GOMES, T.F;\u00a0Pr\u00e9-Universit\u00e1rio Popular Alternativa: forma\u00e7\u00e3o inicial para a doc\u00eancia entre a educa\u00e7\u00e3o formal e n\u00e3o formal. Disserta\u00e7\u00e3o de Mestrado. Disserta\u00e7\u00e3o de Mestrado (Programa de P\u00f3s-Gradua\u00e7\u00e3o Profissional em Educa\u00e7\u00e3o). Universidade Federal da Fronteira Sul &#8211; UFFS-Erechim. MONOGRAFIAS DE CURSOS DE P\u00d3S-GRADUA\u00c7\u00c3O\/ESPECIALIZA\u00c7\u00c3O COSTA, A. R.\u00a0O vi\u00e9s social da Educa\u00e7\u00e3o a Dist\u00e2ncia a partir de [&hellip;]<\/p>\n","protected":false},"author":2223,"featured_media":0,"parent":0,"menu_order":0,"comment_status":"closed","ping_status":"closed","template":"","meta":{"footnotes":""},"categories":[],"tags":[],"class_list":["post-368","page","type-page","status-publish","hentry"],"acf":[],"_links":{"self":[{"href":"https:\/\/www.ufsm.br\/projetos\/extensao\/alternativa\/wp-json\/wp\/v2\/pages\/368","targetHints":{"allow":["GET"]}}],"collection":[{"href":"https:\/\/www.ufsm.br\/projetos\/extensao\/alternativa\/wp-json\/wp\/v2\/pages"}],"about":[{"href":"https:\/\/www.ufsm.br\/projetos\/extensao\/alternativa\/wp-json\/wp\/v2\/types\/page"}],"author":[{"embeddable":true,"href":"https:\/\/www.ufsm.br\/projetos\/extensao\/alternativa\/wp-json\/wp\/v2\/users\/2223"}],"replies":[{"embeddable":true,"href":"https:\/\/www.ufsm.br\/projetos\/extensao\/alternativa\/wp-json\/wp\/v2\/comments?post=368"}],"version-history":[{"count":0,"href":"https:\/\/www.ufsm.br\/projetos\/extensao\/alternativa\/wp-json\/wp\/v2\/pages\/368\/revisions"}],"wp:attachment":[{"href":"https:\/\/www.ufsm.br\/projetos\/extensao\/alternativa\/wp-json\/wp\/v2\/media?parent=368"}],"wp:term":[{"taxonomy":"category","embeddable":true,"href":"https:\/\/www.ufsm.br\/projetos\/extensao\/alternativa\/wp-json\/wp\/v2\/categories?post=368"},{"taxonomy":"post_tag","embeddable":true,"href":"https:\/\/www.ufsm.br\/projetos\/extensao\/alternativa\/wp-json\/wp\/v2\/tags?post=368"}],"curies":[{"name":"wp","href":"https:\/\/api.w.org\/{rel}","templated":true}]}}