{"id":435,"date":"2023-09-04T18:19:12","date_gmt":"2023-09-04T21:19:12","guid":{"rendered":"https:\/\/www.ufsm.br\/projetos\/extensao\/ateliedetextos\/?page_id=435"},"modified":"2025-04-22T15:34:19","modified_gmt":"2025-04-22T18:34:19","slug":"teses-e-dissertacoes","status":"publish","type":"page","link":"https:\/\/www.ufsm.br\/projetos\/extensao\/ateliedetextos\/teses-e-dissertacoes","title":{"rendered":"Teses e Disserta\u00e7\u00f5es"},"content":{"rendered":"\n<p>BITENCURT, S.M.\u00a0<strong><a href=\"https:\/\/repositorio.ufsm.br\/handle\/1\/34478\">Abordagem da transitividade em um livro did\u00e1tico de l\u00edngua portuguesa e sugest\u00e3o de atividade com enfoque sist\u00eamico- funcional.<\/a><\/strong>\u00a0Santa Maria: UFSM, 2025. Disserta\u00e7\u00e3o (Mestrado em Letras) &#8211;\u00a0Programa de P\u00f3s-Gradua\u00e7\u00e3o em Letras, Universidade Federal de Santa Maria, Santa Maria, 2025. Orienta\u00e7\u00e3o: Profa. Dra. Cristiane Fuzer.<\/p>\n\n\n\n<p>BARROS, G.B.\u00a0<strong><a href=\"https:\/\/repositorio.ufsm.br\/handle\/1\/33244\">Avaliatividade e conjun\u00e7\u00e3o em textos argumentativos de uma cole\u00e7\u00e3o did\u00e1tica de linguagens e suas tecnologias: estudo com base em g\u00eanero na perspectiva da LSF.<\/a><\/strong> Santa Maria: UFSM, 2024. Disserta\u00e7\u00e3o (Mestrado em Letras) &#8211; \u00a0Programa de P\u00f3s-Gradua\u00e7\u00e3o em Letras, Universidade Federal de Santa Maria, Santa Maria, 2024. Orienta\u00e7\u00e3o: Profa. Dra. Cristiane Fuzer.<\/p>\n\n\n\n<p>COCCO, C.S. <a href=\"https:\/\/repositorio.ufsm.br\/handle\/1\/29707\"><strong>O que a lingu\u00edstica sist\u00eamico-funcional revela sobre os g\u00eaneros de texto em notas t\u00e9cnicas da \u00e1rea de agropecu\u00e1ria para uma proposta de ensino.<\/strong><\/a> Santa Maria: UFSM, 2023. Tese (Doutorado em Letras) \u2013 Programa de P\u00f3s-Gradua\u00e7\u00e3o em Letras, Universidade Federal de Santa Maria, Santa Maria, 2023. Orienta\u00e7\u00e3o: Profa. Dra. Cristiane Fuzer.<\/p>\n\n\n\n<p>SILVA, M.C.C.\u00a0<strong><a href=\"https:\/\/repositorio.ufsm.br\/handle\/1\/30398\">Instancia\u00e7\u00f5es de g\u00eaneros da fam\u00edlia dos relat\u00f3rios na perspectiva sist\u00eamico-funcional em livro did\u00e1tico de ci\u00eancias da natureza.<\/a><\/strong>\u00a0Santa Maria: UFSM, 2023. Disserta\u00e7\u00e3o (Mestrado em Letras) &#8211;\u00a0Programa de P\u00f3s-Gradua\u00e7\u00e3o em Letras, Universidade Federal de Santa Maria, Santa Maria, 2023. Orienta\u00e7\u00e3o: Profa. Dra. Cristiane Fuzer.<\/p>\n\n\n\n<p>GERHARDT, C.C.&nbsp;<strong><a href=\"https:\/\/repositorio.ufsm.br\/handle\/1\/27569\">Produ\u00e7\u00e3o escrita de epis\u00f3dios no ensino fundamental por meio do Ciclo de Ensino e Aprendizagem da Pedagogia com base em G\u00eaneros de Texto na LSF<\/a><\/strong>.&nbsp;Santa Maria: UFSM, 2022. Tese (Doutorado em Letras) &#8211; Programa de P\u00f3s-Gradua\u00e7\u00e3o em Letras,&nbsp;Universidade Federal de Santa Maria,&nbsp;Santa Maria, 2022. Orienta\u00e7\u00e3o: Profa.&nbsp;Dra. Cristiane Fuzer.<\/p>\n\n\n\n<p>PEREIRA, D.M.\u00a0<strong><a href=\"https:\/\/repositorio.ufsm.br\/handle\/1\/28272\">G\u00eaneros de texto em livro did\u00e1tico de matem\u00e1tica: um olhar sist\u00eamico-funcional para a linguagem no estudo das fra\u00e7\u00f5es no ensino fundamental.<\/a><\/strong>\u00a0Santa Maria: UFSM, 2022. Disserta\u00e7\u00e3o (Mestrado em Letras) &#8211;\u00a0Programa de P\u00f3s-Gradua\u00e7\u00e3o em Letras, Universidade Federal de Santa Maria, Santa Maria, 2022. Orienta\u00e7\u00e3o: Profa. Dra. Cristiane Fuzer.<br>Link:\u00a0<\/p>\n\n\n\n<p>CECCHIN, A.S.&nbsp;<strong><a href=\"https:\/\/repositorio.ufsm.br\/handle\/1\/22827\">A escrita de relatos biogr\u00e1ficos com base na pedagogia de g\u00eaneros de texto<\/a><\/strong>: Idea\u00e7\u00e3o e Avaliativiade&nbsp;na perspectiva sist\u00eamico-funcional. Santa Maria: UFSM, 2021. Tese (Doutorado em Letras) &#8211; Programa de P\u00f3s-Gradua\u00e7\u00e3o em Letras, Universidade Federal de Santa Maria, Santa Maria, 2021.&nbsp;Orienta\u00e7\u00e3o: Profa. Dra. Cristiane Fuzer. <\/p>\n\n\n\n<p><\/p>\n\n\n\n<p><\/p>\n\n\n\n<p><\/p>\n","protected":false},"excerpt":{"rendered":"<p>BITENCURT, S.M.\u00a0Abordagem da transitividade em um livro did\u00e1tico de l\u00edngua portuguesa e sugest\u00e3o de atividade com enfoque sist\u00eamico- funcional.\u00a0Santa Maria: UFSM, 2025. Disserta\u00e7\u00e3o (Mestrado em Letras) &#8211;\u00a0Programa de P\u00f3s-Gradua\u00e7\u00e3o em Letras, Universidade Federal de Santa Maria, Santa Maria, 2025. Orienta\u00e7\u00e3o: Profa. Dra. Cristiane Fuzer. BARROS, G.B.\u00a0Avaliatividade e conjun\u00e7\u00e3o em textos argumentativos de uma cole\u00e7\u00e3o did\u00e1tica [&hellip;]<\/p>\n","protected":false},"author":5542,"featured_media":0,"parent":0,"menu_order":0,"comment_status":"closed","ping_status":"closed","template":"","meta":{"footnotes":""},"categories":[],"tags":[],"class_list":["post-435","page","type-page","status-publish","hentry"],"acf":[],"_links":{"self":[{"href":"https:\/\/www.ufsm.br\/projetos\/extensao\/ateliedetextos\/wp-json\/wp\/v2\/pages\/435","targetHints":{"allow":["GET"]}}],"collection":[{"href":"https:\/\/www.ufsm.br\/projetos\/extensao\/ateliedetextos\/wp-json\/wp\/v2\/pages"}],"about":[{"href":"https:\/\/www.ufsm.br\/projetos\/extensao\/ateliedetextos\/wp-json\/wp\/v2\/types\/page"}],"author":[{"embeddable":true,"href":"https:\/\/www.ufsm.br\/projetos\/extensao\/ateliedetextos\/wp-json\/wp\/v2\/users\/5542"}],"replies":[{"embeddable":true,"href":"https:\/\/www.ufsm.br\/projetos\/extensao\/ateliedetextos\/wp-json\/wp\/v2\/comments?post=435"}],"version-history":[{"count":0,"href":"https:\/\/www.ufsm.br\/projetos\/extensao\/ateliedetextos\/wp-json\/wp\/v2\/pages\/435\/revisions"}],"wp:attachment":[{"href":"https:\/\/www.ufsm.br\/projetos\/extensao\/ateliedetextos\/wp-json\/wp\/v2\/media?parent=435"}],"wp:term":[{"taxonomy":"category","embeddable":true,"href":"https:\/\/www.ufsm.br\/projetos\/extensao\/ateliedetextos\/wp-json\/wp\/v2\/categories?post=435"},{"taxonomy":"post_tag","embeddable":true,"href":"https:\/\/www.ufsm.br\/projetos\/extensao\/ateliedetextos\/wp-json\/wp\/v2\/tags?post=435"}],"curies":[{"name":"wp","href":"https:\/\/api.w.org\/{rel}","templated":true}]}}