{"id":212,"date":"2022-07-25T15:58:53","date_gmt":"2022-07-25T18:58:53","guid":{"rendered":"https:\/\/www.ufsm.br\/projetos\/extensao\/esmetsm\/?page_id=212"},"modified":"2022-07-25T16:01:26","modified_gmt":"2022-07-25T19:01:26","slug":"visitas-na-esmetsm","status":"publish","type":"page","link":"https:\/\/www.ufsm.br\/projetos\/extensao\/esmetsm\/visitas-na-esmetsm","title":{"rendered":"Visitas na ESMETSM"},"content":{"rendered":"\n<p style=\"text-align: justify\"><span style=\"font-weight: 400\">As visitas na ESMETSM buscam aproximar a sociedade da quest\u00e3o ambiental no que diz respeito a atmosfera e seus fen\u00f4menos, apresentando o funcionamento e import\u00e2ncia de uma Esta\u00e7\u00e3o Meteorol\u00f3gica.<\/span><\/p>\n<p style=\"text-align: justify\"><span style=\"font-weight: 400\">Com o aumento do interesse da comunidade em geral sobre assuntos relacionados ao tempo e clima, a contribui\u00e7\u00e3o da Universidade para a comunidade atrav\u00e9s deste projeto se torna ainda mais importante uma vez que age como educadora no sentido de esclarecimentos sobre fen\u00f4menos atmosf\u00e9ricos que afetam nosso cotidiano e s\u00e3o estudados por estudantes de todos os n\u00edveis escolares. O projeto visa articular a\u00e7\u00e3o de interesse comum entre Universidade e sociedade, de car\u00e1ter educativo por meio da divulga\u00e7\u00e3o da Esta\u00e7\u00e3o Meteorol\u00f3gica contribuindo para a forma\u00e7\u00e3o de estudantes e profissionais com interesse na \u00e1rea t\u00e9cnica em meteorologia.\u00a0<\/span><\/p>\n<p style=\"text-align: justify\"><span style=\"font-weight: 400\">Assim, o projeto formaliza uma agenda aberta para visita\u00e7\u00f5es e informa\u00e7\u00f5es sobre a Esta\u00e7\u00e3o para escolas p\u00fablicas, privadas e institui\u00e7\u00f5es de educa\u00e7\u00e3o b\u00e1sica, m\u00e9dio e superior, promovendo a dissemina\u00e7\u00e3o do conhecimento na \u00e1rea de ci\u00eancias atmosf\u00e9ricas e agrometeorol\u00f3gicas que qualificam as escolas\/institui\u00e7\u00f5es e principalmente d\u00e1 suporte ao ensino p\u00fablico.<\/span><\/p>\n<p style=\"text-align: justify\"><span style=\"font-weight: 400\">Para agendar sua visita envie email para: esmetsm@ufsm.br<\/span><\/p>\n","protected":false},"excerpt":{"rendered":"<p>As visitas na ESMETSM buscam aproximar a sociedade da quest\u00e3o ambiental no que diz respeito a atmosfera e seus fen\u00f4menos, apresentando o funcionamento e import\u00e2ncia de uma Esta\u00e7\u00e3o Meteorol\u00f3gica. Com o aumento do interesse da comunidade em geral sobre assuntos relacionados ao tempo e clima, a contribui\u00e7\u00e3o da Universidade para a comunidade atrav\u00e9s deste projeto [&hellip;]<\/p>\n","protected":false},"author":5680,"featured_media":0,"parent":0,"menu_order":0,"comment_status":"closed","ping_status":"closed","template":"","meta":{"footnotes":""},"categories":[],"tags":[],"class_list":["post-212","page","type-page","status-publish","hentry"],"acf":[],"_links":{"self":[{"href":"https:\/\/www.ufsm.br\/projetos\/extensao\/esmetsm\/wp-json\/wp\/v2\/pages\/212","targetHints":{"allow":["GET"]}}],"collection":[{"href":"https:\/\/www.ufsm.br\/projetos\/extensao\/esmetsm\/wp-json\/wp\/v2\/pages"}],"about":[{"href":"https:\/\/www.ufsm.br\/projetos\/extensao\/esmetsm\/wp-json\/wp\/v2\/types\/page"}],"author":[{"embeddable":true,"href":"https:\/\/www.ufsm.br\/projetos\/extensao\/esmetsm\/wp-json\/wp\/v2\/users\/5680"}],"replies":[{"embeddable":true,"href":"https:\/\/www.ufsm.br\/projetos\/extensao\/esmetsm\/wp-json\/wp\/v2\/comments?post=212"}],"version-history":[{"count":0,"href":"https:\/\/www.ufsm.br\/projetos\/extensao\/esmetsm\/wp-json\/wp\/v2\/pages\/212\/revisions"}],"wp:attachment":[{"href":"https:\/\/www.ufsm.br\/projetos\/extensao\/esmetsm\/wp-json\/wp\/v2\/media?parent=212"}],"wp:term":[{"taxonomy":"category","embeddable":true,"href":"https:\/\/www.ufsm.br\/projetos\/extensao\/esmetsm\/wp-json\/wp\/v2\/categories?post=212"},{"taxonomy":"post_tag","embeddable":true,"href":"https:\/\/www.ufsm.br\/projetos\/extensao\/esmetsm\/wp-json\/wp\/v2\/tags?post=212"}],"curies":[{"name":"wp","href":"https:\/\/api.w.org\/{rel}","templated":true}]}}