{"id":216,"date":"2022-09-22T10:49:09","date_gmt":"2022-09-22T13:49:09","guid":{"rendered":"https:\/\/www.ufsm.br\/projetos\/extensao\/esmetsm\/?page_id=216"},"modified":"2022-09-22T10:49:10","modified_gmt":"2022-09-22T13:49:10","slug":"informacoes-gerais","status":"publish","type":"page","link":"https:\/\/www.ufsm.br\/projetos\/extensao\/esmetsm\/informacoes-gerais","title":{"rendered":"Sobre"},"content":{"rendered":"\n<p>T\u00edtulo: ESTA\u00c7\u00c3O METEOROL\u00d3GICA DE SANTA MARIA<\/p>\n<p>N\u00famero: 050438\u00a0 \u00a0 \u00a0 \u00a0<\/p>\n<p>Classifica\u00e7\u00e3o: Extens\u00e3o<\/p>\n<p>Registrado em: 08\/11\/2018<\/p>\n<p>Situa\u00e7\u00e3o: Em andamento<\/p>\n<p>In\u00edcio: 01\/01\/2019 T\u00e9rmino: 31\/12\/2023<\/p>\n<p>Avalia\u00e7\u00e3o: Avaliado \u00daltima avalia\u00e7\u00e3o: 29\/07\/2022<\/p>\n<p style=\"text-align: justify\">Resumo: A Esta\u00e7\u00e3o Meteorol\u00f3gica Convencional de Santa Maria &#8211; ESMETSM foi instalada no Departamento de Fitotecnia em junho de 1968 por um conv\u00eanio com 8\u00ba Distrito de Meteorologia do Instituto Nacional de Meteorologia (INMET). Al\u00e9m de sua fun\u00e7\u00e3o principal de registro cont\u00ednuo das vari\u00e1veis atmosf\u00e9ricas \u00e9 utilizada tamb\u00e9m para ensino e pesquisa dentro e fora da UFSM. A Esta\u00e7\u00e3o \u00e9 procurada por v\u00e1rias institui\u00e7\u00f5es durante todo o ano para conhecimento sobre o funcionamento da ESMETSM como parte complementar de disciplinas de cursos superior, t\u00e9cnico, m\u00e9dio e fundamental. A cria\u00e7\u00e3o de um roteiro explicativo sobre a ESMETSM adaptado para cada n\u00edvel de ensino que visita a Esta\u00e7\u00e3o \u00e9 de vital import\u00e2ncia para que quando determinado grupo venha conhecer a ESMETSM seja al\u00e9m de proveitoso didaticamente seja uma forma de divulga\u00e7\u00e3o e aproxima\u00e7\u00e3o da comunidade as informa\u00e7\u00f5es de tempo e clima. Al\u00e9m de um roteiro com a apresenta\u00e7\u00e3o e explica\u00e7\u00e3o do funcionamento de cada equipamento presente na Esta\u00e7\u00e3o, a cria\u00e7\u00e3o de panfletos com informa\u00e7\u00f5es sobre hist\u00f3rico, contato e acesso aos dados atmosf\u00e9ricos s\u00e3o importantes para futuras consultas dos visitantes. Com o aumento do interesse da comunidade em geral sobre assuntos relacionados ao tempo e clima, a cria\u00e7\u00e3o deste projeto se torna essencial como educador no sentido de esclarecimentos sobre fen\u00f4menos atmosf\u00e9ricos que afetam nosso cotidiano e s\u00e3o estudados por estudantes de todos os n\u00edveis escolares.<\/p>\n","protected":false},"excerpt":{"rendered":"<p>T\u00edtulo: ESTA\u00c7\u00c3O METEOROL\u00d3GICA DE SANTA MARIA N\u00famero: 050438\u00a0 \u00a0 \u00a0 \u00a0 Classifica\u00e7\u00e3o: Extens\u00e3o Registrado em: 08\/11\/2018 Situa\u00e7\u00e3o: Em andamento In\u00edcio: 01\/01\/2019 T\u00e9rmino: 31\/12\/2023 Avalia\u00e7\u00e3o: Avaliado \u00daltima avalia\u00e7\u00e3o: 29\/07\/2022 Resumo: A Esta\u00e7\u00e3o Meteorol\u00f3gica Convencional de Santa Maria &#8211; ESMETSM foi instalada no Departamento de Fitotecnia em junho de 1968 por um conv\u00eanio com 8\u00ba Distrito de [&hellip;]<\/p>\n","protected":false},"author":5680,"featured_media":0,"parent":0,"menu_order":0,"comment_status":"closed","ping_status":"closed","template":"","meta":{"footnotes":""},"categories":[],"tags":[],"class_list":["post-216","page","type-page","status-publish","hentry"],"acf":[],"_links":{"self":[{"href":"https:\/\/www.ufsm.br\/projetos\/extensao\/esmetsm\/wp-json\/wp\/v2\/pages\/216","targetHints":{"allow":["GET"]}}],"collection":[{"href":"https:\/\/www.ufsm.br\/projetos\/extensao\/esmetsm\/wp-json\/wp\/v2\/pages"}],"about":[{"href":"https:\/\/www.ufsm.br\/projetos\/extensao\/esmetsm\/wp-json\/wp\/v2\/types\/page"}],"author":[{"embeddable":true,"href":"https:\/\/www.ufsm.br\/projetos\/extensao\/esmetsm\/wp-json\/wp\/v2\/users\/5680"}],"replies":[{"embeddable":true,"href":"https:\/\/www.ufsm.br\/projetos\/extensao\/esmetsm\/wp-json\/wp\/v2\/comments?post=216"}],"version-history":[{"count":0,"href":"https:\/\/www.ufsm.br\/projetos\/extensao\/esmetsm\/wp-json\/wp\/v2\/pages\/216\/revisions"}],"wp:attachment":[{"href":"https:\/\/www.ufsm.br\/projetos\/extensao\/esmetsm\/wp-json\/wp\/v2\/media?parent=216"}],"wp:term":[{"taxonomy":"category","embeddable":true,"href":"https:\/\/www.ufsm.br\/projetos\/extensao\/esmetsm\/wp-json\/wp\/v2\/categories?post=216"},{"taxonomy":"post_tag","embeddable":true,"href":"https:\/\/www.ufsm.br\/projetos\/extensao\/esmetsm\/wp-json\/wp\/v2\/tags?post=216"}],"curies":[{"name":"wp","href":"https:\/\/api.w.org\/{rel}","templated":true}]}}