{"id":156,"date":"2019-05-20T13:27:39","date_gmt":"2019-05-20T16:27:39","guid":{"rendered":"https:\/\/www.ufsm.br\/projetos-extensao-ideas\/?page_id=156"},"modified":"2024-10-24T21:10:34","modified_gmt":"2024-10-25T00:10:34","slug":"comece-por-aqui","status":"publish","type":"page","link":"https:\/\/www.ufsm.br\/projetos\/extensao\/ideas\/comece-por-aqui","title":{"rendered":"Comece por Aqui"},"content":{"rendered":"\t\t<div data-elementor-type=\"wp-page\" data-elementor-id=\"156\" class=\"elementor elementor-156\">\n\t\t\t\t\t\t<section class=\"elementor-section elementor-top-section elementor-element elementor-element-3fa29737 elementor-section-boxed elementor-section-height-default elementor-section-height-default\" data-id=\"3fa29737\" data-element_type=\"section\">\n\t\t\t\t\t\t<div class=\"elementor-container elementor-column-gap-default\">\n\t\t\t\t\t<div class=\"elementor-column elementor-col-100 elementor-top-column elementor-element elementor-element-7d1851c7\" data-id=\"7d1851c7\" data-element_type=\"column\">\n\t\t\t<div class=\"elementor-widget-wrap elementor-element-populated\">\n\t\t\t\t\t\t<div class=\"elementor-element elementor-element-80b6283 elementor-widget elementor-widget-text-editor\" data-id=\"80b6283\" data-element_type=\"widget\" data-widget_type=\"text-editor.default\">\n\t\t\t\t<div class=\"elementor-widget-container\">\n\t\t\t\t\t\t\t<h3 class=\"wp-block-heading\">Instru\u00e7\u00f5es b\u00e1sicas de uso da Plataforma IDEAS UFSM<\/h3>\n<p><!-- \/wp:heading --><\/p>\n<p><!-- wp:heading {\"level\":6} --><\/p>\t\t\t\t\t\t<\/div>\n\t\t\t\t<\/div>\n\t\t\t\t<div class=\"elementor-element elementor-element-31eb535d elementor-widget elementor-widget-text-editor\" data-id=\"31eb535d\" data-element_type=\"widget\" data-widget_type=\"text-editor.default\">\n\t\t\t\t<div class=\"elementor-widget-container\">\n\t\t\t\t\t\t\t<p><!-- wp:heading {\"level\":4} --><\/p>\n<p><!-- \/wp:heading --><\/p>\n<p><!-- wp:heading {\"level\":6} --><\/p>\n<h6 class=\"wp-block-heading\">Se voc\u00ea \u00e9 do quadro de servidores da UFSM, voc\u00ea possui uma demanda INTERNA.<\/h6>\n<h6><!-- \/wp:heading --><\/h6>\n<h6><!-- wp:heading {\"level\":6} --><\/h6>\n<h6 class=\"wp-block-heading\">Se voc\u00ea \u00e9 externo \u00e0 UFSM, voc\u00ea possui uma demanda EXTERNA.<\/h6>\n<p><!-- \/wp:heading --><\/p>\n<p><!-- wp:paragraph --><\/p>\n<p>O registro de sua demanda tecnol\u00f3gica na plataforma IDEAS-TEC UFSM serve como uma vitrine para os pesquisadores. Embora a inser\u00e7\u00e3o da demanda n\u00e3o garanta uma solu\u00e7\u00e3o imediata, ela aumenta a visibilidade da necessidade perante a comunidade acad\u00eamica e pode inspirar o desenvolvimento de novos projetos interdisciplinares. Esta abordagem busca fomentar uma intera\u00e7\u00e3o dial\u00f3gica, onde ideias e solu\u00e7\u00f5es possam emergir a partir da colabora\u00e7\u00e3o m\u00fatua entre demandantes e grupos de pesquisa e extens\u00e3o.<\/p>\n<p><!-- \/wp:paragraph --><\/p>\n<p><!-- wp:image --><\/p>\n<figure class=\"wp-block-image\"><\/figure>\n<p><!-- \/wp:image --><\/p>\n<p><!-- wp:paragraph --><\/p>\n<p><!-- \/wp:paragraph --><\/p>\n<p><!-- wp:tadv\/classic-paragraph \/--><\/p>\t\t\t\t\t\t<\/div>\n\t\t\t\t<\/div>\n\t\t\t\t\t<\/div>\n\t\t<\/div>\n\t\t\t\t\t<\/div>\n\t\t<\/section>\n\t\t\t\t<section class=\"elementor-section elementor-top-section elementor-element elementor-element-f6c6c77 elementor-section-boxed elementor-section-height-default elementor-section-height-default\" data-id=\"f6c6c77\" data-element_type=\"section\">\n\t\t\t\t\t\t<div class=\"elementor-container elementor-column-gap-default\">\n\t\t\t\t\t<div class=\"elementor-column elementor-col-100 elementor-top-column elementor-element elementor-element-37d058d\" data-id=\"37d058d\" data-element_type=\"column\">\n\t\t\t<div class=\"elementor-widget-wrap elementor-element-populated\">\n\t\t\t\t\t\t<div class=\"elementor-element elementor-element-e2b9e8a elementor-widget elementor-widget-image\" data-id=\"e2b9e8a\" data-element_type=\"widget\" data-widget_type=\"image.default\">\n\t\t\t\t<div class=\"elementor-widget-container\">\n\t\t\t\t\t\t\t\t\t\t\t\t\t<img decoding=\"async\" src=\"https:\/\/www.ufsm.br\/app\/uploads\/sites\/941\/elementor\/thumbs\/instrucoes-qug4wfxrul0tx96vm9085is4s75sddgxurp6p8eg6o.png\" title=\"instrucoes\" alt=\"instrucoes\" loading=\"lazy\" \/>\t\t\t\t\t\t\t\t\t\t\t\t\t<\/div>\n\t\t\t\t<\/div>\n\t\t\t\t\t<\/div>\n\t\t<\/div>\n\t\t\t\t\t<\/div>\n\t\t<\/section>\n\t\t\t\t<\/div>\n\t\t","protected":false},"excerpt":{"rendered":"<p>Instru\u00e7\u00f5es b\u00e1sicas de uso da Plataforma IDEAS UFSM Se voc\u00ea \u00e9 do quadro de servidores da UFSM, voc\u00ea possui uma demanda INTERNA. Se voc\u00ea \u00e9 externo \u00e0 UFSM, voc\u00ea possui uma demanda EXTERNA. O registro de sua demanda tecnol\u00f3gica na plataforma IDEAS-TEC UFSM serve como uma vitrine para os pesquisadores. Embora a inser\u00e7\u00e3o da demanda [&hellip;]<\/p>\n","protected":false},"author":25,"featured_media":0,"parent":0,"menu_order":0,"comment_status":"closed","ping_status":"closed","template":"","meta":{"footnotes":""},"categories":[],"tags":[],"class_list":["post-156","page","type-page","status-publish","hentry"],"acf":[],"_links":{"self":[{"href":"https:\/\/www.ufsm.br\/projetos\/extensao\/ideas\/wp-json\/wp\/v2\/pages\/156","targetHints":{"allow":["GET"]}}],"collection":[{"href":"https:\/\/www.ufsm.br\/projetos\/extensao\/ideas\/wp-json\/wp\/v2\/pages"}],"about":[{"href":"https:\/\/www.ufsm.br\/projetos\/extensao\/ideas\/wp-json\/wp\/v2\/types\/page"}],"author":[{"embeddable":true,"href":"https:\/\/www.ufsm.br\/projetos\/extensao\/ideas\/wp-json\/wp\/v2\/users\/25"}],"replies":[{"embeddable":true,"href":"https:\/\/www.ufsm.br\/projetos\/extensao\/ideas\/wp-json\/wp\/v2\/comments?post=156"}],"version-history":[{"count":0,"href":"https:\/\/www.ufsm.br\/projetos\/extensao\/ideas\/wp-json\/wp\/v2\/pages\/156\/revisions"}],"wp:attachment":[{"href":"https:\/\/www.ufsm.br\/projetos\/extensao\/ideas\/wp-json\/wp\/v2\/media?parent=156"}],"wp:term":[{"taxonomy":"category","embeddable":true,"href":"https:\/\/www.ufsm.br\/projetos\/extensao\/ideas\/wp-json\/wp\/v2\/categories?post=156"},{"taxonomy":"post_tag","embeddable":true,"href":"https:\/\/www.ufsm.br\/projetos\/extensao\/ideas\/wp-json\/wp\/v2\/tags?post=156"}],"curies":[{"name":"wp","href":"https:\/\/api.w.org\/{rel}","templated":true}]}}