{"id":5,"date":"2018-01-18T08:39:17","date_gmt":"2018-01-18T10:39:17","guid":{"rendered":"https:\/\/www.ufsm.br\/cursos\/graduacao\/nutricao\/12352\/?page_id=5"},"modified":"2024-10-24T21:10:31","modified_gmt":"2024-10-25T00:10:31","slug":"pagina-inicial","status":"publish","type":"page","link":"https:\/\/www.ufsm.br\/projetos\/extensao\/ideas\/","title":{"rendered":"P\u00e1gina Inicial"},"content":{"rendered":"\t\t<div data-elementor-type=\"wp-post\" data-elementor-id=\"5\" class=\"elementor elementor-5\">\n\t\t\t\t\t\t<section class=\"elementor-section elementor-top-section elementor-element elementor-element-bd87bcd elementor-section-full_width elementor-section-height-default elementor-section-height-default\" data-id=\"bd87bcd\" data-element_type=\"section\" data-settings=\"{&quot;background_background&quot;:&quot;classic&quot;}\">\n\t\t\t\t\t\t<div class=\"elementor-container elementor-column-gap-default\">\n\t\t\t\t\t<div class=\"elementor-column elementor-col-100 elementor-top-column elementor-element elementor-element-ce7356f\" data-id=\"ce7356f\" data-element_type=\"column\">\n\t\t\t<div class=\"elementor-widget-wrap elementor-element-populated\">\n\t\t\t\t\t\t<section class=\"elementor-section elementor-inner-section elementor-element elementor-element-9131718 elementor-section-boxed elementor-section-height-default elementor-section-height-default\" data-id=\"9131718\" data-element_type=\"section\">\n\t\t\t\t\t\t<div class=\"elementor-container elementor-column-gap-default\">\n\t\t\t\t\t<div class=\"elementor-column elementor-col-50 elementor-inner-column elementor-element elementor-element-2f0f3b3\" data-id=\"2f0f3b3\" data-element_type=\"column\">\n\t\t\t<div class=\"elementor-widget-wrap elementor-element-populated\">\n\t\t\t\t\t\t<div class=\"elementor-element elementor-element-2862722 elementor-widget elementor-widget-heading\" data-id=\"2862722\" data-element_type=\"widget\" data-widget_type=\"heading.default\">\n\t\t\t\t<div class=\"elementor-widget-container\">\n\t\t\t<h3 class=\"elementor-heading-title elementor-size-default\">Bem-vindos \u00e0 Plataforma IDEAS-TEC UFSM<\/h3>\t\t<\/div>\n\t\t\t\t<\/div>\n\t\t\t\t<div class=\"elementor-element elementor-element-aa5bc3b elementor-widget elementor-widget-text-editor\" data-id=\"aa5bc3b\" data-element_type=\"widget\" data-widget_type=\"text-editor.default\">\n\t\t\t\t<div class=\"elementor-widget-container\">\n\t\t\t\t\t\t\t<div><div><span style=\"font-family: arial, helvetica, sans-serif\">A presente plataforma \u00e9 um projeto piloto, concebido para ser um catalisador estrat\u00e9gico de Projetos Integradores, destinado a estreitar as sinergias entre a Universidade Federal de Santa Maria (UFSM) e as diversas demandas tecnol\u00f3gicas emergentes, tanto de setores internos quanto externos \u00e0 institui\u00e7\u00e3o. O objetivo \u00e9 criar uma ponte robusta e din\u00e2mica, facilitando o fluxo de informa\u00e7\u00f5es e necessidades espec\u00edficas diretamente aos grupos de Pesquisa e Desenvolvimento (P&amp;D) e de Extens\u00e3o da UFSM. Esta iniciativa n\u00e3o apenas promove a resolu\u00e7\u00e3o eficiente dessas demandas tecnol\u00f3gicas, mas tamb\u00e9m abre horizontes para o estabelecimento de novos projetos colaborativos e parcerias inovadoras, impulsionando assim um ecossistema de inova\u00e7\u00e3o e desenvolvimento tecnol\u00f3gico sustent\u00e1vel e integrado.<\/span><\/div><\/div>\t\t\t\t\t\t<\/div>\n\t\t\t\t<\/div>\n\t\t\t\t\t<\/div>\n\t\t<\/div>\n\t\t\t\t<div class=\"elementor-column elementor-col-50 elementor-inner-column elementor-element elementor-element-300dfcc\" data-id=\"300dfcc\" data-element_type=\"column\">\n\t\t\t<div class=\"elementor-widget-wrap elementor-element-populated\">\n\t\t\t\t\t\t<div class=\"elementor-element elementor-element-882553b elementor-widget__width-initial elementor-widget elementor-widget-image\" data-id=\"882553b\" data-element_type=\"widget\" data-widget_type=\"image.default\">\n\t\t\t\t<div class=\"elementor-widget-container\">\n\t\t\t\t\t\t\t\t\t\t\t\t\t<img fetchpriority=\"high\" decoding=\"async\" width=\"1024\" height=\"1024\" src=\"https:\/\/www.ufsm.br\/app\/uploads\/sites\/941\/2024\/09\/logo-ideas2.jpg\" class=\"attachment-large size-large wp-image-174\" alt=\"\" srcset=\"https:\/\/www.ufsm.br\/app\/uploads\/sites\/941\/2024\/09\/logo-ideas2.jpg 1024w, https:\/\/www.ufsm.br\/app\/uploads\/sites\/941\/2024\/09\/logo-ideas2-300x300.jpg 300w, https:\/\/www.ufsm.br\/app\/uploads\/sites\/941\/2024\/09\/logo-ideas2-150x150.jpg 150w, https:\/\/www.ufsm.br\/app\/uploads\/sites\/941\/2024\/09\/logo-ideas2-768x768.jpg 768w\" sizes=\"(max-width: 1024px) 100vw, 1024px\" \/>\t\t\t\t\t\t\t\t\t\t\t\t\t<\/div>\n\t\t\t\t<\/div>\n\t\t\t\t\t<\/div>\n\t\t<\/div>\n\t\t\t\t\t<\/div>\n\t\t<\/section>\n\t\t\t\t\t<\/div>\n\t\t<\/div>\n\t\t\t\t\t<\/div>\n\t\t<\/section>\n\t\t\t\t<\/div>\n\t\t","protected":false},"excerpt":{"rendered":"<p>Bem-vindos \u00e0 Plataforma IDEAS-TEC UFSM A presente plataforma \u00e9 um projeto piloto, concebido para ser um catalisador estrat\u00e9gico de Projetos Integradores, destinado a estreitar as sinergias entre a Universidade Federal de Santa Maria (UFSM) e as diversas demandas tecnol\u00f3gicas emergentes, tanto de setores internos quanto externos \u00e0 institui\u00e7\u00e3o. O objetivo \u00e9 criar uma ponte robusta [&hellip;]<\/p>\n","protected":false},"author":8,"featured_media":0,"parent":0,"menu_order":0,"comment_status":"closed","ping_status":"closed","template":"","meta":{"footnotes":""},"categories":[],"tags":[],"class_list":["post-5","page","type-page","status-publish","hentry"],"acf":[],"_links":{"self":[{"href":"https:\/\/www.ufsm.br\/projetos\/extensao\/ideas\/wp-json\/wp\/v2\/pages\/5","targetHints":{"allow":["GET"]}}],"collection":[{"href":"https:\/\/www.ufsm.br\/projetos\/extensao\/ideas\/wp-json\/wp\/v2\/pages"}],"about":[{"href":"https:\/\/www.ufsm.br\/projetos\/extensao\/ideas\/wp-json\/wp\/v2\/types\/page"}],"author":[{"embeddable":true,"href":"https:\/\/www.ufsm.br\/projetos\/extensao\/ideas\/wp-json\/wp\/v2\/users\/8"}],"replies":[{"embeddable":true,"href":"https:\/\/www.ufsm.br\/projetos\/extensao\/ideas\/wp-json\/wp\/v2\/comments?post=5"}],"version-history":[{"count":0,"href":"https:\/\/www.ufsm.br\/projetos\/extensao\/ideas\/wp-json\/wp\/v2\/pages\/5\/revisions"}],"wp:attachment":[{"href":"https:\/\/www.ufsm.br\/projetos\/extensao\/ideas\/wp-json\/wp\/v2\/media?parent=5"}],"wp:term":[{"taxonomy":"category","embeddable":true,"href":"https:\/\/www.ufsm.br\/projetos\/extensao\/ideas\/wp-json\/wp\/v2\/categories?post=5"},{"taxonomy":"post_tag","embeddable":true,"href":"https:\/\/www.ufsm.br\/projetos\/extensao\/ideas\/wp-json\/wp\/v2\/tags?post=5"}],"curies":[{"name":"wp","href":"https:\/\/api.w.org\/{rel}","templated":true}]}}