{"id":151,"date":"2019-05-20T13:25:09","date_gmt":"2019-05-20T16:25:09","guid":{"rendered":"https:\/\/www.ufsm.br\/projetos-extensao-maonamidia\/?page_id=151"},"modified":"2023-05-29T15:07:28","modified_gmt":"2023-05-29T18:07:28","slug":"dados-basicos","status":"publish","type":"page","link":"https:\/\/www.ufsm.br\/projetos\/extensao\/maonamidia\/dados-basicos","title":{"rendered":"Dados B\u00e1sicos"},"content":{"rendered":"\t\t<div data-elementor-type=\"wp-page\" data-elementor-id=\"151\" class=\"elementor elementor-151\">\n\t\t\t\t\t\t<section class=\"elementor-section elementor-top-section elementor-element elementor-element-75b50d1 elementor-section-boxed elementor-section-height-default elementor-section-height-default\" data-id=\"75b50d1\" data-element_type=\"section\">\n\t\t\t\t\t\t<div class=\"elementor-container elementor-column-gap-default\">\n\t\t\t\t\t<div class=\"elementor-column elementor-col-100 elementor-top-column elementor-element elementor-element-082606d\" data-id=\"082606d\" data-element_type=\"column\">\n\t\t\t<div class=\"elementor-widget-wrap elementor-element-populated\">\n\t\t\t\t\t\t<div class=\"elementor-element elementor-element-2830d45 elementor-widget elementor-widget-text-editor\" data-id=\"2830d45\" data-element_type=\"widget\" data-widget_type=\"text-editor.default\">\n\t\t\t\t<div class=\"elementor-widget-container\">\n\t\t\t\t\t\t\t<h2>Um pouquinho da nossa hist\u00f3ria<\/h2>\t\t\t\t\t\t<\/div>\n\t\t\t\t<\/div>\n\t\t\t\t\t<\/div>\n\t\t<\/div>\n\t\t\t\t\t<\/div>\n\t\t<\/section>\n\t\t\t\t<section class=\"elementor-section elementor-top-section elementor-element elementor-element-e544c40 elementor-section-boxed elementor-section-height-default elementor-section-height-default\" data-id=\"e544c40\" data-element_type=\"section\">\n\t\t\t\t\t\t<div class=\"elementor-container elementor-column-gap-default\">\n\t\t\t\t\t<div class=\"elementor-column elementor-col-100 elementor-top-column elementor-element elementor-element-5d32b2e\" data-id=\"5d32b2e\" data-element_type=\"column\">\n\t\t\t<div class=\"elementor-widget-wrap elementor-element-populated\">\n\t\t\t\t\t\t<div class=\"elementor-element elementor-element-81c54bc elementor-widget elementor-widget-text-editor\" data-id=\"81c54bc\" data-element_type=\"widget\" data-widget_type=\"text-editor.default\">\n\t\t\t\t<div class=\"elementor-widget-container\">\n\t\t\t\t\t\t\t<p><\/p>\n<p dir=\"ltr\" style=\"line-height: 1.2;margin-right: 7.6pt;text-align: justify;margin-top: 0pt;margin-bottom: 0pt\"><span style=\"font-size: 10pt;font-family: 'Times New Roman';color: #000000;background-color: transparent;font-weight: 400;font-style: normal;font-variant: normal;text-decoration: none;vertical-align: baseline\">Proposto inicialmente na Disciplina Complementar de Gradua\u00e7\u00e3o \u201cEducomunica\u00e7\u00e3o\u201d, em 2019, o Programa de Extens\u00e3o M\u00e3o na M\u00eddia: Educomunica\u00e7\u00e3o e Cidadania consolidou o objetivo estrat\u00e9gico de alinhar seu posicionamento educomunicativo aos Objetivos de Desenvolvimento Sustent\u00e1vel (Agenda 2030). Desta forma, fortalecendo e integrando projetos dos cursos de Comunica\u00e7\u00e3o, vinculados a p\u00fablicos estrat\u00e9gicos, s\u00e3o constru\u00eddas oficinas, produ\u00e7\u00f5es de conte\u00fados, entre outras que integram o processo de constru\u00e7\u00e3o de ecossistemas comunicativos, considerado t\u00e3o vital quanto o ecossistema ambiental, <\/span><span style=\"font-size: 9pt;font-family: 'Times New Roman';color: #000000;background-color: transparent;font-weight: 400;font-style: normal;font-variant: normal;text-decoration: none;vertical-align: baseline\">dada a centralidade da Comunica\u00e7\u00e3o no cen\u00e1rio contempor\u00e2neo. <\/span><\/p>\n<p dir=\"ltr\" style=\"line-height: 1.2;margin-right: 7.6pt;text-align: justify;margin-top: 0pt;margin-bottom: 0pt\"><span style=\"font-size: 9pt;font-family: 'Times New Roman';color: #000000;background-color: transparent;font-weight: 400;font-style: normal;font-variant: normal;text-decoration: none;vertical-align: baseline\">&nbsp;<\/span><\/p>\n<p dir=\"ltr\" style=\"line-height: 1.2;margin-right: 7.6pt;text-align: justify;margin-top: 0pt;margin-bottom: 0pt\"><span style=\"font-size: 9pt;font-family: 'Times New Roman';color: #000000;background-color: transparent;font-weight: 400;font-style: normal;font-variant: normal;text-decoration: none;vertical-align: baseline\">Coordenadora: Profa. Dra. Cl\u00e1udia Herte de Moraes <\/span><\/p>\n<p dir=\"ltr\" style=\"line-height: 1.2;margin-right: 7.6pt;text-align: justify;margin-top: 0pt;margin-bottom: 0pt\"><span style=\"font-size: 9pt;font-family: 'Times New Roman';color: #000000;background-color: transparent;font-weight: 400;font-style: normal;font-variant: normal;text-decoration: none;vertical-align: baseline\">UFSM, campus Frederico Westphalen<\/span><\/p><p dir=\"ltr\" style=\"line-height: 1.2;margin-right: 7.6pt;text-align: justify;margin-top: 0pt;margin-bottom: 0pt\"><span style=\"font-size: 9pt;font-family: 'Times New Roman';color: #000000;background-color: transparent;font-weight: 400;font-style: normal;font-variant: normal;text-decoration: none;vertical-align: baseline\"><br><\/span><\/p>\t\t\t\t\t\t<\/div>\n\t\t\t\t<\/div>\n\t\t\t\t\t<\/div>\n\t\t<\/div>\n\t\t\t\t\t<\/div>\n\t\t<\/section>\n\t\t\t\t<\/div>\n\t\t","protected":false},"excerpt":{"rendered":"<p>Um pouquinho da nossa hist\u00f3ria Proposto inicialmente na Disciplina Complementar de Gradua\u00e7\u00e3o \u201cEducomunica\u00e7\u00e3o\u201d, em 2019, o Programa de Extens\u00e3o M\u00e3o na M\u00eddia: Educomunica\u00e7\u00e3o e Cidadania consolidou o objetivo estrat\u00e9gico de alinhar seu posicionamento educomunicativo aos Objetivos de Desenvolvimento Sustent\u00e1vel (Agenda 2030). Desta forma, fortalecendo e integrando projetos dos cursos de Comunica\u00e7\u00e3o, vinculados a p\u00fablicos estrat\u00e9gicos, [&hellip;]<\/p>\n","protected":false},"author":25,"featured_media":0,"parent":0,"menu_order":0,"comment_status":"closed","ping_status":"closed","template":"","meta":{"footnotes":""},"categories":[],"tags":[],"class_list":["post-151","page","type-page","status-publish","hentry"],"acf":[],"_links":{"self":[{"href":"https:\/\/www.ufsm.br\/projetos\/extensao\/maonamidia\/wp-json\/wp\/v2\/pages\/151","targetHints":{"allow":["GET"]}}],"collection":[{"href":"https:\/\/www.ufsm.br\/projetos\/extensao\/maonamidia\/wp-json\/wp\/v2\/pages"}],"about":[{"href":"https:\/\/www.ufsm.br\/projetos\/extensao\/maonamidia\/wp-json\/wp\/v2\/types\/page"}],"author":[{"embeddable":true,"href":"https:\/\/www.ufsm.br\/projetos\/extensao\/maonamidia\/wp-json\/wp\/v2\/users\/25"}],"replies":[{"embeddable":true,"href":"https:\/\/www.ufsm.br\/projetos\/extensao\/maonamidia\/wp-json\/wp\/v2\/comments?post=151"}],"version-history":[{"count":0,"href":"https:\/\/www.ufsm.br\/projetos\/extensao\/maonamidia\/wp-json\/wp\/v2\/pages\/151\/revisions"}],"wp:attachment":[{"href":"https:\/\/www.ufsm.br\/projetos\/extensao\/maonamidia\/wp-json\/wp\/v2\/media?parent=151"}],"wp:term":[{"taxonomy":"category","embeddable":true,"href":"https:\/\/www.ufsm.br\/projetos\/extensao\/maonamidia\/wp-json\/wp\/v2\/categories?post=151"},{"taxonomy":"post_tag","embeddable":true,"href":"https:\/\/www.ufsm.br\/projetos\/extensao\/maonamidia\/wp-json\/wp\/v2\/tags?post=151"}],"curies":[{"name":"wp","href":"https:\/\/api.w.org\/{rel}","templated":true}]}}

Dados Básicos

<div data-elementor-type="wp-page" data-elementor-id="151" class="elementor elementor-151">
						<section class="elementor-section elementor-top-section elementor-element elementor-element-75b50d1 elementor-section-boxed elementor-section-height-default elementor-section-height-default" data-id="75b50d1" data-element_type="section">
						<div class="elementor-container elementor-column-gap-default">
					<div class="elementor-column elementor-col-100 elementor-top-column elementor-element elementor-element-082606d" data-id="082606d" data-element_type="column">
			<div class="elementor-widget-wrap elementor-element-populated">
						<div class="elementor-element elementor-element-2830d45 elementor-widget elementor-widget-text-editor" data-id="2830d45" data-element_type="widget" data-widget_type="text-editor.default">
				<div class="elementor-widget-container">
							<h2>Um pouquinho da nossa história</h2>						</div>
				</div>
					</div>
		</div>
					</div>
		</section>
				<section class="elementor-section elementor-top-section elementor-element elementor-element-e544c40 elementor-section-boxed elementor-section-height-default elementor-section-height-default" data-id="e544c40" data-element_type="section">
						<div class="elementor-container elementor-column-gap-default">
					<div class="elementor-column elementor-col-100 elementor-top-column elementor-element elementor-element-5d32b2e" data-id="5d32b2e" data-element_type="column">
			<div class="elementor-widget-wrap elementor-element-populated">
						<div class="elementor-element elementor-element-81c54bc elementor-widget elementor-widget-text-editor" data-id="81c54bc" data-element_type="widget" data-widget_type="text-editor.default">
				<div class="elementor-widget-container">
							<p></p>
<p dir="ltr" style="line-height: 1.2;margin-right: 7.6pt;text-align: justify;margin-top: 0pt;margin-bottom: 0pt"><span style="font-size: 10pt;font-family: 'Times New Roman';color: #000000;background-color: transparent;font-weight: 400;font-style: normal;font-variant: normal;text-decoration: none;vertical-align: baseline">Proposto inicialmente na Disciplina Complementar de Graduação “Educomunicação”, em 2019, o Programa de Extensão Mão na Mídia: Educomunicação e Cidadania consolidou o objetivo estratégico de alinhar seu posicionamento educomunicativo aos Objetivos de Desenvolvimento Sustentável (Agenda 2030). Desta forma, fortalecendo e integrando projetos dos cursos de Comunicação, vinculados a públicos estratégicos, são construídas oficinas, produções de conteúdos, entre outras que integram o processo de construção de ecossistemas comunicativos, considerado tão vital quanto o ecossistema ambiental, </span><span style="font-size: 9pt;font-family: 'Times New Roman';color: #000000;background-color: transparent;font-weight: 400;font-style: normal;font-variant: normal;text-decoration: none;vertical-align: baseline">dada a centralidade da Comunicação no cenário contemporâneo. </span></p>
<p dir="ltr" style="line-height: 1.2;margin-right: 7.6pt;text-align: justify;margin-top: 0pt;margin-bottom: 0pt"><span style="font-size: 9pt;font-family: 'Times New Roman';color: #000000;background-color: transparent;font-weight: 400;font-style: normal;font-variant: normal;text-decoration: none;vertical-align: baseline">&nbsp;</span></p>
<p dir="ltr" style="line-height: 1.2;margin-right: 7.6pt;text-align: justify;margin-top: 0pt;margin-bottom: 0pt"><span style="font-size: 9pt;font-family: 'Times New Roman';color: #000000;background-color: transparent;font-weight: 400;font-style: normal;font-variant: normal;text-decoration: none;vertical-align: baseline">Coordenadora: Profa. Dra. Cláudia Herte de Moraes </span></p>
<p dir="ltr" style="line-height: 1.2;margin-right: 7.6pt;text-align: justify;margin-top: 0pt;margin-bottom: 0pt"><span style="font-size: 9pt;font-family: 'Times New Roman';color: #000000;background-color: transparent;font-weight: 400;font-style: normal;font-variant: normal;text-decoration: none;vertical-align: baseline">UFSM, campus Frederico Westphalen</span></p><p dir="ltr" style="line-height: 1.2;margin-right: 7.6pt;text-align: justify;margin-top: 0pt;margin-bottom: 0pt"><span style="font-size: 9pt;font-family: 'Times New Roman';color: #000000;background-color: transparent;font-weight: 400;font-style: normal;font-variant: normal;text-decoration: none;vertical-align: baseline"><br></span></p>						</div>
				</div>
					</div>
		</div>
					</div>
		</section>
				</div>

<p>Um pouquinho da nossa história Proposto inicialmente na Disciplina Complementar de Graduação “Educomunicação”, em 2019, o Programa de Extensão Mão na Mídia: Educomunicação e Cidadania consolidou o objetivo estratégico de alinhar seu posicionamento educomunicativo aos Objetivos de Desenvolvimento Sustentável (Agenda 2030). Desta forma, fortalecendo e integrando projetos dos cursos de Comunicação, vinculados a públicos estratégicos, [&hellip;]</p>
