{"id":237,"date":"2020-11-17T09:47:53","date_gmt":"2020-11-17T12:47:53","guid":{"rendered":"https:\/\/www.ufsm.br\/projetos\/extensao\/nucleo-de-psicanalise\/?page_id=237"},"modified":"2020-11-19T18:31:23","modified_gmt":"2020-11-19T21:31:23","slug":"atividades-teorico-clinicas","status":"publish","type":"page","link":"https:\/\/www.ufsm.br\/projetos\/extensao\/nucleo-de-psicanalise\/atividades-teorico-clinicas","title":{"rendered":"Atividades Te\u00f3rico-cl\u00ednicas"},"content":{"rendered":"\t\t<div data-elementor-type=\"wp-page\" data-elementor-id=\"237\" class=\"elementor elementor-237\">\n\t\t\t\t\t\t<section class=\"elementor-section elementor-top-section elementor-element elementor-element-0b862cc elementor-section-boxed elementor-section-height-default elementor-section-height-default\" data-id=\"0b862cc\" data-element_type=\"section\">\n\t\t\t\t\t\t<div class=\"elementor-container elementor-column-gap-default\">\n\t\t\t\t\t<div class=\"elementor-column elementor-col-100 elementor-top-column elementor-element elementor-element-73f2df1\" data-id=\"73f2df1\" data-element_type=\"column\">\n\t\t\t<div class=\"elementor-widget-wrap elementor-element-populated\">\n\t\t\t\t\t\t<div class=\"elementor-element elementor-element-059044f elementor-widget elementor-widget-text-editor\" data-id=\"059044f\" data-element_type=\"widget\" data-widget_type=\"text-editor.default\">\n\t\t\t\t<div class=\"elementor-widget-container\">\n\t\t\t\t\t\t\t<p style=\"font-weight: 400\"><span style=\"font-style: inherit;font-weight: inherit\" data-ccp-props=\"{\"><strong>REUNI\u00c3O DE ESTUDOS EM PSICAN\u00c1LISE<\/strong><\/span><\/p><p style=\"font-weight: 400\"><span style=\"font-style: inherit;font-weight: inherit\" data-ccp-props=\"{\">No segundo semestre de 2019, a partir do dia 14 de agosto, a &#8220;Reuni\u00e3o de estudos em psican\u00e1lise&#8221; acontecer\u00e1 nas quartas-feiras \u00e0s 11h30min. Trata-se de uma atividade promovida pela CEIP\/UFSM, na qual se re\u00fanem interessados no estudo da psican\u00e1lise, para colocar em discuss\u00e3o a leitura dos escritos de S. Freud. Esta atividade tem entrada franca e est\u00e1 aberta a participa\u00e7\u00e3o de estudiosos interessados em psican\u00e1lise.<\/span><\/p><p><img fetchpriority=\"high\" decoding=\"async\" class=\"aligncenter wp-image-167 size-large\" src=\"https:\/\/www.ufsm.br\/app\/uploads\/sites\/842\/2020\/11\/cartaz-reunio-de-estudos-em-psicanlise-2019.2-724x1024.jpg\" alt=\"\" width=\"724\" height=\"1024\" srcset=\"https:\/\/www.ufsm.br\/app\/uploads\/sites\/842\/2020\/11\/cartaz-reunio-de-estudos-em-psicanlise-2019.2-724x1024.jpg 724w, https:\/\/www.ufsm.br\/app\/uploads\/sites\/842\/2020\/11\/cartaz-reunio-de-estudos-em-psicanlise-2019.2-212x300.jpg 212w, https:\/\/www.ufsm.br\/app\/uploads\/sites\/842\/2020\/11\/cartaz-reunio-de-estudos-em-psicanlise-2019.2-768x1086.jpg 768w, https:\/\/www.ufsm.br\/app\/uploads\/sites\/842\/2020\/11\/cartaz-reunio-de-estudos-em-psicanlise-2019.2.jpg 842w\" sizes=\"(max-width: 724px) 100vw, 724px\" \/><\/p>\t\t\t\t\t\t<\/div>\n\t\t\t\t<\/div>\n\t\t\t\t\t<\/div>\n\t\t<\/div>\n\t\t\t\t\t<\/div>\n\t\t<\/section>\n\t\t\t\t<section class=\"elementor-section elementor-top-section elementor-element elementor-element-ce7dd18 elementor-section-boxed elementor-section-height-default elementor-section-height-default\" data-id=\"ce7dd18\" data-element_type=\"section\">\n\t\t\t\t\t\t<div class=\"elementor-container elementor-column-gap-default\">\n\t\t\t\t\t<div class=\"elementor-column elementor-col-100 elementor-top-column elementor-element elementor-element-1de8061\" data-id=\"1de8061\" data-element_type=\"column\">\n\t\t\t<div class=\"elementor-widget-wrap elementor-element-populated\">\n\t\t\t\t\t\t<div class=\"elementor-element elementor-element-656e5d6 elementor-widget elementor-widget-text-editor\" data-id=\"656e5d6\" data-element_type=\"widget\" data-widget_type=\"text-editor.default\">\n\t\t\t\t<div class=\"elementor-widget-container\">\n\t\t\t\t\t\t\t<p><span style=\"font-style: inherit;font-weight: inherit\"><b><span style=\"font-style: inherit\">SEMIN\u00c1RIO<\/span><\/b><b><span style=\"font-style: inherit\">\u00a0\u201cA ESCUTA CL\u00cdNICA<\/span><\/b><b><span style=\"font-style: inherit\">\u201d<\/span><\/b><\/span><\/p><p style=\"font-weight: 400\"><span style=\"font-style: inherit;font-weight: inherit\">\u00a0 \u00a0 \u00a0Encontros\u00a0com profissionais, a fim de discutir variados temas sobre a escuta cl\u00ednica. Cada encontro apoia-se em um escrito de base sugerido antecipadamente pelo profissional convidado e coordenador do debate. Os encontros s\u00e3o destinados aos estudantes de psicologia da UFSM, que podem realizar as inscri\u00e7\u00f5es para participa\u00e7\u00e3o, gratuitamente, na Secretaria da\u00a0CEIP.\u00a0Para 2019 est\u00e3o programados os encontros:<br \/><\/span><\/p><p><img decoding=\"async\" class=\"aligncenter wp-image-168 size-large\" src=\"https:\/\/www.ufsm.br\/app\/uploads\/sites\/842\/2020\/11\/seminrio-a-escuta-clnica-correto-724x1024.jpg\" alt=\"\" width=\"724\" height=\"1024\" srcset=\"https:\/\/www.ufsm.br\/app\/uploads\/sites\/842\/2020\/11\/seminrio-a-escuta-clnica-correto-724x1024.jpg 724w, https:\/\/www.ufsm.br\/app\/uploads\/sites\/842\/2020\/11\/seminrio-a-escuta-clnica-correto-212x300.jpg 212w, https:\/\/www.ufsm.br\/app\/uploads\/sites\/842\/2020\/11\/seminrio-a-escuta-clnica-correto-768x1086.jpg 768w, https:\/\/www.ufsm.br\/app\/uploads\/sites\/842\/2020\/11\/seminrio-a-escuta-clnica-correto-1086x1536.jpg 1086w, https:\/\/www.ufsm.br\/app\/uploads\/sites\/842\/2020\/11\/seminrio-a-escuta-clnica-correto-1448x2048.jpg 1448w, https:\/\/www.ufsm.br\/app\/uploads\/sites\/842\/2020\/11\/seminrio-a-escuta-clnica-correto.jpg 1754w\" sizes=\"(max-width: 724px) 100vw, 724px\" \/><\/p>\t\t\t\t\t\t<\/div>\n\t\t\t\t<\/div>\n\t\t\t\t\t<\/div>\n\t\t<\/div>\n\t\t\t\t\t<\/div>\n\t\t<\/section>\n\t\t\t\t<section class=\"elementor-section elementor-top-section elementor-element elementor-element-bdfa440 elementor-section-boxed elementor-section-height-default elementor-section-height-default\" data-id=\"bdfa440\" data-element_type=\"section\">\n\t\t\t\t\t\t<div class=\"elementor-container elementor-column-gap-default\">\n\t\t\t\t\t<div class=\"elementor-column elementor-col-100 elementor-top-column elementor-element elementor-element-c644816\" data-id=\"c644816\" data-element_type=\"column\">\n\t\t\t<div class=\"elementor-widget-wrap elementor-element-populated\">\n\t\t\t\t\t\t<div class=\"elementor-element elementor-element-6eb8772 elementor-widget elementor-widget-text-editor\" data-id=\"6eb8772\" data-element_type=\"widget\" data-widget_type=\"text-editor.default\">\n\t\t\t\t<div class=\"elementor-widget-container\">\n\t\t\t\t\t\t\t<p><strong><span class=\"TextRun SCXW234918728\" lang=\"PT-BR\" xml:lang=\"PT-BR\">\u00a0 \u00a0 \u00a0EXPRESS\u00d5ES CONTEMPOR\u00c2NEAS DO MAL-ESTAR NA UNIVERSIDADE:<\/span><\/strong><\/p><p><strong><span class=\"TextRun SCXW234918728\" lang=\"PT-BR\" xml:lang=\"PT-BR\">\u00a0 \u00a0 \u00a0TEMPORALIDADE E ESCRITAS DA EXPERI\u00caNCIA<\/span><\/strong><\/p><p><img decoding=\"async\" class=\"aligncenter wp-image-169 size-large\" src=\"https:\/\/www.ufsm.br\/app\/uploads\/sites\/842\/2020\/11\/cartaz-cliniarte-706x1024.jpg\" alt=\"\" width=\"706\" height=\"1024\" srcset=\"https:\/\/www.ufsm.br\/app\/uploads\/sites\/842\/2020\/11\/cartaz-cliniarte-706x1024.jpg 706w, https:\/\/www.ufsm.br\/app\/uploads\/sites\/842\/2020\/11\/cartaz-cliniarte-207x300.jpg 207w, https:\/\/www.ufsm.br\/app\/uploads\/sites\/842\/2020\/11\/cartaz-cliniarte-768x1114.jpg 768w, https:\/\/www.ufsm.br\/app\/uploads\/sites\/842\/2020\/11\/cartaz-cliniarte-1059x1536.jpg 1059w, https:\/\/www.ufsm.br\/app\/uploads\/sites\/842\/2020\/11\/cartaz-cliniarte-1411x2048.jpg 1411w, https:\/\/www.ufsm.br\/app\/uploads\/sites\/842\/2020\/11\/cartaz-cliniarte-scaled.jpg 1764w\" sizes=\"(max-width: 706px) 100vw, 706px\" \/><\/p>\t\t\t\t\t\t<\/div>\n\t\t\t\t<\/div>\n\t\t\t\t\t<\/div>\n\t\t<\/div>\n\t\t\t\t\t<\/div>\n\t\t<\/section>\n\t\t\t\t<\/div>\n\t\t","protected":false},"excerpt":{"rendered":"<p>REUNI\u00c3O DE ESTUDOS EM PSICAN\u00c1LISE No segundo semestre de 2019, a partir do dia 14 de agosto, a &#8220;Reuni\u00e3o de estudos em psican\u00e1lise&#8221; acontecer\u00e1 nas quartas-feiras \u00e0s 11h30min. Trata-se de uma atividade promovida pela CEIP\/UFSM, na qual se re\u00fanem interessados no estudo da psican\u00e1lise, para colocar em discuss\u00e3o a leitura dos escritos de S. Freud. [&hellip;]<\/p>\n","protected":false},"author":867,"featured_media":0,"parent":0,"menu_order":0,"comment_status":"closed","ping_status":"closed","template":"","meta":{"footnotes":""},"categories":[],"tags":[],"class_list":["post-237","page","type-page","status-publish","hentry"],"acf":[],"_links":{"self":[{"href":"https:\/\/www.ufsm.br\/projetos\/extensao\/nucleo-de-psicanalise\/wp-json\/wp\/v2\/pages\/237","targetHints":{"allow":["GET"]}}],"collection":[{"href":"https:\/\/www.ufsm.br\/projetos\/extensao\/nucleo-de-psicanalise\/wp-json\/wp\/v2\/pages"}],"about":[{"href":"https:\/\/www.ufsm.br\/projetos\/extensao\/nucleo-de-psicanalise\/wp-json\/wp\/v2\/types\/page"}],"author":[{"embeddable":true,"href":"https:\/\/www.ufsm.br\/projetos\/extensao\/nucleo-de-psicanalise\/wp-json\/wp\/v2\/users\/867"}],"replies":[{"embeddable":true,"href":"https:\/\/www.ufsm.br\/projetos\/extensao\/nucleo-de-psicanalise\/wp-json\/wp\/v2\/comments?post=237"}],"version-history":[{"count":0,"href":"https:\/\/www.ufsm.br\/projetos\/extensao\/nucleo-de-psicanalise\/wp-json\/wp\/v2\/pages\/237\/revisions"}],"wp:attachment":[{"href":"https:\/\/www.ufsm.br\/projetos\/extensao\/nucleo-de-psicanalise\/wp-json\/wp\/v2\/media?parent=237"}],"wp:term":[{"taxonomy":"category","embeddable":true,"href":"https:\/\/www.ufsm.br\/projetos\/extensao\/nucleo-de-psicanalise\/wp-json\/wp\/v2\/categories?post=237"},{"taxonomy":"post_tag","embeddable":true,"href":"https:\/\/www.ufsm.br\/projetos\/extensao\/nucleo-de-psicanalise\/wp-json\/wp\/v2\/tags?post=237"}],"curies":[{"name":"wp","href":"https:\/\/api.w.org\/{rel}","templated":true}]}}