{"id":151,"date":"2019-05-20T13:25:09","date_gmt":"2019-05-20T16:25:09","guid":{"rendered":"https:\/\/www.ufsm.br\/projetos\/extensao\/observatorio\/?page_id=151"},"modified":"2025-02-28T11:55:25","modified_gmt":"2025-02-28T14:55:25","slug":"dados-basicos","status":"publish","type":"page","link":"https:\/\/www.ufsm.br\/projetos\/extensao\/observatorio\/dados-basicos","title":{"rendered":""},"content":{"rendered":"\t\t<div data-elementor-type=\"wp-page\" data-elementor-id=\"151\" class=\"elementor elementor-151\">\n\t\t\t\t\t\t<section class=\"elementor-section elementor-top-section elementor-element elementor-element-08b7e1a elementor-section-boxed elementor-section-height-default elementor-section-height-default\" data-id=\"08b7e1a\" data-element_type=\"section\">\n\t\t\t\t\t\t<div class=\"elementor-container elementor-column-gap-default\">\n\t\t\t\t\t<div class=\"elementor-column elementor-col-100 elementor-top-column elementor-element elementor-element-ace917d\" data-id=\"ace917d\" data-element_type=\"column\">\n\t\t\t<div class=\"elementor-widget-wrap elementor-element-populated\">\n\t\t\t\t\t\t<div class=\"elementor-element elementor-element-8269ad1 elementor-widget elementor-widget-heading\" data-id=\"8269ad1\" data-element_type=\"widget\" data-widget_type=\"heading.default\">\n\t\t\t\t<div class=\"elementor-widget-container\">\n\t\t\t<h2 class=\"elementor-heading-title elementor-size-default\">ESTRUTURA INSTITUCIONAL <\/h2>\t\t<\/div>\n\t\t\t\t<\/div>\n\t\t\t\t\t<\/div>\n\t\t<\/div>\n\t\t\t\t\t<\/div>\n\t\t<\/section>\n\t\t\t\t<section class=\"elementor-section elementor-top-section elementor-element elementor-element-6a45d7b elementor-section-boxed elementor-section-height-default elementor-section-height-default\" data-id=\"6a45d7b\" data-element_type=\"section\">\n\t\t\t\t\t\t<div class=\"elementor-container elementor-column-gap-default\">\n\t\t\t\t\t<div class=\"elementor-column elementor-col-100 elementor-top-column elementor-element elementor-element-162d35f\" data-id=\"162d35f\" data-element_type=\"column\">\n\t\t\t<div class=\"elementor-widget-wrap elementor-element-populated\">\n\t\t\t\t\t\t<div class=\"elementor-element elementor-element-9569577 elementor-widget elementor-widget-text-editor\" data-id=\"9569577\" data-element_type=\"widget\" data-widget_type=\"text-editor.default\">\n\t\t\t\t<div class=\"elementor-widget-container\">\n\t\t\t\t\t\t\t<p dir=\"ltr\" style=\"line-height: 1.7999999999999998;text-indent: 36pt;text-align: justify;margin-top: 0pt;margin-bottom: 0pt\"><span style=\"font-size: 14pt;font-family: Arial, sans-serif;color: #000000;background-color: transparent;font-weight: 400;font-style: normal;font-variant: normal;text-decoration: none;vertical-align: baseline\">1. O OPLHAr ser\u00e1 integrado por membros da AUGM, C\u00e1tedra UNESCO em Fronteiras e Migra\u00e7\u00f5es, Conselho Internacional de Filosofia e Ci\u00eancias Humanas (CIPSH UNESCO), Associa\u00e7\u00e3o Internacional APHELEIA e Institui\u00e7\u00f5es que solicitem sua incorpora\u00e7\u00e3o, cumpram e estejam vinculadas aos objetivos do Observat\u00f3rio.&nbsp;&nbsp;<\/span><\/p>\n<p dir=\"ltr\" style=\"line-height: 1.7999999999999998;text-align: justify;margin-top: 0pt;margin-bottom: 0pt\"><span style=\"font-size: 14pt;font-family: Arial, sans-serif;color: #000000;background-color: transparent;font-weight: 400;font-style: normal;font-variant: normal;text-decoration: none;vertical-align: baseline\">              a. As institui\u00e7\u00f5es que solicitarem ingresso o far\u00e3o ao Comit\u00ea Diretivo, e sua entrada estar\u00e1 sujeita ao relat\u00f3rio favor\u00e1vel do mesmo e \u00e0 posterior aprova\u00e7\u00e3o e acordo do Conselho de Reitores da AUGM e das organiza\u00e7\u00f5es fundadoras.<\/span><\/p>\n<p dir=\"ltr\" style=\"line-height: 1.7999999999999998;text-indent: 36pt;text-align: justify;margin-top: 0pt;margin-bottom: 0pt\"><span style=\"font-size: 14pt;font-family: Arial, sans-serif;color: #000000;background-color: transparent;font-weight: 400;font-style: normal;font-variant: normal;text-decoration: none;vertical-align: baseline\">2. O OPLHAr ter\u00e1 um Comit\u00ea Diretivo (CD) e o Conselho Consultivo Acad\u00eamico-Cient\u00edfico (CAAC). Os pa\u00edses representados pelas Universidades e outras Institui\u00e7\u00f5es designar\u00e3o um membro para o CD e outro para o CAAC.&nbsp;&nbsp;<\/span><\/p>\n<p dir=\"ltr\" style=\"line-height: 1.7999999999999998;text-indent: 36pt;text-align: justify;margin-top: 0pt;margin-bottom: 0pt\"><span style=\"font-size: 14pt;font-family: Arial, sans-serif;color: #000000;background-color: transparent;font-weight: 400;font-style: normal;font-variant: normal;text-decoration: none;vertical-align: baseline\">3. Os representantes designados dever\u00e3o possuir um perfil acad\u00eamico adequado aos objetivos do OPLHAr.&nbsp;&nbsp;<\/span><\/p>\n<p dir=\"ltr\" style=\"line-height: 1.7999999999999998;text-indent: 36pt;text-align: justify;margin-top: 0pt;margin-bottom: 0pt\"><span style=\"font-size: 14pt;font-family: Arial, sans-serif;color: #000000;background-color: transparent;font-weight: 400;font-style: normal;font-variant: normal;text-decoration: none;vertical-align: baseline\">4. O OPLHAr ter\u00e1 um Coordenador Geral (CG), que ser\u00e1 designado por acordo dos s\u00f3cios fundadores do Observat\u00f3rio e contar\u00e1 com a conformidade escrita da respectiva Institui\u00e7\u00e3o \u00e0 qual pertence.&nbsp;&nbsp;<\/span><\/p>\n<p dir=\"ltr\" style=\"line-height: 1.7999999999999998;text-indent: 36pt;text-align: justify;margin-top: 0pt;margin-bottom: 0pt\"><span style=\"font-size: 14pt;font-family: Arial, sans-serif;color: #000000;background-color: transparent;font-weight: 400;font-style: normal;font-variant: normal;text-decoration: none;vertical-align: baseline\">5. A Coordena\u00e7\u00e3o Geral ter\u00e1 a dura\u00e7\u00e3o de dois anos, podendo \u2013 por regra geral \u2013 ser renovada uma \u00fanica vez e pelo mesmo per\u00edodo. Procurar-se-\u00e1 a rotatividade da coordena\u00e7\u00e3o entre os membros do Observat\u00f3rio.<\/span><\/p>\n<p dir=\"ltr\" style=\"line-height: 1.7999999999999998;text-align: justify;margin-top: 12pt;margin-bottom: 12pt\"><span style=\"font-size: 14pt;font-family: Arial, sans-serif;color: #000000;background-color: transparent;font-weight: bold;font-style: normal;font-variant: normal;text-decoration: none;vertical-align: baseline\">Comit\u00ea Diretivo<\/span><\/p>\n<p dir=\"ltr\" style=\"line-height: 1.7999999999999998;text-align: justify;margin-top: 12pt;margin-bottom: 12pt\"><span style=\"font-size: 14pt;font-family: Arial, sans-serif;color: #000000;background-color: transparent;font-weight: 400;font-style: normal;font-variant: normal;text-decoration: none;vertical-align: baseline\">O CD ser\u00e1 integrado por um representante especialista designado por cada Universidade (um representante por pa\u00eds). Sua coordena\u00e7\u00e3o ficar\u00e1 a cargo de uma Universidade, com um CD proposto por ela. O CD ser\u00e1 respons\u00e1vel por:<\/span><\/p>\n<p dir=\"ltr\" style=\"line-height: 1.7999999999999998;margin-left: 36pt;text-align: justify;margin-top: 12pt;margin-bottom: 12pt\"><span style=\"font-size: 14pt;font-family: Arial, sans-serif;color: #000000;background-color: transparent;font-weight: 400;font-style: normal;font-variant: normal;text-decoration: none;vertical-align: baseline\">1.Monitorar o andamento das a\u00e7\u00f5es propostas pelo Observat\u00f3rio.<\/span><\/p>\n<p dir=\"ltr\" style=\"line-height: 1.7999999999999998;margin-left: 36pt;text-align: justify;margin-top: 12pt;margin-bottom: 12pt\"><span style=\"font-size: 14pt;font-family: Arial, sans-serif;color: #000000;background-color: transparent;font-weight: 400;font-style: normal;font-variant: normal;text-decoration: none;vertical-align: baseline\">2. Propor linhas gerais para o funcionamento do Observat\u00f3rio.<\/span><\/p>\n<p dir=\"ltr\" style=\"line-height: 1.7999999999999998;margin-left: 36pt;text-align: justify;margin-top: 12pt;margin-bottom: 12pt\"><span style=\"font-size: 14pt;font-family: Arial, sans-serif;color: #000000;background-color: transparent;font-weight: 400;font-style: normal;font-variant: normal;text-decoration: none;vertical-align: baseline\">3. Organizar os grupos institucionais para concretizar o funcionamento do OPLHAr.<\/span><\/p>\n<p dir=\"ltr\" style=\"line-height: 1.7999999999999998;margin-left: 36pt;text-align: justify;margin-top: 12pt;margin-bottom: 12pt\"><span style=\"font-size: 14pt;font-family: Arial, sans-serif;color: #000000;background-color: transparent;font-weight: 400;font-style: normal;font-variant: normal;text-decoration: none;vertical-align: baseline\">4. Criar comiss\u00f5es operativas, que desenhar\u00e3o as \u00e1reas de atua\u00e7\u00e3o, de acordo com a tem\u00e1tica e a regi\u00e3o espacial das iniciativas mapeadas.<\/span><\/p>\n<p><span style=\"font-size: 14pt\"><b style=\"font-weight: normal\">&nbsp;<\/b><\/span><\/p>\n<p dir=\"ltr\" style=\"line-height: 1.7999999999999998;text-align: justify;margin-top: 12pt;margin-bottom: 12pt\"><span style=\"font-size: 14pt;font-family: Arial, sans-serif;color: #000000;background-color: transparent;font-weight: bold;font-style: normal;font-variant: normal;text-decoration: none;vertical-align: baseline\">Conselho Consultivo Acad\u00eamico-Cient\u00edfico<\/span><\/p>\n<p dir=\"ltr\" style=\"line-height: 1.7999999999999998;text-align: justify;margin-top: 12pt;margin-bottom: 12pt\"><span style=\"font-size: 14pt\"><span style=\"font-family: Arial, sans-serif;color: #000000;background-color: transparent;font-weight: 400;font-style: normal;font-variant: normal;text-decoration: none;vertical-align: baseline\">O CAAC ser\u00e1 formado por um grupo de especialistas vinculados \u00e0s disciplinas relacionadas ao OPLHAr (m\u00ednimo um representante por pa\u00eds membro da AUGM e de outras institui\u00e7\u00f5es, como membros do CIPSH e APHELEIA, que fazem parte do OPLHAr).<\/span><span style=\"font-family: Arial, sans-serif;color: #000000;background-color: transparent;font-weight: 400;font-style: normal;font-variant: normal;text-decoration: none;vertical-align: baseline\"><br><\/span><span style=\"font-family: Arial, sans-serif;color: #000000;background-color: transparent;font-weight: 400;font-style: normal;font-variant: normal;text-decoration: none;vertical-align: baseline\">A miss\u00e3o do CAAC \u00e9 fomentar o progresso da forma\u00e7\u00e3o e da pesquisa sobre todos os temas relacionados ao OPLHAr e dever\u00e1 estabelecer seu regime de funcionamento, em termos de periodicidade das sess\u00f5es, qu\u00f3rum e registro de atividades.<\/span><span style=\"font-family: Arial, sans-serif;color: #000000;background-color: transparent;font-weight: 400;font-style: normal;font-variant: normal;text-decoration: none;vertical-align: baseline\"><br><\/span><span style=\"font-family: Arial, sans-serif;color: #000000;background-color: transparent;font-weight: 400;font-style: normal;font-variant: normal;text-decoration: none;vertical-align: baseline\">O CAAC ser\u00e1 respons\u00e1vel por assessorar, por iniciativa pr\u00f3pria, o CD sobre:<\/span><\/span><\/p>\n<ol style=\"margin-top: 0;margin-bottom: 0;padding-inline-start: 48px\">\n<li dir=\"ltr\" style=\"list-style-type: decimal;font-size: 12pt;font-family: Arial,sans-serif;color: #000000;background-color: transparent;font-weight: 400;font-style: normal;font-variant: normal;text-decoration: none;vertical-align: baseline\">\n<p dir=\"ltr\" style=\"line-height: 1.7999999999999998;text-align: justify;margin-top: 12pt;margin-bottom: 0pt\" role=\"presentation\"><span style=\"font-size: 14pt;font-family: Arial, sans-serif;color: #000000;background-color: transparent;font-weight: 400;font-style: normal;font-variant: normal;text-decoration: none;vertical-align: baseline\">Todos os assuntos cient\u00edficos, a pedido deste ou por iniciativa pr\u00f3pria.<\/span><\/p>\n<\/li>\n<li dir=\"ltr\" style=\"list-style-type: decimal;font-size: 12pt;font-family: Arial,sans-serif;color: #000000;background-color: transparent;font-weight: 400;font-style: normal;font-variant: normal;text-decoration: none;vertical-align: baseline\">\n<p dir=\"ltr\" style=\"line-height: 1.7999999999999998;text-align: justify;margin-top: 0pt;margin-bottom: 0pt\" role=\"presentation\"><span style=\"font-size: 14pt;font-family: Arial, sans-serif;color: #000000;background-color: transparent;font-weight: 400;font-style: normal;font-variant: normal;text-decoration: none;vertical-align: baseline\">Assessorar os membros que solicitam ajuda nos temas relacionados \u00e0 forma\u00e7\u00e3o, metodologia cient\u00edfica e publica\u00e7\u00f5es.<\/span><\/p>\n<\/li>\n<li dir=\"ltr\" style=\"list-style-type: decimal;font-size: 12pt;font-family: Arial,sans-serif;color: #000000;background-color: transparent;font-weight: 400;font-style: normal;font-variant: normal;text-decoration: none;vertical-align: baseline\">\n<p dir=\"ltr\" style=\"line-height: 1.7999999999999998;text-align: justify;margin-top: 0pt;margin-bottom: 0pt\" role=\"presentation\"><span style=\"font-size: 14pt;font-family: Arial, sans-serif;color: #000000;background-color: transparent;font-weight: 400;font-style: normal;font-variant: normal;text-decoration: none;vertical-align: baseline\">Organizar os temas a serem debatidos pelo CD.<\/span><\/p>\n<\/li>\n<li dir=\"ltr\" style=\"list-style-type: decimal;font-size: 12pt;font-family: Arial,sans-serif;color: #000000;background-color: transparent;font-weight: 400;font-style: normal;font-variant: normal;text-decoration: none;vertical-align: baseline\">\n<p dir=\"ltr\" style=\"line-height: 1.7999999999999998;text-align: justify;margin-top: 0pt;margin-bottom: 0pt\" role=\"presentation\"><span style=\"font-size: 14pt;font-family: Arial, sans-serif;color: #000000;background-color: transparent;font-weight: 400;font-style: normal;font-variant: normal;text-decoration: none;vertical-align: baseline\">Propor e organizar os Cursos de Forma\u00e7\u00e3o.<\/span><\/p>\n<\/li>\n<li dir=\"ltr\" style=\"list-style-type: decimal;font-size: 12pt;font-family: Arial,sans-serif;color: #000000;background-color: transparent;font-weight: 400;font-style: normal;font-variant: normal;text-decoration: none;vertical-align: baseline\">\n<p dir=\"ltr\" style=\"line-height: 1.7999999999999998;text-align: justify;margin-top: 0pt;margin-bottom: 0pt\" role=\"presentation\"><span style=\"font-size: 14pt;font-family: Arial, sans-serif;color: #000000;background-color: transparent;font-weight: 400;font-style: normal;font-variant: normal;text-decoration: none;vertical-align: baseline\">Participar de qualquer atividade do OPLHAr na qual seja solicitada sua colabora\u00e7\u00e3o.<\/span><\/p>\n<\/li>\n<li dir=\"ltr\" style=\"list-style-type: decimal;font-size: 12pt;font-family: Arial,sans-serif;color: #000000;background-color: transparent;font-weight: 400;font-style: normal;font-variant: normal;text-decoration: none;vertical-align: baseline\">\n<p dir=\"ltr\" style=\"line-height: 1.7999999999999998;text-align: justify;margin-top: 0pt;margin-bottom: 0pt\" role=\"presentation\"><span style=\"font-size: 14pt;font-family: Arial, sans-serif;color: #000000;background-color: transparent;font-weight: 400;font-style: normal;font-variant: normal;text-decoration: none;vertical-align: baseline\">Promover linhas e projetos de pesquisa para os diferentes Grupos de Trabalho do OPLHAr.<\/span><\/p>\n<\/li>\n<li dir=\"ltr\" style=\"list-style-type: decimal;font-size: 12pt;font-family: Arial,sans-serif;color: #000000;background-color: transparent;font-weight: 400;font-style: normal;font-variant: normal;text-decoration: none;vertical-align: baseline\">\n<p dir=\"ltr\" style=\"line-height: 1.7999999999999998;text-align: justify;margin-top: 0pt;margin-bottom: 0pt\" role=\"presentation\"><span style=\"font-size: 14pt;font-family: Arial, sans-serif;color: #000000;background-color: transparent;font-weight: 400;font-style: normal;font-variant: normal;text-decoration: none;vertical-align: baseline\">Revisar, atualizar e, se necess\u00e1rio, apresentar normas internas de funcionamento do Comit\u00ea Cient\u00edfico ao Comit\u00ea Diretivo para sua avalia\u00e7\u00e3o e aprova\u00e7\u00e3o.<\/span><\/p>\n<\/li>\n<li dir=\"ltr\" style=\"list-style-type: decimal;font-size: 12pt;font-family: Arial,sans-serif;color: #000000;background-color: transparent;font-weight: 400;font-style: normal;font-variant: normal;text-decoration: none;vertical-align: baseline\">\n<p dir=\"ltr\" style=\"line-height: 1.7999999999999998;text-align: justify;margin-top: 0pt;margin-bottom: 0pt\" role=\"presentation\"><span style=\"font-size: 14pt;font-family: Arial, sans-serif;color: #000000;background-color: transparent;font-weight: 400;font-style: normal;font-variant: normal;text-decoration: none;vertical-align: baseline\">Manter o Comit\u00ea Diretivo informado sobre o desenvolvimento de suas fun\u00e7\u00f5es e atividades, enviando as atas de suas reuni\u00f5es.<\/span><\/p>\n<\/li>\n<li dir=\"ltr\" style=\"list-style-type: decimal;font-size: 12pt;font-family: Arial,sans-serif;color: #000000;background-color: transparent;font-weight: 400;font-style: normal;font-variant: normal;text-decoration: none;vertical-align: baseline\">\n<p dir=\"ltr\" style=\"line-height: 1.7999999999999998;text-align: justify;margin-top: 0pt;margin-bottom: 12pt\" role=\"presentation\"><span style=\"font-size: 14pt;font-family: Arial, sans-serif;color: #000000;background-color: transparent;font-weight: 400;font-style: normal;font-variant: normal;text-decoration: none;vertical-align: baseline\">Elaborar a Mem\u00f3ria Anual do Comit\u00ea Cient\u00edfico, que ser\u00e1 entregue ao Comit\u00ea Diretivo no in\u00edcio de cada ano.<\/span><\/p>\n<\/li>\n<\/ol>\n<p dir=\"ltr\" style=\"line-height: 1.7999999999999998;text-align: justify;margin-top: 12pt;margin-bottom: 12pt\"><span style=\"font-size: 14pt;font-family: Arial, sans-serif;color: #000000;background-color: transparent;font-weight: bold;font-style: normal;font-variant: normal;text-decoration: none;vertical-align: baseline\">Comit\u00ea Editorial<\/span><\/p>\n<p dir=\"ltr\" style=\"line-height: 1.7999999999999998;text-align: justify;margin-top: 12pt;margin-bottom: 12pt\"><span style=\"font-size: 14pt;font-family: Arial, sans-serif;color: #000000;background-color: transparent;font-weight: 400;font-style: normal;font-variant: normal;text-decoration: none;vertical-align: baseline\">O Comit\u00ea Editorial ser\u00e1 respons\u00e1vel pela revis\u00e3o e aprova\u00e7\u00e3o das publica\u00e7\u00f5es do Observat\u00f3rio.&nbsp;&nbsp;<\/span><\/p>\n<p dir=\"ltr\" style=\"line-height: 1.7999999999999998;text-align: justify;margin-top: 12pt;margin-bottom: 12pt\"><span style=\"font-size: 14pt;font-family: Arial, sans-serif;color: #000000;background-color: transparent;font-weight: 400;font-style: normal;font-variant: normal;text-decoration: none;vertical-align: baseline\">A iniciativa de selo editorial conjunto, biblioteca e reposit\u00f3rio digital da AUGM (em conv\u00eanio com a CLACSO) poder\u00e1 incorporar os trabalhos cient\u00edficos e de divulga\u00e7\u00e3o resultantes das atividades do Observat\u00f3rio.<\/span><\/p>\n<div><span style=\"font-size: 14pt;font-family: Arial, sans-serif;color: #000000;background-color: transparent;font-weight: 400;font-style: normal;font-variant: normal;text-decoration: none;vertical-align: baseline\">&nbsp;<\/span><\/div>\t\t\t\t\t\t<\/div>\n\t\t\t\t<\/div>\n\t\t\t\t\t<\/div>\n\t\t<\/div>\n\t\t\t\t\t<\/div>\n\t\t<\/section>\n\t\t\t\t<\/div>\n\t\t","protected":false},"excerpt":{"rendered":"<p>ESTRUTURA INSTITUCIONAL 1. O OPLHAr ser\u00e1 integrado por membros da AUGM, C\u00e1tedra UNESCO em Fronteiras e Migra\u00e7\u00f5es, Conselho Internacional de Filosofia e Ci\u00eancias Humanas (CIPSH UNESCO), Associa\u00e7\u00e3o Internacional APHELEIA e Institui\u00e7\u00f5es que solicitem sua incorpora\u00e7\u00e3o, cumpram e estejam vinculadas aos objetivos do Observat\u00f3rio.&nbsp;&nbsp; a. As institui\u00e7\u00f5es que solicitarem ingresso o far\u00e3o ao Comit\u00ea Diretivo, e [&hellip;]<\/p>\n","protected":false},"author":25,"featured_media":0,"parent":0,"menu_order":0,"comment_status":"closed","ping_status":"closed","template":"","meta":{"footnotes":""},"categories":[],"tags":[],"class_list":["post-151","page","type-page","status-publish","hentry"],"acf":[],"_links":{"self":[{"href":"https:\/\/www.ufsm.br\/projetos\/extensao\/observatorio\/wp-json\/wp\/v2\/pages\/151","targetHints":{"allow":["GET"]}}],"collection":[{"href":"https:\/\/www.ufsm.br\/projetos\/extensao\/observatorio\/wp-json\/wp\/v2\/pages"}],"about":[{"href":"https:\/\/www.ufsm.br\/projetos\/extensao\/observatorio\/wp-json\/wp\/v2\/types\/page"}],"author":[{"embeddable":true,"href":"https:\/\/www.ufsm.br\/projetos\/extensao\/observatorio\/wp-json\/wp\/v2\/users\/25"}],"replies":[{"embeddable":true,"href":"https:\/\/www.ufsm.br\/projetos\/extensao\/observatorio\/wp-json\/wp\/v2\/comments?post=151"}],"version-history":[{"count":0,"href":"https:\/\/www.ufsm.br\/projetos\/extensao\/observatorio\/wp-json\/wp\/v2\/pages\/151\/revisions"}],"wp:attachment":[{"href":"https:\/\/www.ufsm.br\/projetos\/extensao\/observatorio\/wp-json\/wp\/v2\/media?parent=151"}],"wp:term":[{"taxonomy":"category","embeddable":true,"href":"https:\/\/www.ufsm.br\/projetos\/extensao\/observatorio\/wp-json\/wp\/v2\/categories?post=151"},{"taxonomy":"post_tag","embeddable":true,"href":"https:\/\/www.ufsm.br\/projetos\/extensao\/observatorio\/wp-json\/wp\/v2\/tags?post=151"}],"curies":[{"name":"wp","href":"https:\/\/api.w.org\/{rel}","templated":true}]}}