{"id":156,"date":"2019-05-20T13:27:39","date_gmt":"2019-05-20T16:27:39","guid":{"rendered":"https:\/\/www.ufsm.br\/projetos\/extensao\/observatorio\/?page_id=156"},"modified":"2025-02-27T12:04:11","modified_gmt":"2025-02-27T15:04:11","slug":"plano-de-trabalho","status":"publish","type":"page","link":"https:\/\/www.ufsm.br\/projetos\/extensao\/observatorio\/plano-de-trabalho","title":{"rendered":"Plano de Trabalho"},"content":{"rendered":"\t\t<div data-elementor-type=\"wp-page\" data-elementor-id=\"156\" class=\"elementor elementor-156\">\n\t\t\t\t\t\t<section class=\"elementor-section elementor-top-section elementor-element elementor-element-4a9b3f8 elementor-section-boxed elementor-section-height-default elementor-section-height-default\" data-id=\"4a9b3f8\" data-element_type=\"section\">\n\t\t\t\t\t\t<div class=\"elementor-container elementor-column-gap-default\">\n\t\t\t\t\t<div class=\"elementor-column elementor-col-100 elementor-top-column elementor-element elementor-element-0237c8d\" data-id=\"0237c8d\" data-element_type=\"column\">\n\t\t\t<div class=\"elementor-widget-wrap elementor-element-populated\">\n\t\t\t\t\t\t<div class=\"elementor-element elementor-element-073e933 elementor-widget elementor-widget-heading\" data-id=\"073e933\" data-element_type=\"widget\" data-widget_type=\"heading.default\">\n\t\t\t\t<div class=\"elementor-widget-container\">\n\t\t\t<h2 class=\"elementor-heading-title elementor-size-default\">ATIVIDADES DESENVOLVIDAS <\/h2>\t\t<\/div>\n\t\t\t\t<\/div>\n\t\t\t\t<div class=\"elementor-element elementor-element-5f09ff5 elementor-widget elementor-widget-text-editor\" data-id=\"5f09ff5\" data-element_type=\"widget\" data-widget_type=\"text-editor.default\">\n\t\t\t\t<div class=\"elementor-widget-container\">\n\t\t\t\t\t\t\t<p dir=\"ltr\" style=\"line-height: 1.7999999999999998;text-align: justify;margin-top: 12pt;margin-bottom: 12pt\"><span style=\"font-size: 12pt;font-family: Arial,sans-serif;color: #000000;background-color: transparent;font-weight: bold;font-style: normal;font-variant: normal;text-decoration: none;vertical-align: baseline\">Coleta de Dados<\/span><span style=\"font-size: 12pt;font-family: Arial,sans-serif;color: #000000;background-color: transparent;font-weight: 400;font-style: normal;font-variant: normal;text-decoration: none;vertical-align: baseline\"> \u2013 Um grupo de especialistas designados pelos membros do OPLHAr ficar\u00e1 respons\u00e1vel pela coleta de dados nas tem\u00e1ticas definidas pelo CD, gerando notas semestrais:<\/span><\/p><p dir=\"ltr\" style=\"line-height: 1.7999999999999998;text-indent: 36pt;text-align: justify;margin-top: 12pt;margin-bottom: 12pt\"><span style=\"font-size: 12pt;font-family: Arial,sans-serif;color: #000000;background-color: transparent;font-weight: 400;font-style: normal;font-variant: normal;text-decoration: none;vertical-align: baseline\">1. As notas seguir\u00e3o um formul\u00e1rio espec\u00edfico por pesquisador e institui\u00e7\u00e3o, para acompanhar os progressos e exemplos de atividades. Os crit\u00e9rios de sele\u00e7\u00e3o para identificar estudos e pr\u00e1ticas destacadas ser\u00e3o realizados por meio de consulta entre pares.<\/span><\/p><p dir=\"ltr\" style=\"line-height: 1.7999999999999998;text-indent: 36pt;text-align: justify;margin-top: 12pt;margin-bottom: 12pt\"><span style=\"font-size: 12pt;font-family: Arial,sans-serif;color: #000000;background-color: transparent;font-weight: 400;font-style: normal;font-variant: normal;text-decoration: none;vertical-align: baseline\">2. Compila\u00e7\u00f5es de dados e exemplos de boas pr\u00e1ticas em \u00e1reas como ensino, pesquisa, gest\u00e3o acad\u00eamica, sustentabilidade, inclus\u00e3o e administra\u00e7\u00e3o ser\u00e3o escolhidos por elei\u00e7\u00e3o para serem apresentados em eventos anuais, de forma remota, e bienais, de forma presencial.<\/span><\/p><p dir=\"ltr\" style=\"line-height: 1.7999999999999998;text-align: justify;margin-top: 12pt;margin-bottom: 12pt\"><span style=\"font-size: 12pt;font-family: Arial,sans-serif;color: #000000;background-color: transparent;font-weight: bold;font-style: normal;font-variant: normal;text-decoration: none;vertical-align: baseline\">Pesquisa e An\u00e1lise<\/span><span style=\"font-size: 12pt;font-family: Arial,sans-serif;color: #000000;background-color: transparent;font-weight: 400;font-style: normal;font-variant: normal;text-decoration: none;vertical-align: baseline\"> \u2013 Para avaliar e analisar as pr\u00e1ticas e publica\u00e7\u00f5es, ser\u00e3o criados Comit\u00eas Cient\u00edficos que, semelhantemente ao Conselho Editorial, selecionar\u00e3o as publica\u00e7\u00f5es para a revista online.<\/span><\/p><p dir=\"ltr\" style=\"line-height: 1.7999999999999998;margin-left: 36pt;text-align: justify;margin-top: 12pt;margin-bottom: 12pt\"><span style=\"font-size: 12pt;font-family: Arial,sans-serif;color: #000000;background-color: transparent;font-weight: 400;font-style: normal;font-variant: normal;text-decoration: none;vertical-align: baseline\">1. Os impactos dos trabalhos seguir\u00e3o modelos quantitativos e qualitativos, com expectativas quanto aos graus de amplitude, como a\u00e7\u00f5es locais, regionais ou intra-regionais.<\/span><\/p><p dir=\"ltr\" style=\"line-height: 1.7999999999999998;margin-left: 36pt;text-align: justify;margin-top: 12pt;margin-bottom: 12pt\"><span style=\"font-size: 12pt;font-family: Arial,sans-serif;color: #000000;background-color: transparent;font-weight: 400;font-style: normal;font-variant: normal;text-decoration: none;vertical-align: baseline\">2. Para os programas que tiverem a\u00e7\u00f5es de extens\u00e3o, ser\u00e1 utilizada a escala Phrase Completion, desenvolvida por Hodge e Gillespie (2003), para estabelecer o n\u00edvel de percep\u00e7\u00e3o do desenvolvimento dos projetos de extens\u00e3o.<\/span><\/p><p dir=\"ltr\" style=\"line-height: 1.7999999999999998;text-align: justify;margin-top: 12pt;margin-bottom: 12pt\"><span style=\"font-size: 12pt;font-family: Arial,sans-serif;color: #000000;background-color: transparent;font-weight: bold;font-style: normal;font-variant: normal;text-decoration: none;vertical-align: baseline\">Relat\u00f3rios e Publica\u00e7\u00f5es <\/span><span style=\"font-size: 12pt;font-family: Arial,sans-serif;color: #000000;background-color: transparent;font-weight: 400;font-style: normal;font-variant: normal;text-decoration: none;vertical-align: baseline\">\u2013 Os relat\u00f3rios e publica\u00e7\u00f5es ser\u00e3o editados pelo Comit\u00ea Editorial em revista pr\u00f3pria, no formato de relat\u00f3rio, e os encontros bienais ser\u00e3o publicados em livros eletr\u00f4nicos indexados.<\/span><\/p><p dir=\"ltr\" style=\"line-height: 1.7999999999999998;text-align: justify;margin-top: 12pt;margin-bottom: 12pt\"><span style=\"font-size: 12pt;font-family: Arial,sans-serif;color: #000000;background-color: transparent;font-weight: bold;font-style: normal;font-variant: normal;text-decoration: none;vertical-align: baseline\">Portal Online<\/span><span style=\"font-size: 12pt;font-family: Arial,sans-serif;color: #000000;background-color: transparent;font-weight: 400;font-style: normal;font-variant: normal;text-decoration: none;vertical-align: baseline\"> \u2013 O OPLHAr ter\u00e1 seu pr\u00f3prio site, onde ser\u00e3o armazenadas, promovidas e compartilhadas informa\u00e7\u00f5es sobre os objetos de estudo e boas pr\u00e1ticas. O site ser\u00e1 de acesso aberto e contar\u00e1 com sistemas de busca para facilitar o uso por outros profissionais e universidades.<\/span><\/p><p dir=\"ltr\" style=\"line-height: 1.7999999999999998;text-align: justify;margin-top: 12pt;margin-bottom: 12pt\"><span style=\"font-size: 12pt;font-family: Arial,sans-serif;color: #000000;background-color: transparent;font-weight: bold;font-style: normal;font-variant: normal;text-decoration: none;vertical-align: baseline\">Eventos e Confer\u00eancias<\/span><span style=\"font-size: 12pt;font-family: Arial,sans-serif;color: #000000;background-color: transparent;font-weight: 400;font-style: normal;font-variant: normal;text-decoration: none;vertical-align: baseline\"> \u2013 Ser\u00e3o realizados dois tipos de eventos: anualmente online e bienais de forma presencial.<\/span><\/p><p dir=\"ltr\" style=\"line-height: 1.7999999999999998;margin-left: 36pt;text-align: justify;margin-top: 12pt;margin-bottom: 12pt\"><span style=\"font-size: 12pt;font-family: Arial,sans-serif;color: #000000;background-color: transparent;font-weight: 400;font-style: normal;font-variant: normal;text-decoration: none;vertical-align: baseline\">1. Os encontros online e presenciais ser\u00e3o abertos a pesquisadores profissionais, acad\u00eamicos, em forma\u00e7\u00e3o e tamb\u00e9m com apresenta\u00e7\u00f5es de performances, concertos, recitais, entre outros.<\/span><\/p><p dir=\"ltr\" style=\"line-height: 1.7999999999999998;margin-left: 36pt;text-align: justify;margin-top: 12pt;margin-bottom: 12pt\"><span style=\"font-size: 12pt;font-family: Arial,sans-serif;color: #000000;background-color: transparent;font-weight: 400;font-style: normal;font-variant: normal;text-decoration: none;vertical-align: baseline\">2. O Observat\u00f3rio estabelecer\u00e1 o planejamento e a organiza\u00e7\u00e3o de confer\u00eancias, simp\u00f3sios ou workshops para discutir e promover os objetos de estudo e as boas pr\u00e1ticas das Humanidades e Artes nos territ\u00f3rios de alcance das institui\u00e7\u00f5es participantes. Estes eventos poder\u00e3o ser associados a outros eventos paralelos, em escala local, regional, intra-regional ou internacional.<\/span><\/p><p><b id=\"docs-internal-guid-53b59bb5-7fff-77f3-20c4-8391287ea71c\" style=\"font-weight: normal\">\u00a0<\/b><\/p><p dir=\"ltr\" style=\"line-height: 1.7999999999999998;text-align: justify;margin-top: 12pt;margin-bottom: 12pt\"><span style=\"font-size: 12pt;font-family: Arial,sans-serif;color: #000000;background-color: transparent;font-weight: bold;font-style: normal;font-variant: normal;text-decoration: none;vertical-align: baseline\">Programas de Capacita\u00e7\u00e3o<\/span><span style=\"font-size: 12pt;font-family: Arial,sans-serif;color: #000000;background-color: transparent;font-weight: 400;font-style: normal;font-variant: normal;text-decoration: none;vertical-align: baseline\">\u2013 Os programas de capacita\u00e7\u00e3o ser\u00e3o planejados com base nos estudos realizados e nas boas pr\u00e1ticas identificadas. As capacita\u00e7\u00f5es ser\u00e3o oferecidas por meio de cursos online, workshops, semin\u00e1rios e confer\u00eancias especializadas, cursos de extens\u00e3o universit\u00e1ria, com a ades\u00e3o de pesquisadores e estudantes de p\u00f3s-gradua\u00e7\u00e3o. As capacita\u00e7\u00f5es poder\u00e3o ser realizadas em conjunto com os eventos e confer\u00eancias.<\/span><\/p><p>\u00a0<\/p><p dir=\"ltr\" style=\"line-height: 1.7999999999999998;text-align: justify;margin-top: 12pt;margin-bottom: 12pt\"><span style=\"font-size: 12pt;font-family: Arial,sans-serif;color: #000000;background-color: transparent;font-weight: bold;font-style: normal;font-variant: normal;text-decoration: none;vertical-align: baseline\">Colabora\u00e7\u00e3o Interinstitucional<\/span><span style=\"font-size: 12pt;font-family: Arial,sans-serif;color: #000000;background-color: transparent;font-weight: 400;font-style: normal;font-variant: normal;text-decoration: none;vertical-align: baseline\"> \u2013 O Observat\u00f3rio iniciar\u00e1 suas atividades a partir do acordo com a AUGM e a aprova\u00e7\u00e3o do Conselho de Reitores, e com a colabora\u00e7\u00e3o de algumas redes existentes, como a C\u00e1tedra UNESCO em Fronteiras e Migra\u00e7\u00f5es, o acordo de ades\u00e3o entre a AUGM e o Conselho Internacional de Filosofia e Ci\u00eancias Humanas \u2013 CIPSH, e outras institui\u00e7\u00f5es, como a Associa\u00e7\u00e3o Internacional.<\/span><\/p>\t\t\t\t\t\t<\/div>\n\t\t\t\t<\/div>\n\t\t\t\t\t<\/div>\n\t\t<\/div>\n\t\t\t\t\t<\/div>\n\t\t<\/section>\n\t\t\t\t<\/div>\n\t\t","protected":false},"excerpt":{"rendered":"<p>ATIVIDADES DESENVOLVIDAS Coleta de Dados \u2013 Um grupo de especialistas designados pelos membros do OPLHAr ficar\u00e1 respons\u00e1vel pela coleta de dados nas tem\u00e1ticas definidas pelo CD, gerando notas semestrais: 1. As notas seguir\u00e3o um formul\u00e1rio espec\u00edfico por pesquisador e institui\u00e7\u00e3o, para acompanhar os progressos e exemplos de atividades. Os crit\u00e9rios de sele\u00e7\u00e3o para identificar estudos [&hellip;]<\/p>\n","protected":false},"author":25,"featured_media":0,"parent":0,"menu_order":0,"comment_status":"closed","ping_status":"closed","template":"","meta":{"footnotes":""},"categories":[],"tags":[],"class_list":["post-156","page","type-page","status-publish","hentry"],"acf":[],"_links":{"self":[{"href":"https:\/\/www.ufsm.br\/projetos\/extensao\/observatorio\/wp-json\/wp\/v2\/pages\/156","targetHints":{"allow":["GET"]}}],"collection":[{"href":"https:\/\/www.ufsm.br\/projetos\/extensao\/observatorio\/wp-json\/wp\/v2\/pages"}],"about":[{"href":"https:\/\/www.ufsm.br\/projetos\/extensao\/observatorio\/wp-json\/wp\/v2\/types\/page"}],"author":[{"embeddable":true,"href":"https:\/\/www.ufsm.br\/projetos\/extensao\/observatorio\/wp-json\/wp\/v2\/users\/25"}],"replies":[{"embeddable":true,"href":"https:\/\/www.ufsm.br\/projetos\/extensao\/observatorio\/wp-json\/wp\/v2\/comments?post=156"}],"version-history":[{"count":0,"href":"https:\/\/www.ufsm.br\/projetos\/extensao\/observatorio\/wp-json\/wp\/v2\/pages\/156\/revisions"}],"wp:attachment":[{"href":"https:\/\/www.ufsm.br\/projetos\/extensao\/observatorio\/wp-json\/wp\/v2\/media?parent=156"}],"wp:term":[{"taxonomy":"category","embeddable":true,"href":"https:\/\/www.ufsm.br\/projetos\/extensao\/observatorio\/wp-json\/wp\/v2\/categories?post=156"},{"taxonomy":"post_tag","embeddable":true,"href":"https:\/\/www.ufsm.br\/projetos\/extensao\/observatorio\/wp-json\/wp\/v2\/tags?post=156"}],"curies":[{"name":"wp","href":"https:\/\/api.w.org\/{rel}","templated":true}]}}