{"id":169,"date":"2025-02-28T11:57:09","date_gmt":"2025-02-28T14:57:09","guid":{"rendered":"https:\/\/www.ufsm.br\/projetos\/extensao\/observatorio\/?page_id=169"},"modified":"2025-03-07T12:42:38","modified_gmt":"2025-03-07T15:42:38","slug":"objetivos","status":"publish","type":"page","link":"https:\/\/www.ufsm.br\/projetos\/extensao\/observatorio\/objetivos","title":{"rendered":"Objetivos"},"content":{"rendered":"\t\t<div data-elementor-type=\"wp-page\" data-elementor-id=\"169\" class=\"elementor elementor-169\">\n\t\t\t\t\t\t<section class=\"elementor-section elementor-top-section elementor-element elementor-element-4754ee8 elementor-section-boxed elementor-section-height-default elementor-section-height-default\" data-id=\"4754ee8\" data-element_type=\"section\">\n\t\t\t\t\t\t<div class=\"elementor-container elementor-column-gap-default\">\n\t\t\t\t\t<div class=\"elementor-column elementor-col-100 elementor-top-column elementor-element elementor-element-9013a3f\" data-id=\"9013a3f\" data-element_type=\"column\">\n\t\t\t<div class=\"elementor-widget-wrap elementor-element-populated\">\n\t\t\t\t\t\t<div class=\"elementor-element elementor-element-6cefe6d elementor-widget elementor-widget-image\" data-id=\"6cefe6d\" data-element_type=\"widget\" data-widget_type=\"image.default\">\n\t\t\t\t<div class=\"elementor-widget-container\">\n\t\t\t\t\t\t\t\t\t\t\t\t\t<img fetchpriority=\"high\" decoding=\"async\" width=\"1024\" height=\"150\" src=\"https:\/\/www.ufsm.br\/app\/uploads\/sites\/959\/2025\/03\/banner_escala_augm_v2_1-1.jpg\" class=\"attachment-large size-large wp-image-197\" alt=\"\" srcset=\"https:\/\/www.ufsm.br\/app\/uploads\/sites\/959\/2025\/03\/banner_escala_augm_v2_1-1.jpg 1024w, https:\/\/www.ufsm.br\/app\/uploads\/sites\/959\/2025\/03\/banner_escala_augm_v2_1-1-300x44.jpg 300w, https:\/\/www.ufsm.br\/app\/uploads\/sites\/959\/2025\/03\/banner_escala_augm_v2_1-1-768x113.jpg 768w\" sizes=\"(max-width: 1024px) 100vw, 1024px\" \/>\t\t\t\t\t\t\t\t\t\t\t\t\t<\/div>\n\t\t\t\t<\/div>\n\t\t\t\t\t<\/div>\n\t\t<\/div>\n\t\t\t\t\t<\/div>\n\t\t<\/section>\n\t\t\t\t<section class=\"elementor-section elementor-top-section elementor-element elementor-element-e8db236 elementor-section-boxed elementor-section-height-default elementor-section-height-default\" data-id=\"e8db236\" data-element_type=\"section\">\n\t\t\t\t\t\t<div class=\"elementor-container elementor-column-gap-default\">\n\t\t\t\t\t<div class=\"elementor-column elementor-col-100 elementor-top-column elementor-element elementor-element-5c5560b\" data-id=\"5c5560b\" data-element_type=\"column\">\n\t\t\t<div class=\"elementor-widget-wrap elementor-element-populated\">\n\t\t\t\t\t\t<div class=\"elementor-element elementor-element-ceb7e47 elementor-widget elementor-widget-text-editor\" data-id=\"ceb7e47\" data-element_type=\"widget\" data-widget_type=\"text-editor.default\">\n\t\t\t\t<div class=\"elementor-widget-container\">\n\t\t\t\t\t\t\t<p dir=\"ltr\"><b>Objetivo Geral\u00a0<\/b>\u2013 O objetivo \u00e9 promover e coordenar atividades de pesquisa, inova\u00e7\u00e3o e articula\u00e7\u00e3o que contribuam para o desenvolvimento social e cultural sustent\u00e1vel em n\u00edvel local e regional. Com isso, busca-se melhorar a qualidade da educa\u00e7\u00e3o superior nas \u00e1reas de estudo vinculadas ao Observat\u00f3rio \u2013 OPLHAr, em particular:\u00a0\u00a0<\/p><p dir=\"ltr\" role=\"presentation\">Fomentar a produ\u00e7\u00e3o de informa\u00e7\u00f5es e conhecimentos para compreender as dimens\u00f5es dos processos sociais e culturais a partir de uma perspectiva interdisciplinar e plural, tanto em termos te\u00f3ricos quanto metodol\u00f3gicos;\u00a0\u00a0<\/p><ol><li dir=\"ltr\"><p dir=\"ltr\" role=\"presentation\">Promover a inova\u00e7\u00e3o e o interc\u00e2mbio de conhecimentos, contribuindo para o desenvolvimento das institui\u00e7\u00f5es acad\u00eamicas, a democratiza\u00e7\u00e3o do conhecimento e o acesso \u00e0 informa\u00e7\u00e3o, garantindo um melhor desempenho e tomadas de decis\u00e3o mais adequadas por parte dos diferentes atores sociais;\u00a0\u00a0<\/p><\/li><li dir=\"ltr\"><p dir=\"ltr\" role=\"presentation\">Impulsionar, em colabora\u00e7\u00e3o com outras institui\u00e7\u00f5es, o desenvolvimento de inova\u00e7\u00f5es e solu\u00e7\u00f5es para quest\u00f5es econ\u00f4micas, sociais, pol\u00edticas e culturais relevantes para a \u00e1rea de estudos abrangida pelo OPLHAr;\u00a0\u00a0<\/p><\/li><li dir=\"ltr\"><p dir=\"ltr\" role=\"presentation\">Observar, coletar, promover e compartilhar as melhores pr\u00e1ticas em diversos campos de pesquisa. Investigar \u2013 revisar, descrever, caracterizar, avaliar, discutir, questionar e sugerir \u2013 os conte\u00fados que surgem no espa\u00e7o de observa\u00e7\u00e3o pertinente \u00e0 sua \u00e1rea de interesse; informar a comunidade sobre novidades e descobertas nesse processo;\u00a0\u00a0<\/p><\/li><li dir=\"ltr\"><p dir=\"ltr\" role=\"presentation\">Trabalhar em parceria com associa\u00e7\u00f5es nacionais, redes e cons\u00f3rcios regionais e internacionais, especialmente aqueles com os quais a AUGM possui acordos vigentes, como CIN, ANDIFES, CUECH, AUPP, CEUB, Coimbra Group, Universidades Europeias, SEGIB, entre outros;\u00a0\u00a0<\/p><\/li><li dir=\"ltr\"><p dir=\"ltr\" role=\"presentation\">Colaborar com institui\u00e7\u00f5es internacionais com as quais a AUGM mant\u00e9m acordos, como o CIPSH, entre outros.\u00a0\u00a0<\/p><p>\u00a0<\/p><\/li><\/ol><p dir=\"ltr\"><b>Objetivos Espec\u00edficos<\/b>\u00a0\u2013 Dentro desse contexto, os objetivos espec\u00edficos s\u00e3o:\u00a0\u00a0<b><\/b><\/p><p dir=\"ltr\">1. Desenvolver e divulgar materiais pedag\u00f3gicos e de trabalho, incluindo m\u00f3dulos de forma\u00e7\u00e3o, manuais, protocolos e bases de dados georreferenciadas;\u00a0\u00a0<\/p><p dir=\"ltr\">2. Organizar semin\u00e1rios e outros eventos acad\u00eamicos, incluindo colabora\u00e7\u00f5es com o Conselho Internacional de Filosofia e Ci\u00eancias Humanas \u2013 UNESCO, e outras entidades;\u00a0\u00a0<\/p><p dir=\"ltr\">3. Estabelecer perfis nacionais e regionais na tem\u00e1tica do Observat\u00f3rio, que possam, ao mesmo tempo, auxiliar as universidades na orienta\u00e7\u00e3o de suas forma\u00e7\u00f5es e apoiar a defini\u00e7\u00e3o de pol\u00edticas p\u00fablicas de gest\u00e3o territorial.\u00a0<\/p>\t\t\t\t\t\t<\/div>\n\t\t\t\t<\/div>\n\t\t\t\t\t<\/div>\n\t\t<\/div>\n\t\t\t\t\t<\/div>\n\t\t<\/section>\n\t\t\t\t<section class=\"elementor-section elementor-top-section elementor-element elementor-element-5bbf509 elementor-section-boxed elementor-section-height-default elementor-section-height-default\" data-id=\"5bbf509\" data-element_type=\"section\">\n\t\t\t\t\t\t<div class=\"elementor-container elementor-column-gap-default\">\n\t\t\t\t\t<div class=\"elementor-column elementor-col-100 elementor-top-column elementor-element elementor-element-07b33e8\" data-id=\"07b33e8\" data-element_type=\"column\">\n\t\t\t<div class=\"elementor-widget-wrap elementor-element-populated\">\n\t\t\t\t\t\t<div class=\"elementor-element elementor-element-293a896 elementor-widget elementor-widget-heading\" data-id=\"293a896\" data-element_type=\"widget\" data-widget_type=\"heading.default\">\n\t\t\t\t<div class=\"elementor-widget-container\">\n\t\t\t<h2 class=\"elementor-heading-title elementor-size-default\">Plano de Trabalho<\/h2>\t\t<\/div>\n\t\t\t\t<\/div>\n\t\t\t\t\t<\/div>\n\t\t<\/div>\n\t\t\t\t\t<\/div>\n\t\t<\/section>\n\t\t\t\t<section class=\"elementor-section elementor-top-section elementor-element elementor-element-09a1afc elementor-section-boxed elementor-section-height-default elementor-section-height-default\" data-id=\"09a1afc\" data-element_type=\"section\">\n\t\t\t\t\t\t<div class=\"elementor-container elementor-column-gap-default\">\n\t\t\t\t\t<div class=\"elementor-column elementor-col-100 elementor-top-column elementor-element elementor-element-d3ad79e\" data-id=\"d3ad79e\" data-element_type=\"column\">\n\t\t\t<div class=\"elementor-widget-wrap elementor-element-populated\">\n\t\t\t\t\t\t<div class=\"elementor-element elementor-element-eeee705 elementor-widget elementor-widget-text-editor\" data-id=\"eeee705\" data-element_type=\"widget\" data-widget_type=\"text-editor.default\">\n\t\t\t\t<div class=\"elementor-widget-container\">\n\t\t\t\t\t\t\t<p><b>Coleta de Dados<\/b><span style=\"font-weight: 400\">\u00a0\u2013 Um grupo de especialistas designados pelos membros do OPLHAr ficar\u00e1 respons\u00e1vel pela coleta de dados nas tem\u00e1ticas definidas pelo CD, gerando notas semestrais:<\/span><\/p><ol><li><span style=\"font-weight: 400\"> As notas seguir\u00e3o um formul\u00e1rio espec\u00edfico por pesquisador e institui\u00e7\u00e3o, para acompanhar os progressos e exemplos de atividades. Os crit\u00e9rios de sele\u00e7\u00e3o para identificar estudos e pr\u00e1ticas destacadas ser\u00e3o realizados por meio de consulta entre pares.<\/span><\/li><li><span style=\"font-weight: 400\"> Compila\u00e7\u00f5es de dados e exemplos de boas pr\u00e1ticas em \u00e1reas como ensino, pesquisa, gest\u00e3o acad\u00eamica, sustentabilidade, inclus\u00e3o e administra\u00e7\u00e3o ser\u00e3o escolhidos por elei\u00e7\u00e3o para serem apresentados em eventos anuais, de forma remota, e bienais, de forma presencial.<\/span><\/li><\/ol><p><b>Pesquisa e An\u00e1lise<\/b><span style=\"font-weight: 400\">\u00a0\u2013 Para avaliar e analisar as pr\u00e1ticas e publica\u00e7\u00f5es, ser\u00e3o criados Comit\u00eas Cient\u00edficos que, semelhantemente ao Conselho Editorial, selecionar\u00e3o as publica\u00e7\u00f5es para a revista online.<\/span><\/p><ol><li><span style=\"font-weight: 400\"> Os impactos dos trabalhos seguir\u00e3o modelos quantitativos e qualitativos, com expectativas quanto aos graus de amplitude, como a\u00e7\u00f5es locais, regionais ou intra-regionais.<\/span><\/li><li><span style=\"font-weight: 400\"> Para os programas que tiverem a\u00e7\u00f5es de extens\u00e3o, ser\u00e1 utilizada a escala Phrase Completion, desenvolvida por Hodge e Gillespie (2003), para estabelecer o n\u00edvel de percep\u00e7\u00e3o do desenvolvimento dos projetos de extens\u00e3o.<\/span><\/li><\/ol><p><b>Relat\u00f3rios e Publica\u00e7\u00f5es\u00a0<\/b><span style=\"font-weight: 400\">\u2013 Os relat\u00f3rios e publica\u00e7\u00f5es ser\u00e3o editados pelo Comit\u00ea Editorial em revista pr\u00f3pria, no formato de relat\u00f3rio, e os encontros bienais ser\u00e3o publicados em livros eletr\u00f4nicos indexados.<\/span><\/p><p><b>Portal Online<\/b><span style=\"font-weight: 400\">\u00a0\u2013 O OPLHAr ter\u00e1 seu pr\u00f3prio site, onde ser\u00e3o armazenadas, promovidas e compartilhadas informa\u00e7\u00f5es sobre os objetos de estudo e boas pr\u00e1ticas. O site ser\u00e1 de acesso aberto e contar\u00e1 com sistemas de busca para facilitar o uso por outros profissionais e universidades.<\/span><\/p><p><b>Eventos e Confer\u00eancias<\/b><span style=\"font-weight: 400\">\u00a0\u2013 Ser\u00e3o realizados dois tipos de eventos: anualmente online e bienais de forma presencial.<\/span><\/p><ol><li><span style=\"font-weight: 400\"> Os encontros online e presenciais ser\u00e3o abertos a pesquisadores profissionais, acad\u00eamicos, em forma\u00e7\u00e3o e tamb\u00e9m com apresenta\u00e7\u00f5es de performances, concertos, recitais, entre outros.<\/span><\/li><li><span style=\"font-weight: 400\"> O Observat\u00f3rio estabelecer\u00e1 o planejamento e a organiza\u00e7\u00e3o de confer\u00eancias, simp\u00f3sios ou workshops para discutir e promover os objetos de estudo e as boas pr\u00e1ticas das Humanidades e Artes nos territ\u00f3rios de alcance das institui\u00e7\u00f5es participantes. Estes eventos poder\u00e3o ser associados a outros eventos paralelos, em escala local, regional, intra-regional ou internacional.<\/span><\/li><\/ol><p>\u00a0<\/p><p><b>Programas de Capacita\u00e7\u00e3o<\/b><span style=\"font-weight: 400\">\u2013 Os programas de capacita\u00e7\u00e3o ser\u00e3o planejados com base nos estudos realizados e nas boas pr\u00e1ticas identificadas. As capacita\u00e7\u00f5es ser\u00e3o oferecidas por meio de cursos online, workshops, semin\u00e1rios e confer\u00eancias especializadas, cursos de extens\u00e3o universit\u00e1ria, com a ades\u00e3o de pesquisadores e estudantes de p\u00f3s-gradua\u00e7\u00e3o. As capacita\u00e7\u00f5es poder\u00e3o ser realizadas em conjunto com os eventos e confer\u00eancias.<\/span><\/p><p>\u00a0<\/p><p><b>Colabora\u00e7\u00e3o Interinstitucional<\/b><span style=\"font-weight: 400\">\u00a0\u2013 O Observat\u00f3rio iniciar\u00e1 suas atividades a partir do acordo com a AUGM e a aprova\u00e7\u00e3o do Conselho de Reitores, e com a colabora\u00e7\u00e3o de algumas redes existentes, como a C\u00e1tedra UNESCO em Fronteiras e Migra\u00e7\u00f5es, o acordo de ades\u00e3o entre a AUGM e o Conselho Internacional de Filosofia e Ci\u00eancias Humanas \u2013 CIPSH, e outras institui\u00e7\u00f5es, como a Associa\u00e7\u00e3o Internacional.<\/span><\/p>\t\t\t\t\t\t<\/div>\n\t\t\t\t<\/div>\n\t\t\t\t\t<\/div>\n\t\t<\/div>\n\t\t\t\t\t<\/div>\n\t\t<\/section>\n\t\t\t\t<\/div>\n\t\t","protected":false},"excerpt":{"rendered":"<p>Objetivo Geral\u00a0\u2013 O objetivo \u00e9 promover e coordenar atividades de pesquisa, inova\u00e7\u00e3o e articula\u00e7\u00e3o que contribuam para o desenvolvimento social e cultural sustent\u00e1vel em n\u00edvel local e regional. Com isso, busca-se melhorar a qualidade da educa\u00e7\u00e3o superior nas \u00e1reas de estudo vinculadas ao Observat\u00f3rio \u2013 OPLHAr, em particular:\u00a0\u00a0 Fomentar a produ\u00e7\u00e3o de informa\u00e7\u00f5es e conhecimentos [&hellip;]<\/p>\n","protected":false},"author":2311,"featured_media":0,"parent":0,"menu_order":0,"comment_status":"closed","ping_status":"closed","template":"","meta":{"footnotes":""},"categories":[],"tags":[],"class_list":["post-169","page","type-page","status-publish","hentry"],"acf":[],"_links":{"self":[{"href":"https:\/\/www.ufsm.br\/projetos\/extensao\/observatorio\/wp-json\/wp\/v2\/pages\/169","targetHints":{"allow":["GET"]}}],"collection":[{"href":"https:\/\/www.ufsm.br\/projetos\/extensao\/observatorio\/wp-json\/wp\/v2\/pages"}],"about":[{"href":"https:\/\/www.ufsm.br\/projetos\/extensao\/observatorio\/wp-json\/wp\/v2\/types\/page"}],"author":[{"embeddable":true,"href":"https:\/\/www.ufsm.br\/projetos\/extensao\/observatorio\/wp-json\/wp\/v2\/users\/2311"}],"replies":[{"embeddable":true,"href":"https:\/\/www.ufsm.br\/projetos\/extensao\/observatorio\/wp-json\/wp\/v2\/comments?post=169"}],"version-history":[{"count":0,"href":"https:\/\/www.ufsm.br\/projetos\/extensao\/observatorio\/wp-json\/wp\/v2\/pages\/169\/revisions"}],"wp:attachment":[{"href":"https:\/\/www.ufsm.br\/projetos\/extensao\/observatorio\/wp-json\/wp\/v2\/media?parent=169"}],"wp:term":[{"taxonomy":"category","embeddable":true,"href":"https:\/\/www.ufsm.br\/projetos\/extensao\/observatorio\/wp-json\/wp\/v2\/categories?post=169"},{"taxonomy":"post_tag","embeddable":true,"href":"https:\/\/www.ufsm.br\/projetos\/extensao\/observatorio\/wp-json\/wp\/v2\/tags?post=169"}],"curies":[{"name":"wp","href":"https:\/\/api.w.org\/{rel}","templated":true}]}}