{"id":198,"date":"2025-03-01T14:00:18","date_gmt":"2025-03-01T17:00:18","guid":{"rendered":"https:\/\/www.ufsm.br\/projetos\/extensao\/observatorio\/?page_id=198"},"modified":"2025-03-07T12:43:58","modified_gmt":"2025-03-07T15:43:58","slug":"apresentacao","status":"publish","type":"page","link":"https:\/\/www.ufsm.br\/projetos\/extensao\/observatorio\/apresentacao","title":{"rendered":"Apresenta\u00e7\u00e3o"},"content":{"rendered":"\t\t<div data-elementor-type=\"wp-page\" data-elementor-id=\"198\" class=\"elementor elementor-198\">\n\t\t\t\t\t\t<section class=\"elementor-section elementor-top-section elementor-element elementor-element-01cc6cc elementor-section-boxed elementor-section-height-default elementor-section-height-default\" data-id=\"01cc6cc\" data-element_type=\"section\">\n\t\t\t\t\t\t<div class=\"elementor-container elementor-column-gap-default\">\n\t\t\t\t\t<div class=\"elementor-column elementor-col-100 elementor-top-column elementor-element elementor-element-e0ad55f\" data-id=\"e0ad55f\" data-element_type=\"column\">\n\t\t\t<div class=\"elementor-widget-wrap elementor-element-populated\">\n\t\t\t\t\t\t<div class=\"elementor-element elementor-element-6dbc116 elementor-widget elementor-widget-image\" data-id=\"6dbc116\" data-element_type=\"widget\" data-widget_type=\"image.default\">\n\t\t\t\t<div class=\"elementor-widget-container\">\n\t\t\t\t\t\t\t\t\t\t\t\t\t<img fetchpriority=\"high\" decoding=\"async\" width=\"1024\" height=\"150\" src=\"https:\/\/www.ufsm.br\/app\/uploads\/sites\/959\/2025\/03\/banner_escala_augm_v2_1-1.jpg\" class=\"attachment-large size-large wp-image-197\" alt=\"\" srcset=\"https:\/\/www.ufsm.br\/app\/uploads\/sites\/959\/2025\/03\/banner_escala_augm_v2_1-1.jpg 1024w, https:\/\/www.ufsm.br\/app\/uploads\/sites\/959\/2025\/03\/banner_escala_augm_v2_1-1-300x44.jpg 300w, https:\/\/www.ufsm.br\/app\/uploads\/sites\/959\/2025\/03\/banner_escala_augm_v2_1-1-768x113.jpg 768w\" sizes=\"(max-width: 1024px) 100vw, 1024px\" \/>\t\t\t\t\t\t\t\t\t\t\t\t\t<\/div>\n\t\t\t\t<\/div>\n\t\t\t\t\t<\/div>\n\t\t<\/div>\n\t\t\t\t\t<\/div>\n\t\t<\/section>\n\t\t\t\t<section class=\"elementor-section elementor-top-section elementor-element elementor-element-ad05b93 elementor-section-boxed elementor-section-height-default elementor-section-height-default\" data-id=\"ad05b93\" data-element_type=\"section\">\n\t\t\t\t\t\t<div class=\"elementor-container elementor-column-gap-default\">\n\t\t\t\t\t<div class=\"elementor-column elementor-col-100 elementor-top-column elementor-element elementor-element-f759f19\" data-id=\"f759f19\" data-element_type=\"column\">\n\t\t\t<div class=\"elementor-widget-wrap elementor-element-populated\">\n\t\t\t\t\t\t<div class=\"elementor-element elementor-element-ad16a75 elementor-widget elementor-widget-text-editor\" data-id=\"ad16a75\" data-element_type=\"widget\" data-widget_type=\"text-editor.default\">\n\t\t\t\t<div class=\"elementor-widget-container\">\n\t\t\t\t\t\t\t<p dir=\"ltr\"><span style=\"font-size: 12pt\">O Observat\u00f3rio Sul-Americano do Patrim\u00f4nio, Lugares, Humanidades e Artes (OPLHAr) tem como objetivo ampliar as redes de v\u00ednculos estabelecidas pela Associa\u00e7\u00e3o de Universidades Grupo Montevid\u00e9u (AUGM), assim como seus acordos na Am\u00e9rica do Sul e na Europa, por meio do interc\u00e2mbio de boas pr\u00e1ticas. Nesse contexto, as humanidades e as artes desempenham um papel relevante na gest\u00e3o dos lugares, paisagens e territ\u00f3rios.<\/span><\/p><p dir=\"ltr\">A proposta do OPLHAr tamb\u00e9m \u00e9 resultado do Relat\u00f3rio Sul-Americano das Humanidades, coordenado pela AUGM em 2020, que identificou a necessidade e o amplo interesse em estruturar uma articula\u00e7\u00e3o regional no campo das Humanidades.<\/p><p dir=\"ltr\">Essa iniciativa se insere no relan\u00e7amento do Espa\u00e7o das Humanidades (EH) na AUGM \u2013 cujo antecedente foi o \u201cPrograma de Humanidades\u201d \u2013, uma decis\u00e3o adotada pelo Conselho de Reitores na sess\u00e3o realizada na Universidade de Valpara\u00edso em 28 de novembro de 2023. Esse relan\u00e7amento ocorre no contexto mais amplo da reformula\u00e7\u00e3o do espa\u00e7o institucional de pesquisa da Associa\u00e7\u00e3o, tamb\u00e9m aprovado nessa reuni\u00e3o.<\/p><p dir=\"ltr\">O OPLHAr estabelece metas de curto, m\u00e9dio e longo prazo, em escalas locais, provinciais e regionais, com o intuito de compartilhar o maior n\u00famero poss\u00edvel de experi\u00eancias bem-sucedidas, tanto por meio de plataformas digitais quanto por encontros virtuais e presenciais.<\/p><p dir=\"ltr\">Essa estrutura pode fornecer uma base s\u00f3lida para o desenvolvimento e gest\u00e3o do Observat\u00f3rio, com o objetivo de promover a melhoria cont\u00ednua nas \u00e1reas de estudo. Prop\u00f5e-se um formato colaborativo no qual a AUGM se consolida como plataforma central, fomentando estudos em rede, estabelecendo v\u00ednculos com organismos internacionais, convidando parceiros de outras regi\u00f5es e ampliando o alcance da proposta entre institui\u00e7\u00f5es acad\u00eamicas da regi\u00e3o.<\/p><p dir=\"ltr\">Em virtude do acordo com o CIPSH (Conselho Internacional de Filosofia e Ci\u00eancias Humanas \u2013 UNESCO\u00a0\u2013\u00a0www.cipsh.one) e com o objetivo de expandir as possibilidades de trabalho conjunto, surge esta iniciativa. Seguindo essa linha e tomando como refer\u00eancia as diretrizes da AUGM, o Observat\u00f3rio Sul-Americano do Patrim\u00f4nio, Lugares, Humanidades e Artes \u2013 OPLHAr busca consolidar-se como um espa\u00e7o institucional, presencial e permanente no \u00e2mbito acad\u00eamico de pesquisa, ensino e extens\u00e3o. Seu prop\u00f3sito \u00e9 contribuir para a constru\u00e7\u00e3o e promo\u00e7\u00e3o de uma Gest\u00e3o Cultural Integrada da Paisagem e sua inter-rela\u00e7\u00e3o com organiza\u00e7\u00f5es sociais, pol\u00edticas e comunit\u00e1rias. Por meio das Humanidades, almeja contribuir para o desenho e implementa\u00e7\u00e3o de pol\u00edticas p\u00fablicas locais, nacionais e regionais, com \u00eanfase na Gest\u00e3o do Territ\u00f3rio e do Patrim\u00f4nio Cultural da Paisagem .<\/p><p dir=\"ltr\">Diversas raz\u00f5es te\u00f3ricas justificam a necessidade de abordar as problem\u00e1ticas espec\u00edficas da regi\u00e3o, promovendo o pluralismo cultural e o desenvolvimento sustent\u00e1vel em um continente rico em diversidade cultural, lingu\u00edstica, social e hist\u00f3rica. A cria\u00e7\u00e3o do Observat\u00f3rio possibilitar\u00e1 a compreens\u00e3o e a preserva\u00e7\u00e3o dessa diversidade, reconhecendo a import\u00e2ncia das perspectivas culturais nas ci\u00eancias sociais e nas humanidades.<\/p><p dir=\"ltr\">Al\u00e9m disso, a regi\u00e3o enfrenta desafios significativos em termos de desigualdades sociais, econ\u00f4micas e educacionais. O Observat\u00f3rio poder\u00e1 atuar no enfrentamento dessas desigualdades, fornecendo uma plataforma para pesquisas que investiguem suas ra\u00edzes e proponham solu\u00e7\u00f5es a partir de perspectivas locais. A compreens\u00e3o do contexto hist\u00f3rico, antropol\u00f3gico e lingu\u00edstico \u00e9 essencial para analisar as quest\u00f5es sociais, destacando a import\u00e2ncia das din\u00e2micas hist\u00f3ricas e culturais na forma\u00e7\u00e3o de identidades, estruturas sociais e formas de reconhecimento.<\/p><p dir=\"ltr\">Nesse contexto, o estudo interdisciplinar de problem\u00e1ticas complexas permitir\u00e1 uma maior integra\u00e7\u00e3o de diferentes abordagens e metodologias, proporcionando uma an\u00e1lise mais eficaz dos desafios espec\u00edficos enfrentados pelo Observat\u00f3rio.<\/p>\t\t\t\t\t\t<\/div>\n\t\t\t\t<\/div>\n\t\t\t\t\t<\/div>\n\t\t<\/div>\n\t\t\t\t\t<\/div>\n\t\t<\/section>\n\t\t\t\t<\/div>\n\t\t","protected":false},"excerpt":{"rendered":"<p>O Observat\u00f3rio Sul-Americano do Patrim\u00f4nio, Lugares, Humanidades e Artes (OPLHAr) tem como objetivo ampliar as redes de v\u00ednculos estabelecidas pela Associa\u00e7\u00e3o de Universidades Grupo Montevid\u00e9u (AUGM), assim como seus acordos na Am\u00e9rica do Sul e na Europa, por meio do interc\u00e2mbio de boas pr\u00e1ticas. Nesse contexto, as humanidades e as artes desempenham um papel relevante [&hellip;]<\/p>\n","protected":false},"author":2311,"featured_media":0,"parent":0,"menu_order":0,"comment_status":"closed","ping_status":"closed","template":"","meta":{"footnotes":""},"categories":[],"tags":[],"class_list":["post-198","page","type-page","status-publish","hentry"],"acf":[],"_links":{"self":[{"href":"https:\/\/www.ufsm.br\/projetos\/extensao\/observatorio\/wp-json\/wp\/v2\/pages\/198","targetHints":{"allow":["GET"]}}],"collection":[{"href":"https:\/\/www.ufsm.br\/projetos\/extensao\/observatorio\/wp-json\/wp\/v2\/pages"}],"about":[{"href":"https:\/\/www.ufsm.br\/projetos\/extensao\/observatorio\/wp-json\/wp\/v2\/types\/page"}],"author":[{"embeddable":true,"href":"https:\/\/www.ufsm.br\/projetos\/extensao\/observatorio\/wp-json\/wp\/v2\/users\/2311"}],"replies":[{"embeddable":true,"href":"https:\/\/www.ufsm.br\/projetos\/extensao\/observatorio\/wp-json\/wp\/v2\/comments?post=198"}],"version-history":[{"count":0,"href":"https:\/\/www.ufsm.br\/projetos\/extensao\/observatorio\/wp-json\/wp\/v2\/pages\/198\/revisions"}],"wp:attachment":[{"href":"https:\/\/www.ufsm.br\/projetos\/extensao\/observatorio\/wp-json\/wp\/v2\/media?parent=198"}],"wp:term":[{"taxonomy":"category","embeddable":true,"href":"https:\/\/www.ufsm.br\/projetos\/extensao\/observatorio\/wp-json\/wp\/v2\/categories?post=198"},{"taxonomy":"post_tag","embeddable":true,"href":"https:\/\/www.ufsm.br\/projetos\/extensao\/observatorio\/wp-json\/wp\/v2\/tags?post=198"}],"curies":[{"name":"wp","href":"https:\/\/api.w.org\/{rel}","templated":true}]}}