{"id":197,"date":"2024-05-15T09:13:57","date_gmt":"2024-05-15T12:13:57","guid":{"rendered":"https:\/\/www.ufsm.br\/projetos\/extensao\/proext-pg\/?page_id=197"},"modified":"2024-05-15T09:14:32","modified_gmt":"2024-05-15T12:14:32","slug":"informacoes-gerais","status":"publish","type":"page","link":"https:\/\/www.ufsm.br\/projetos\/extensao\/proext-pg\/informacoes-gerais","title":{"rendered":"Sobre"},"content":{"rendered":"\n<p>O projeto <strong>PROEXT-PG UFSM Al\u00e9m do Arco<\/strong> tem como objetivo geral aumentar o impacto e a visibilidade das atividades de p\u00f3s-gradua\u00e7\u00e3o da UFSM na sociedade, por meio da articula\u00e7\u00e3o e fomento de atividades integradas de ensino, pesquisa e extens\u00e3o interdisciplinares, que contribuam para o desenvolvimento sustent\u00e1vel, a cidadania, a justi\u00e7a, o fortalecimento da democracia, a participa\u00e7\u00e3o social e a qualidade de vida.<\/p>\n<p>Os <strong>objetivos espec\u00edficos<\/strong> do Programa PROEXT &#8211; PG UFSM Al\u00e9m do Arco s\u00e3o:<br \/>\u25cf Promover a articula\u00e7\u00e3o entre ensino, pesquisa e extens\u00e3o no \u00e2mbito da p\u00f3s-gradua\u00e7\u00e3o da UFSM visando aumentar o impacto do conhecimento gerado na p\u00f3s-gradua\u00e7\u00e3o da UFSM sobre a sociedade;<\/p>\n<p>\u25cf Promover a inicia\u00e7\u00e3o \u00e0 extens\u00e3o de estudantes de gradua\u00e7\u00e3o, p\u00f3s-gradua\u00e7\u00e3o e pesquisadores no \u00e2mbito dos programas de p\u00f3s-gradua\u00e7\u00e3o, com foco na forma\u00e7\u00e3o de sujeitos cr\u00edticos capazes de atuar na promo\u00e7\u00e3o da cidadania e apontar solu\u00e7\u00f5es para os desafios da sociedade;<\/p>\n<p>\u25cf Fomentar a execu\u00e7\u00e3o de projetos de extens\u00e3o alinhados aos ODS 2030 e \u00e0s necessidades sociais levantadas no Plano de Desenvolvimento Estrat\u00e9gico dos Conselhos Regionais de Desenvolvimento (COREDEs) do Estado do Rio Grande do Sul e demandas estrat\u00e9gicas dos Geoparques de atua\u00e7\u00e3o da UFSM;<\/p>\n<p>\u25cf Promover a articula\u00e7\u00e3o acad\u00eamica, a coopera\u00e7\u00e3o e o estabelecimento de parcerias entre a UFSM e diferentes setores e atores da sociedade, com vistas a fortalecer as atividades de extens\u00e3o e fomentar solu\u00e7\u00f5es conjuntas e inovadoras;<\/p>\n<p>\u25cf Aumentar o protagonismo da UFSM na formula\u00e7\u00e3o de pol\u00edticas p\u00fablicas socialmente relevantes;<\/p>\n<p>\u25cf Aumentar a visibilidade da UFSM por meio da divulga\u00e7\u00e3o e populariza\u00e7\u00e3o das a\u00e7\u00f5es de extens\u00e3o vinculadas \u00e0 p\u00f3s-gradua\u00e7\u00e3o.<\/p>\n\n\n","protected":false},"excerpt":{"rendered":"<p>O projeto PROEXT-PG UFSM Al\u00e9m do Arco tem como objetivo geral aumentar o impacto e a visibilidade das atividades de p\u00f3s-gradua\u00e7\u00e3o da UFSM na sociedade, por meio da articula\u00e7\u00e3o e fomento de atividades integradas de ensino, pesquisa e extens\u00e3o interdisciplinares, que contribuam para o desenvolvimento sustent\u00e1vel, a cidadania, a justi\u00e7a, o fortalecimento da democracia, a [&hellip;]<\/p>\n","protected":false},"author":7302,"featured_media":0,"parent":0,"menu_order":0,"comment_status":"closed","ping_status":"closed","template":"","meta":{"footnotes":""},"categories":[],"tags":[],"class_list":["post-197","page","type-page","status-publish","hentry"],"acf":[],"_links":{"self":[{"href":"https:\/\/www.ufsm.br\/projetos\/extensao\/proext-pg\/wp-json\/wp\/v2\/pages\/197","targetHints":{"allow":["GET"]}}],"collection":[{"href":"https:\/\/www.ufsm.br\/projetos\/extensao\/proext-pg\/wp-json\/wp\/v2\/pages"}],"about":[{"href":"https:\/\/www.ufsm.br\/projetos\/extensao\/proext-pg\/wp-json\/wp\/v2\/types\/page"}],"author":[{"embeddable":true,"href":"https:\/\/www.ufsm.br\/projetos\/extensao\/proext-pg\/wp-json\/wp\/v2\/users\/7302"}],"replies":[{"embeddable":true,"href":"https:\/\/www.ufsm.br\/projetos\/extensao\/proext-pg\/wp-json\/wp\/v2\/comments?post=197"}],"version-history":[{"count":0,"href":"https:\/\/www.ufsm.br\/projetos\/extensao\/proext-pg\/wp-json\/wp\/v2\/pages\/197\/revisions"}],"wp:attachment":[{"href":"https:\/\/www.ufsm.br\/projetos\/extensao\/proext-pg\/wp-json\/wp\/v2\/media?parent=197"}],"wp:term":[{"taxonomy":"category","embeddable":true,"href":"https:\/\/www.ufsm.br\/projetos\/extensao\/proext-pg\/wp-json\/wp\/v2\/categories?post=197"},{"taxonomy":"post_tag","embeddable":true,"href":"https:\/\/www.ufsm.br\/projetos\/extensao\/proext-pg\/wp-json\/wp\/v2\/tags?post=197"}],"curies":[{"name":"wp","href":"https:\/\/api.w.org\/{rel}","templated":true}]}}

<p>O projeto <strong>PROEXT-PG UFSM Além do Arco</strong> tem como objetivo geral aumentar o impacto e a visibilidade das atividades de pós-graduação da UFSM na sociedade, por meio da articulação e fomento de atividades integradas de ensino, pesquisa e extensão interdisciplinares, que contribuam para o desenvolvimento sustentável, a cidadania, a justiça, o fortalecimento da democracia, a participação social e a qualidade de vida.</p>
<p>Os <strong>objetivos específicos</strong> do Programa PROEXT &#8211; PG UFSM Além do Arco são:<br />● Promover a articulação entre ensino, pesquisa e extensão no âmbito da pós-graduação da UFSM visando aumentar o impacto do conhecimento gerado na pós-graduação da UFSM sobre a sociedade;</p>
<p>● Promover a iniciação à extensão de estudantes de graduação, pós-graduação e pesquisadores no âmbito dos programas de pós-graduação, com foco na formação de sujeitos críticos capazes de atuar na promoção da cidadania e apontar soluções para os desafios da sociedade;</p>
<p>● Fomentar a execução de projetos de extensão alinhados aos ODS 2030 e às necessidades sociais levantadas no Plano de Desenvolvimento Estratégico dos Conselhos Regionais de Desenvolvimento (COREDEs) do Estado do Rio Grande do Sul e demandas estratégicas dos Geoparques de atuação da UFSM;</p>
<p>● Promover a articulação acadêmica, a cooperação e o estabelecimento de parcerias entre a UFSM e diferentes setores e atores da sociedade, com vistas a fortalecer as atividades de extensão e fomentar soluções conjuntas e inovadoras;</p>
<p>● Aumentar o protagonismo da UFSM na formulação de políticas públicas socialmente relevantes;</p>
<p>● Aumentar a visibilidade da UFSM por meio da divulgação e popularização das ações de extensão vinculadas à pós-graduação.</p>

<p>O projeto PROEXT-PG UFSM Além do Arco tem como objetivo geral aumentar o impacto e a visibilidade das atividades de pós-graduação da UFSM na sociedade, por meio da articulação e fomento de atividades integradas de ensino, pesquisa e extensão interdisciplinares, que contribuam para o desenvolvimento sustentável, a cidadania, a justiça, o fortalecimento da democracia, a [&hellip;]</p>
