{"id":5,"date":"2018-01-18T08:39:17","date_gmt":"2018-01-18T10:39:17","guid":{"rendered":"https:\/\/www.ufsm.br\/cursos\/graduacao\/nutricao\/12352\/?page_id=5"},"modified":"2026-04-07T09:46:48","modified_gmt":"2026-04-07T12:46:48","slug":"pagina-inicial","status":"publish","type":"page","link":"https:\/\/www.ufsm.br\/projetos\/extensao\/proext-pg\/","title":{"rendered":"P\u00e1gina Inicial"},"content":{"rendered":"\t\t<div data-elementor-type=\"wp-post\" data-elementor-id=\"5\" class=\"elementor elementor-5\">\n\t\t\t\t\t\t<section class=\"elementor-section elementor-top-section elementor-element elementor-element-f4b34c8 elementor-section-boxed elementor-section-height-default elementor-section-height-default\" data-id=\"f4b34c8\" data-element_type=\"section\">\n\t\t\t\t\t\t<div class=\"elementor-container elementor-column-gap-default\">\n\t\t\t\t\t<div class=\"elementor-column elementor-col-33 elementor-top-column elementor-element elementor-element-84289c4\" data-id=\"84289c4\" data-element_type=\"column\">\n\t\t\t<div class=\"elementor-widget-wrap elementor-element-populated\">\n\t\t\t\t\t\t<div class=\"elementor-element elementor-element-0a1a759 elementor-widget elementor-widget-image\" data-id=\"0a1a759\" data-element_type=\"widget\" data-widget_type=\"image.default\">\n\t\t\t\t<div class=\"elementor-widget-container\">\n\t\t\t\t\t\t\t\t\t\t\t\t\t\t<a href=\"https:\/\/www.ufsm.br\/projetos\/extensao\/proext-pg\/informacoes-gerais\">\n\t\t\t\t\t\t\t<img fetchpriority=\"high\" decoding=\"async\" width=\"1024\" height=\"1024\" src=\"https:\/\/www.ufsm.br\/app\/uploads\/sites\/929\/2024\/06\/Marca-Alem-do-Arco_001-1024x1024.jpg\" class=\"attachment-large size-large wp-image-207\" alt=\"\" srcset=\"https:\/\/www.ufsm.br\/app\/uploads\/sites\/929\/2024\/06\/Marca-Alem-do-Arco_001-1024x1024.jpg 1024w, https:\/\/www.ufsm.br\/app\/uploads\/sites\/929\/2024\/06\/Marca-Alem-do-Arco_001-300x300.jpg 300w, https:\/\/www.ufsm.br\/app\/uploads\/sites\/929\/2024\/06\/Marca-Alem-do-Arco_001-150x150.jpg 150w, https:\/\/www.ufsm.br\/app\/uploads\/sites\/929\/2024\/06\/Marca-Alem-do-Arco_001-768x767.jpg 768w, https:\/\/www.ufsm.br\/app\/uploads\/sites\/929\/2024\/06\/Marca-Alem-do-Arco_001.jpg 1091w\" sizes=\"(max-width: 1024px) 100vw, 1024px\" \/>\t\t\t\t\t\t\t\t<\/a>\n\t\t\t\t\t\t\t\t\t\t\t\t\t<\/div>\n\t\t\t\t<\/div>\n\t\t\t\t\t<\/div>\n\t\t<\/div>\n\t\t\t\t<div class=\"elementor-column elementor-col-66 elementor-top-column elementor-element elementor-element-3381f71\" data-id=\"3381f71\" data-element_type=\"column\">\n\t\t\t<div class=\"elementor-widget-wrap elementor-element-populated\">\n\t\t\t\t\t\t<div class=\"elementor-element elementor-element-f16a7ea elementor-widget elementor-widget-wp-widget-ufsm_noticias_widget\" data-id=\"f16a7ea\" data-element_type=\"widget\" data-widget_type=\"wp-widget-ufsm_noticias_widget.default\">\n\t\t\t\t<div class=\"elementor-widget-container\">\n\t\t\t<h5 class='titulo-conteudos'>Destaque<\/h5><div id='ufsm-carousel-1777282370-1131958142' class='carousel slide carousel-ufsm' data-bs-ride='carousel' aria-hidden='true'>\n    <div class='carousel-inner'>\n                    \n\n            <div class='carousel-item active' data-bs-interval='4000'>\n                                    <!-- Link && Slider Image -->\n                    <a href='https:\/\/www.ufsm.br\/projetos\/extensao\/proext-pg\/2026\/04\/21\/time-enactus-leva-sustentabilidade-e-empreendedorismo-social-para-escolas-de-santa-maria-e-cacapava-do-sul'>\n                        <img class='w-100' style='max-height:400px; object-fit:cover;' alt=\"As crian\u00e7as t\u00eam contato com a educa\u00e7\u00e3o financeira por meio da \u2018Escolinha de Neg\u00f3cios\u2019\" srcset=\"https:\/\/www.ufsm.br\/app\/uploads\/sites\/929\/2026\/04\/WhatsApp-Image-2026-04-17-at-16.55.56-3-300x225.jpeg 300w, https:\/\/www.ufsm.br\/app\/uploads\/sites\/929\/2026\/04\/WhatsApp-Image-2026-04-17-at-16.55.56-3-1024x768.jpeg 1024w, https:\/\/www.ufsm.br\/app\/uploads\/sites\/929\/2026\/04\/WhatsApp-Image-2026-04-17-at-16.55.56-3-768x576.jpeg 768w, https:\/\/www.ufsm.br\/app\/uploads\/sites\/929\/2026\/04\/WhatsApp-Image-2026-04-17-at-16.55.56-3.jpeg 1280w\">\n                    <\/a>\n                \n                \n                                    <!-- Slider caption -->\n                    <h5 class='mt-2 mb-0'>\n                        <a href='https:\/\/www.ufsm.br\/projetos\/extensao\/proext-pg\/2026\/04\/21\/time-enactus-leva-sustentabilidade-e-empreendedorismo-social-para-escolas-de-santa-maria-e-cacapava-do-sul' aria-hidden='true'>Time Enactus leva sustentabilidade e empreendedorismo social para escolas de Santa Maria e Ca\u00e7apava do Sul<\/a>\n                                            <\/h5>\n                                                            <\/div>\n                    <!-- Exibi Indicadores -->\n            <\/div>\n<\/div>\n<!-- Acessibilidade, apenas leitor de tela -->\n<ul class='visually-hidden'>\n    <li><a href='https:\/\/www.ufsm.br\/projetos\/extensao\/proext-pg\/2026\/04\/21\/time-enactus-leva-sustentabilidade-e-empreendedorismo-social-para-escolas-de-santa-maria-e-cacapava-do-sul'>Time Enactus leva sustentabilidade e empreendedorismo social para escolas de Santa Maria e Ca\u00e7apava do Sul<\/a><\/li><\/ul>\n<div class=\"leia-mais p-1\">\n                <a href=\"https:\/\/www.ufsm.br\/projetos\/extensao\/proext-pg\/busca\/?q=&area=post&orderby=date&sites%5B%5D=929\">\n            LEIA MAIS            <span class=\"icon-box\">\n                <span class=\"bg-ufsm-widget-icon\">\n                    <i class=\"fas fa-chevron-right\" aria-hidden=\"true\"><\/i>\n                <\/span>\n            <\/span>\n        <\/a>\n    <\/div>\n\t\t<\/div>\n\t\t\t\t<\/div>\n\t\t\t\t\t<\/div>\n\t\t<\/div>\n\t\t\t\t\t<\/div>\n\t\t<\/section>\n\t\t\t\t<section class=\"elementor-section elementor-top-section elementor-element elementor-element-bfa676a elementor-section-boxed elementor-section-height-default elementor-section-height-default\" data-id=\"bfa676a\" data-element_type=\"section\">\n\t\t\t\t\t\t<div class=\"elementor-container elementor-column-gap-default\">\n\t\t\t\t\t<div class=\"elementor-column elementor-col-100 elementor-top-column elementor-element elementor-element-be7041a\" data-id=\"be7041a\" data-element_type=\"column\">\n\t\t\t<div class=\"elementor-widget-wrap elementor-element-populated\">\n\t\t\t\t\t\t<div class=\"elementor-element elementor-element-a1cd529 elementor-widget elementor-widget-wp-widget-ufsm_noticias_widget\" data-id=\"a1cd529\" data-element_type=\"widget\" data-widget_type=\"wp-widget-ufsm_noticias_widget.default\">\n\t\t\t\t<div class=\"elementor-widget-container\">\n\t\t\t<h5 class='titulo-conteudos'>Not\u00edcias<\/h5><div class='widget-noticias-inside'>\n                        <div class=\"row\">\n                                    <div class=\"col-12 col-lg-12 pb-4\">\n                                        \n                                        \n                    \n                    <a class=\"noticias-widget-title d-block \"  title=\"Time Enactus leva sustentabilidade e empreendedorismo social para escolas de Santa Maria e Ca\u00e7apava do Sul\" href=\"https:\/\/www.ufsm.br\/projetos\/extensao\/proext-pg\/2026\/04\/21\/time-enactus-leva-sustentabilidade-e-empreendedorismo-social-para-escolas-de-santa-maria-e-cacapava-do-sul\">\n                                                Time Enactus leva sustentabilidade e empreendedorismo social para escolas de Santa Maria e Ca\u00e7apava do Sul                    <\/a>\n                    \n                    \n                                        \n                                            <div class=\"small\" title=\"Publicado no s\u00edtio: Al\u00e9m do Arco\">Al\u00e9m do Arco<\/div>\n                                        \n                                            \n                                                    <div title=\"Publicado em 21\/04\/2026 - 10:38\" class=\"data-publicacao-widget\">\n                                <i  class=\"far fa-clock\"><\/i>\n                                21\/04\/2026 - 10:38                            <\/div>\n                                                                <\/div>\n                            <\/div>\n                    <div class=\"row\">\n                                    <div class=\"col-12 col-lg-12 pb-4\">\n                                        \n                                        \n                    \n                    <a class=\"noticias-widget-title d-block \"  title=\"Quando ensinar tamb\u00e9m transforma quem ensina: os impactos do Sumo Educacional na forma\u00e7\u00e3o de seus integrantes\" href=\"https:\/\/www.ufsm.br\/projetos\/extensao\/proext-pg\/2026\/04\/06\/quando-ensinar-tambem-transforma-quem-ensina-os-impactos-do-sumo-educacional-na-formacao-de-seus-integrantes\">\n                                                Quando ensinar tamb\u00e9m transforma quem ensina: os impactos do Sumo Educacional na forma\u00e7\u00e3o de seus integrantes                    <\/a>\n                    \n                    \n                                        \n                                            <div class=\"small\" title=\"Publicado no s\u00edtio: Al\u00e9m do Arco\">Al\u00e9m do Arco<\/div>\n                                        \n                                            \n                                                    <div title=\"Publicado em 06\/04\/2026 - 15:59\" class=\"data-publicacao-widget\">\n                                <i  class=\"far fa-clock\"><\/i>\n                                06\/04\/2026 - 15:59                            <\/div>\n                                                                <\/div>\n                            <\/div>\n                    <div class=\"row\">\n                                    <div class=\"col-12 col-lg-12 pb-4\">\n                                        \n                                        \n                    \n                    <a class=\"noticias-widget-title d-block \"  title=\"Atendimentos psicol\u00f3gicos somam 77% das consultas do Telessa\u00fade\" href=\"https:\/\/www.ufsm.br\/projetos\/extensao\/proext-pg\/2026\/03\/17\/atendimentos-psicologicos-somam-77-das-consultas-do-telessaude\">\n                                                Atendimentos psicol\u00f3gicos somam 77% das consultas do Telessa\u00fade                    <\/a>\n                    \n                    \n                                        \n                                            <div class=\"small\" title=\"Publicado no s\u00edtio: Al\u00e9m do Arco\">Al\u00e9m do Arco<\/div>\n                                        \n                                            \n                                                    <div title=\"Publicado em 17\/03\/2026 - 14:53\" class=\"data-publicacao-widget\">\n                                <i  class=\"far fa-clock\"><\/i>\n                                17\/03\/2026 - 14:53                            <\/div>\n                                                                <\/div>\n                            <\/div>\n                    <div class=\"row\">\n                                    <div class=\"col-12 col-lg-12 pb-4\">\n                                        \n                                        \n                    \n                    <a class=\"noticias-widget-title d-block \"  title=\"Projeto da UFSM amplia atua\u00e7\u00e3o com a comunidade Montanha Russa\" href=\"https:\/\/www.ufsm.br\/projetos\/extensao\/proext-pg\/2026\/01\/12\/projeto-da-ufsm-amplia-atuacao-com-a-comunidade-montanha-russa\">\n                                                Projeto da UFSM amplia atua\u00e7\u00e3o com a comunidade Montanha Russa                    <\/a>\n                    \n                    \n                                        \n                                            <div class=\"small\" title=\"Publicado no s\u00edtio: Al\u00e9m do Arco\">Al\u00e9m do Arco<\/div>\n                                        \n                                            \n                                                    <div title=\"Publicado em 12\/01\/2026 - 20:40\" class=\"data-publicacao-widget\">\n                                <i  class=\"far fa-clock\"><\/i>\n                                12\/01\/2026 - 20:40                            <\/div>\n                                                                <\/div>\n                            <\/div>\n                    <div class=\"row\">\n                                    <div class=\"col-12 col-lg-12 pb-4\">\n                                        \n                                        \n                    \n                    <a class=\"noticias-widget-title d-block \"  title=\"Totens interativos e exposi\u00e7\u00e3o fotogr\u00e1fica s\u00e3o estrat\u00e9gias para a conscientiza\u00e7\u00e3o sobre a crise clim\u00e1tica\" href=\"https:\/\/www.ufsm.br\/projetos\/extensao\/proext-pg\/2025\/12\/19\/totens-interativos-e-exposicao-fotografica-sao-estrategias-para-a-conscientizacao-sobre-a-crise-climatica\">\n                                                Totens interativos e exposi\u00e7\u00e3o fotogr\u00e1fica s\u00e3o estrat\u00e9gias para a conscientiza\u00e7\u00e3o sobre a crise clim\u00e1tica                    <\/a>\n                    \n                    \n                                        \n                                            <div class=\"small\" title=\"Publicado no s\u00edtio: Al\u00e9m do Arco\">Al\u00e9m do Arco<\/div>\n                                        \n                                            \n                                                    <div title=\"Publicado em 19\/12\/2025 - 14:26\" class=\"data-publicacao-widget\">\n                                <i  class=\"far fa-clock\"><\/i>\n                                19\/12\/2025 - 14:26                            <\/div>\n                                                                <\/div>\n                            <\/div>\n            <\/div>\n<div class=\"leia-mais p-1\">\n                <a href=\"https:\/\/www.ufsm.br\/projetos\/extensao\/proext-pg\/busca\/?q=&area=post&orderby=date&sites%5B%5D=929\">\n            LEIA MAIS            <span class=\"icon-box\">\n                <span class=\"bg-ufsm-widget-icon\">\n                    <i class=\"fas fa-chevron-right\" aria-hidden=\"true\"><\/i>\n                <\/span>\n            <\/span>\n        <\/a>\n    <\/div>\n\t\t<\/div>\n\t\t\t\t<\/div>\n\t\t\t\t\t<\/div>\n\t\t<\/div>\n\t\t\t\t\t<\/div>\n\t\t<\/section>\n\t\t\t\t<section class=\"elementor-section elementor-top-section elementor-element elementor-element-64df483 elementor-section-boxed elementor-section-height-default elementor-section-height-default\" data-id=\"64df483\" data-element_type=\"section\">\n\t\t\t\t\t\t<div class=\"elementor-container elementor-column-gap-default\">\n\t\t\t\t\t<div class=\"elementor-column elementor-col-33 elementor-top-column elementor-element elementor-element-e5cad01\" data-id=\"e5cad01\" data-element_type=\"column\">\n\t\t\t<div class=\"elementor-widget-wrap elementor-element-populated\">\n\t\t\t\t\t\t<div class=\"elementor-element elementor-element-ed7d245 elementor-widget elementor-widget-heading\" data-id=\"ed7d245\" data-element_type=\"widget\" data-widget_type=\"heading.default\">\n\t\t\t\t<div class=\"elementor-widget-container\">\n\t\t\t<h5 class=\"elementor-heading-title elementor-size-default\">Comit\u00ea Gestor PROEXT-PG UFSM<\/h5>\t\t<\/div>\n\t\t\t\t<\/div>\n\t\t\t\t\t<\/div>\n\t\t<\/div>\n\t\t\t\t<div class=\"elementor-column elementor-col-66 elementor-top-column elementor-element elementor-element-51bed6f\" data-id=\"51bed6f\" data-element_type=\"column\">\n\t\t\t<div class=\"elementor-widget-wrap elementor-element-populated\">\n\t\t\t\t\t\t<div class=\"elementor-element elementor-element-9a437fd elementor-widget elementor-widget-heading\" data-id=\"9a437fd\" data-element_type=\"widget\" data-widget_type=\"heading.default\">\n\t\t\t\t<div class=\"elementor-widget-container\">\n\t\t\t<h5 class=\"elementor-heading-title elementor-size-default\">Utilidades<\/h5>\t\t<\/div>\n\t\t\t\t<\/div>\n\t\t\t\t\t<\/div>\n\t\t<\/div>\n\t\t\t\t\t<\/div>\n\t\t<\/section>\n\t\t\t\t<section class=\"elementor-section elementor-top-section elementor-element elementor-element-f589817 elementor-section-boxed elementor-section-height-default elementor-section-height-default\" data-id=\"f589817\" data-element_type=\"section\">\n\t\t\t\t\t\t<div class=\"elementor-container elementor-column-gap-default\">\n\t\t\t\t\t<div class=\"elementor-column elementor-col-25 elementor-top-column elementor-element elementor-element-07895c4\" data-id=\"07895c4\" data-element_type=\"column\">\n\t\t\t<div class=\"elementor-widget-wrap elementor-element-populated\">\n\t\t\t\t\t\t<div class=\"elementor-element elementor-element-93a23bc elementor-widget elementor-widget-text-editor\" data-id=\"93a23bc\" data-element_type=\"widget\" data-widget_type=\"text-editor.default\">\n\t\t\t\t<div class=\"elementor-widget-container\">\n\t\t\t\t\t\t\t<p><strong>Presidente do Comit\u00ea<br \/><\/strong>Prof.\u00aa Cristina Wayne Nogueira<\/p><p><strong>Representantes da PRPGP<br \/><\/strong>Prof. Leandro Souza da Silva (Titular)<br \/>Prof.\u00aa Tatiana Emanuelli (Titular)<br \/>Prof.\u00aa Cristiane de Bona da Silva (Suplente)<br \/>TAE Andr\u00e9 dos Santos Leandro (Suplente)<\/p><p><strong>Representantes da PRE<br \/><\/strong>Prof.\u00aa Milena Carvalho Bezerra Freire de Oliveira-Cruz (Titular)<br \/>Prof.\u00aa Angela Weber Righi (Titular)<br \/>TAE Lauren Kleinert Londero Saldanha (Suplente)<br \/>TAE Ana Carolina Cherobini Bortolin (Suplente)<\/p><p><b>Representante dos Projetos Institucionais<br \/><\/b>Prof.\u00aa Rosani Marisa Spanevello (Titular)<br \/>Prof. Rafael Lazzari (Suplente)\u00a0<\/p>\t\t\t\t\t\t<\/div>\n\t\t\t\t<\/div>\n\t\t\t\t\t<\/div>\n\t\t<\/div>\n\t\t\t\t<div class=\"elementor-column elementor-col-25 elementor-top-column elementor-element elementor-element-67410c0\" data-id=\"67410c0\" data-element_type=\"column\">\n\t\t\t<div class=\"elementor-widget-wrap elementor-element-populated\">\n\t\t\t\t\t\t<div class=\"elementor-element elementor-element-f744e5c elementor-widget__width-initial elementor-view-default elementor-position-top elementor-mobile-position-top elementor-widget elementor-widget-icon-box\" data-id=\"f744e5c\" data-element_type=\"widget\" data-widget_type=\"icon-box.default\">\n\t\t\t\t<div class=\"elementor-widget-container\">\n\t\t\t\t\t<div class=\"elementor-icon-box-wrapper\">\n\n\t\t\t\t\t\t<div class=\"elementor-icon-box-icon\">\n\t\t\t\t<a href=\"https:\/\/www.ufsm.br\/projetos\/extensao\/proext-pg\/proposta-institucional\" target=\"_blank\" class=\"elementor-icon elementor-animation-bounce-in\" tabindex=\"-1\">\n\t\t\t\t<i aria-hidden=\"true\" class=\"far fa-clipboard\"><\/i>\t\t\t\t<\/a>\n\t\t\t<\/div>\n\t\t\t\n\t\t\t\t\t\t<div class=\"elementor-icon-box-content\">\n\n\t\t\t\t\t\t\t\t\t<h3 class=\"elementor-icon-box-title\">\n\t\t\t\t\t\t<a href=\"https:\/\/www.ufsm.br\/projetos\/extensao\/proext-pg\/proposta-institucional\" target=\"_blank\" >\n\t\t\t\t\t\t\tProposta Institucional PROEXT-PG UFSM Al\u00e9m do Arco\t\t\t\t\t\t<\/a>\n\t\t\t\t\t<\/h3>\n\t\t\t\t\n\t\t\t\t\n\t\t\t<\/div>\n\t\t\t\n\t\t<\/div>\n\t\t\t\t<\/div>\n\t\t\t\t<\/div>\n\t\t\t\t<div class=\"elementor-element elementor-element-e7f6880 elementor-widget__width-initial elementor-view-default elementor-position-top elementor-mobile-position-top elementor-widget elementor-widget-icon-box\" data-id=\"e7f6880\" data-element_type=\"widget\" data-widget_type=\"icon-box.default\">\n\t\t\t\t<div class=\"elementor-widget-container\">\n\t\t\t\t\t<div class=\"elementor-icon-box-wrapper\">\n\n\t\t\t\t\t\t<div class=\"elementor-icon-box-icon\">\n\t\t\t\t<a href=\"https:\/\/www.ufsm.br\/projetos\/extensao\/proext-pg\/solicitacao-de-recursos\" class=\"elementor-icon elementor-animation-bounce-in\" tabindex=\"-1\">\n\t\t\t\t<i aria-hidden=\"true\" class=\"fas fa-book\"><\/i>\t\t\t\t<\/a>\n\t\t\t<\/div>\n\t\t\t\n\t\t\t\t\t\t<div class=\"elementor-icon-box-content\">\n\n\t\t\t\t\t\t\t\t\t<h3 class=\"elementor-icon-box-title\">\n\t\t\t\t\t\t<a href=\"https:\/\/www.ufsm.br\/projetos\/extensao\/proext-pg\/solicitacao-de-recursos\" >\n\t\t\t\t\t\t\tSolicita\u00e7\u00e3o de Recursos\t\t\t\t\t\t<\/a>\n\t\t\t\t\t<\/h3>\n\t\t\t\t\n\t\t\t\t\n\t\t\t<\/div>\n\t\t\t\n\t\t<\/div>\n\t\t\t\t<\/div>\n\t\t\t\t<\/div>\n\t\t\t\t\t<\/div>\n\t\t<\/div>\n\t\t\t\t<div class=\"elementor-column elementor-col-25 elementor-top-column elementor-element elementor-element-a06ce7a\" data-id=\"a06ce7a\" data-element_type=\"column\">\n\t\t\t<div class=\"elementor-widget-wrap elementor-element-populated\">\n\t\t\t\t\t\t<div class=\"elementor-element elementor-element-6a060cf elementor-widget__width-initial elementor-view-default elementor-position-top elementor-mobile-position-top elementor-widget elementor-widget-icon-box\" data-id=\"6a060cf\" data-element_type=\"widget\" data-widget_type=\"icon-box.default\">\n\t\t\t\t<div class=\"elementor-widget-container\">\n\t\t\t\t\t<div class=\"elementor-icon-box-wrapper\">\n\n\t\t\t\t\t\t<div class=\"elementor-icon-box-icon\">\n\t\t\t\t<a href=\"https:\/\/www.ufsm.br\/projetos\/extensao\/proext-pg\/forum-extensao\" class=\"elementor-icon elementor-animation-bounce-in\" tabindex=\"-1\">\n\t\t\t\t<i class=\"fa fa-users\" aria-hidden=\"true\"><\/i>\t\t\t\t<\/a>\n\t\t\t<\/div>\n\t\t\t\n\t\t\t\t\t\t<div class=\"elementor-icon-box-content\">\n\n\t\t\t\t\t\t\t\t\t<h3 class=\"elementor-icon-box-title\">\n\t\t\t\t\t\t<a href=\"https:\/\/www.ufsm.br\/projetos\/extensao\/proext-pg\/forum-extensao\" >\n\t\t\t\t\t\t\tF\u00f3rum de Extens\u00e3o na P\u00f3s-Gradua\u00e7\u00e3o\t\t\t\t\t\t<\/a>\n\t\t\t\t\t<\/h3>\n\t\t\t\t\n\t\t\t\t\n\t\t\t<\/div>\n\t\t\t\n\t\t<\/div>\n\t\t\t\t<\/div>\n\t\t\t\t<\/div>\n\t\t\t\t<div class=\"elementor-element elementor-element-875ea89 elementor-widget elementor-widget-spacer\" data-id=\"875ea89\" data-element_type=\"widget\" data-widget_type=\"spacer.default\">\n\t\t\t\t<div class=\"elementor-widget-container\">\n\t\t\t\t\t<div class=\"elementor-spacer\">\n\t\t\t<div class=\"elementor-spacer-inner\"><\/div>\n\t\t<\/div>\n\t\t\t\t<\/div>\n\t\t\t\t<\/div>\n\t\t\t\t<div class=\"elementor-element elementor-element-fc27272 elementor-shape-rounded elementor-grid-0 e-grid-align-center elementor-widget elementor-widget-social-icons\" data-id=\"fc27272\" data-element_type=\"widget\" data-widget_type=\"social-icons.default\">\n\t\t\t\t<div class=\"elementor-widget-container\">\n\t\t\t\t\t<div class=\"elementor-social-icons-wrapper elementor-grid\">\n\t\t\t\t\t\t\t<span class=\"elementor-grid-item\">\n\t\t\t\t\t<a class=\"elementor-icon elementor-social-icon elementor-social-icon-facebook elementor-repeater-item-78b5d89\" href=\"https:\/\/www.facebook.com\/people\/Proext-PG-UFSM-Al%C3%A9m-do-Arco\/61562020349276\/\" target=\"_blank\">\n\t\t\t\t\t\t<span class=\"elementor-screen-only\">Facebook<\/span>\n\t\t\t\t\t\t<i class=\"fab fa-facebook\"><\/i>\t\t\t\t\t<\/a>\n\t\t\t\t<\/span>\n\t\t\t\t\t\t\t<span class=\"elementor-grid-item\">\n\t\t\t\t\t<a class=\"elementor-icon elementor-social-icon elementor-social-icon-instagram elementor-repeater-item-3a7aeb7\" href=\"https:\/\/www.instagram.com\/ufsmalemdoarco\/\" target=\"_blank\">\n\t\t\t\t\t\t<span class=\"elementor-screen-only\">Instagram<\/span>\n\t\t\t\t\t\t<i class=\"fab fa-instagram\"><\/i>\t\t\t\t\t<\/a>\n\t\t\t\t<\/span>\n\t\t\t\t\t<\/div>\n\t\t\t\t<\/div>\n\t\t\t\t<\/div>\n\t\t\t\t<div class=\"elementor-element elementor-element-70fd958 elementor-widget elementor-widget-heading\" data-id=\"70fd958\" data-element_type=\"widget\" data-widget_type=\"heading.default\">\n\t\t\t\t<div class=\"elementor-widget-container\">\n\t\t\t<h4 class=\"elementor-heading-title elementor-size-default\">Redes Sociais<\/h4>\t\t<\/div>\n\t\t\t\t<\/div>\n\t\t\t\t\t<\/div>\n\t\t<\/div>\n\t\t\t\t<div class=\"elementor-column elementor-col-25 elementor-top-column elementor-element elementor-element-55f874f\" data-id=\"55f874f\" data-element_type=\"column\">\n\t\t\t<div class=\"elementor-widget-wrap elementor-element-populated\">\n\t\t\t\t\t\t<div class=\"elementor-element elementor-element-c77345a elementor-widget__width-initial elementor-view-default elementor-position-top elementor-mobile-position-top elementor-widget elementor-widget-icon-box\" data-id=\"c77345a\" data-element_type=\"widget\" data-widget_type=\"icon-box.default\">\n\t\t\t\t<div class=\"elementor-widget-container\">\n\t\t\t\t\t<div class=\"elementor-icon-box-wrapper\">\n\n\t\t\t\t\t\t<div class=\"elementor-icon-box-icon\">\n\t\t\t\t<a href=\"https:\/\/www.ufsm.br\/projetos\/extensao\/proext-pg\/editais\/001-2024\" class=\"elementor-icon elementor-animation-bounce-in\" tabindex=\"-1\">\n\t\t\t\t<i class=\"fa fa-book\" aria-hidden=\"true\"><\/i>\t\t\t\t<\/a>\n\t\t\t<\/div>\n\t\t\t\n\t\t\t\t\t\t<div class=\"elementor-icon-box-content\">\n\n\t\t\t\t\t\t\t\t\t<h3 class=\"elementor-icon-box-title\">\n\t\t\t\t\t\t<a href=\"https:\/\/www.ufsm.br\/projetos\/extensao\/proext-pg\/editais\/001-2024\" >\n\t\t\t\t\t\t\tEdital de fomento\t\t\t\t\t\t<\/a>\n\t\t\t\t\t<\/h3>\n\t\t\t\t\n\t\t\t\t\n\t\t\t<\/div>\n\t\t\t\n\t\t<\/div>\n\t\t\t\t<\/div>\n\t\t\t\t<\/div>\n\t\t\t\t\t<\/div>\n\t\t<\/div>\n\t\t\t\t\t<\/div>\n\t\t<\/section>\n\t\t\t\t<\/div>\n\t\t","protected":false},"excerpt":{"rendered":"<p>Comit\u00ea Gestor PROEXT-PG UFSM Utilidades Presidente do Comit\u00eaProf.\u00aa Cristina Wayne Nogueira Representantes da PRPGPProf. Leandro Souza da Silva (Titular)Prof.\u00aa Tatiana Emanuelli (Titular)Prof.\u00aa Cristiane de Bona da Silva (Suplente)TAE Andr\u00e9 dos Santos Leandro (Suplente) Representantes da PREProf.\u00aa Milena Carvalho Bezerra Freire de Oliveira-Cruz (Titular)Prof.\u00aa Angela Weber Righi (Titular)TAE Lauren Kleinert Londero Saldanha (Suplente)TAE Ana Carolina Cherobini [&hellip;]<\/p>\n","protected":false},"author":8,"featured_media":0,"parent":0,"menu_order":0,"comment_status":"closed","ping_status":"closed","template":"","meta":{"footnotes":""},"categories":[],"tags":[],"class_list":["post-5","page","type-page","status-publish","hentry"],"acf":[],"_links":{"self":[{"href":"https:\/\/www.ufsm.br\/projetos\/extensao\/proext-pg\/wp-json\/wp\/v2\/pages\/5","targetHints":{"allow":["GET"]}}],"collection":[{"href":"https:\/\/www.ufsm.br\/projetos\/extensao\/proext-pg\/wp-json\/wp\/v2\/pages"}],"about":[{"href":"https:\/\/www.ufsm.br\/projetos\/extensao\/proext-pg\/wp-json\/wp\/v2\/types\/page"}],"author":[{"embeddable":true,"href":"https:\/\/www.ufsm.br\/projetos\/extensao\/proext-pg\/wp-json\/wp\/v2\/users\/8"}],"replies":[{"embeddable":true,"href":"https:\/\/www.ufsm.br\/projetos\/extensao\/proext-pg\/wp-json\/wp\/v2\/comments?post=5"}],"version-history":[{"count":0,"href":"https:\/\/www.ufsm.br\/projetos\/extensao\/proext-pg\/wp-json\/wp\/v2\/pages\/5\/revisions"}],"wp:attachment":[{"href":"https:\/\/www.ufsm.br\/projetos\/extensao\/proext-pg\/wp-json\/wp\/v2\/media?parent=5"}],"wp:term":[{"taxonomy":"category","embeddable":true,"href":"https:\/\/www.ufsm.br\/projetos\/extensao\/proext-pg\/wp-json\/wp\/v2\/categories?post=5"},{"taxonomy":"post_tag","embeddable":true,"href":"https:\/\/www.ufsm.br\/projetos\/extensao\/proext-pg\/wp-json\/wp\/v2\/tags?post=5"}],"curies":[{"name":"wp","href":"https:\/\/api.w.org\/{rel}","templated":true}]}}