{"id":874,"date":"2025-02-23T23:29:48","date_gmt":"2025-02-24T02:29:48","guid":{"rendered":"https:\/\/www.ufsm.br\/projetos\/institucional\/capes-print\/?page_id=874"},"modified":"2025-05-28T19:11:52","modified_gmt":"2025-05-28T22:11:52","slug":"indicadores","status":"publish","type":"page","link":"https:\/\/www.ufsm.br\/projetos\/institucional\/capes-print\/indicadores","title":{"rendered":"Indicadores"},"content":{"rendered":"\t\t<div data-elementor-type=\"wp-page\" data-elementor-id=\"874\" class=\"elementor elementor-874\">\n\t\t\t\t\t\t<section class=\"elementor-section elementor-top-section elementor-element elementor-element-70b5f6b2 elementor-section-boxed elementor-section-height-default elementor-section-height-default\" data-id=\"70b5f6b2\" data-element_type=\"section\">\n\t\t\t\t\t\t<div class=\"elementor-container elementor-column-gap-default\">\n\t\t\t\t\t<div class=\"elementor-column elementor-col-100 elementor-top-column elementor-element elementor-element-587d1d61\" data-id=\"587d1d61\" data-element_type=\"column\">\n\t\t\t<div class=\"elementor-widget-wrap elementor-element-populated\">\n\t\t\t\t\t\t<div class=\"elementor-element elementor-element-630ad93 elementor-widget elementor-widget-text-editor\" data-id=\"630ad93\" data-element_type=\"widget\" data-widget_type=\"text-editor.default\">\n\t\t\t\t<div class=\"elementor-widget-container\">\n\t\t\t\t\t\t\t<p>A Universidade Federal de Santa Maria\u00a0 est\u00e1 comprometida com a internacionaliza\u00e7\u00e3o do ensino superior, promovendo diversas oportunidades para estudantes e pesquisadores expandirem suas experi\u00eancias acad\u00eamicas em institui\u00e7\u00f5es renomadas ao redor do mundo. Nesta se\u00e7\u00e3o, apresentamos os principais indicadores que refletem o impacto e alcance da mobilidade acad\u00eamica da UFSM, com dados detalhados sobre programas, pa\u00edses de destino, \u00e1reas de conhecimento e modalidades de interc\u00e2mbio.<\/p><p>Os indicadores apresentados nesta p\u00e1gina s\u00e3o atualizados regularmente e servem como refer\u00eancia para avaliar o progresso da UFSM no cen\u00e1rio global. A transpar\u00eancia e acessibilidade desses dados refor\u00e7am o compromisso da institui\u00e7\u00e3o com a excel\u00eancia acad\u00eamica e a internacionaliza\u00e7\u00e3o do ensino superior.<\/p><p><a href=\"https:\/\/app.powerbi.com\/view?r=eyJrIjoiZjYzZWU4ZWItMjRkYy00ZWNmLWJmY2QtMGE4NDZjZDE2NjRhIiwidCI6IjQ1M2QzN2FjLWVkZTgtNDIyMC1hYjc3LTUzZDJlZmNmZmU4MyJ9\" target=\"_blank\" rel=\"noopener\">Acesse os Indicadores da UFSM<\/a><\/p><p><a href=\"https:\/\/app.powerbi.com\/view?r=eyJrIjoiNGEwNDQ2MGQtNjgzYy00YTNiLWIxYjgtZDkwN2Q5YzAzYmM1IiwidCI6IjQ1M2QzN2FjLWVkZTgtNDIyMC1hYjc3LTUzZDJlZmNmZmU4MyJ9&amp;pageName=d63ab2406d6fff7fd25f\">A<span style=\"color: #204c90\">cesse os Indicadores da UFSM<\/span>\u00a0II<\/a><\/p><p><a href=\"https:\/\/app.powerbi.com\/view?r=eyJrIjoiNGEwNDQ2MGQtNjgzYy00YTNiLWIxYjgtZDkwN2Q5YzAzYmM1IiwidCI6IjQ1M2QzN2FjLWVkZTgtNDIyMC1hYjc3LTUzZDJlZmNmZmU4MyJ9\">M<\/a><a href=\"https:\/\/app.powerbi.com\/view?r=eyJrIjoiYjBlNzA2NGYtYzYwMS00OGZiLWE4MmMtZGNjMWZjYzUzZDc4IiwidCI6IjQ1M2QzN2FjLWVkZTgtNDIyMC1hYjc3LTUzZDJlZmNmZmU4MyJ9\">iss\u00f5es de Trabalho<\/a><\/p><p><a href=\"https:\/\/www.ufsm.br\/app\/uploads\/sites\/798\/2025\/04\/Print-10.xlsx\">Acesse a planilha no Excel<\/a><\/p>\t\t\t\t\t\t<\/div>\n\t\t\t\t<\/div>\n\t\t\t\t\t<\/div>\n\t\t<\/div>\n\t\t\t\t\t<\/div>\n\t\t<\/section>\n\t\t\t\t<\/div>\n\t\t","protected":false},"excerpt":{"rendered":"<p>A Universidade Federal de Santa Maria\u00a0 est\u00e1 comprometida com a internacionaliza\u00e7\u00e3o do ensino superior, promovendo diversas oportunidades para estudantes e pesquisadores expandirem suas experi\u00eancias acad\u00eamicas em institui\u00e7\u00f5es renomadas ao redor do mundo. Nesta se\u00e7\u00e3o, apresentamos os principais indicadores que refletem o impacto e alcance da mobilidade acad\u00eamica da UFSM, com dados detalhados sobre programas, pa\u00edses [&hellip;]<\/p>\n","protected":false},"author":8344,"featured_media":0,"parent":0,"menu_order":0,"comment_status":"closed","ping_status":"closed","template":"","meta":{"footnotes":""},"categories":[],"tags":[],"class_list":["post-874","page","type-page","status-publish","hentry"],"acf":[],"_links":{"self":[{"href":"https:\/\/www.ufsm.br\/projetos\/institucional\/capes-print\/wp-json\/wp\/v2\/pages\/874","targetHints":{"allow":["GET"]}}],"collection":[{"href":"https:\/\/www.ufsm.br\/projetos\/institucional\/capes-print\/wp-json\/wp\/v2\/pages"}],"about":[{"href":"https:\/\/www.ufsm.br\/projetos\/institucional\/capes-print\/wp-json\/wp\/v2\/types\/page"}],"author":[{"embeddable":true,"href":"https:\/\/www.ufsm.br\/projetos\/institucional\/capes-print\/wp-json\/wp\/v2\/users\/8344"}],"replies":[{"embeddable":true,"href":"https:\/\/www.ufsm.br\/projetos\/institucional\/capes-print\/wp-json\/wp\/v2\/comments?post=874"}],"version-history":[{"count":0,"href":"https:\/\/www.ufsm.br\/projetos\/institucional\/capes-print\/wp-json\/wp\/v2\/pages\/874\/revisions"}],"wp:attachment":[{"href":"https:\/\/www.ufsm.br\/projetos\/institucional\/capes-print\/wp-json\/wp\/v2\/media?parent=874"}],"wp:term":[{"taxonomy":"category","embeddable":true,"href":"https:\/\/www.ufsm.br\/projetos\/institucional\/capes-print\/wp-json\/wp\/v2\/categories?post=874"},{"taxonomy":"post_tag","embeddable":true,"href":"https:\/\/www.ufsm.br\/projetos\/institucional\/capes-print\/wp-json\/wp\/v2\/tags?post=874"}],"curies":[{"name":"wp","href":"https:\/\/api.w.org\/{rel}","templated":true}]}}