{"id":186,"date":"2022-10-25T15:31:35","date_gmt":"2022-10-25T18:31:35","guid":{"rendered":"https:\/\/www.ufsm.br\/projetos\/institucional\/observatorio-crise\/?page_id=186"},"modified":"2025-12-15T16:20:20","modified_gmt":"2025-12-15T19:20:20","slug":"livros","status":"publish","type":"page","link":"https:\/\/www.ufsm.br\/projetos\/institucional\/observatorio-crise\/livros","title":{"rendered":"Livros"},"content":{"rendered":"\n<p>AMARAL, M. F. (Org.) ; LOOSE, E. B. (Org.) ; GIRARDI, I. M. T. (Org.) . <strong>Manual para a cobertura jornal\u00edstica dos desastres clim\u00e1ticos<\/strong>. 1. ed. Santa Maria: FACOS, 2024. 57p.<\/p>\n<p>AMARAL, M. F. (Org.) ; LOOSE, E. B. (Org.) ; GIRARDI, I. M. T. (Org.) . <strong>Minimanual para a cobertura jornal\u00edstica das mudan\u00e7as clim\u00e1ticas<\/strong>. 1. ed. Santa Maria: FACOS, 2020. 52p.<\/p>\n<p>AMARAL, M. F.; LOZANO ASCENCIO, C. (Org.) . <strong>Periodismo y desastres<\/strong>: m\u00faltiples miradas. 1. ed. Barcelona: Editorial UAB, 2019. v. 1. 184p.<\/p>\n<p>ANDREUCCI, S. <strong>Riscos de comunica\u00e7\u00e3o<\/strong>: a Relev\u00e2ncia da Gest\u00e3o de Identidades nas Rela\u00e7\u00f5es P\u00fablicas. S\u00e3o Paulo: Aberje, 2023. 336p.<\/p>\n<p>ANTHONISSEN, P. (Org.) <em><strong>Crisis Communication<\/strong>: practical PR strategies for reputation management and company survival.<\/em> London and Philadelphia: Kogan Page, 2008.<\/p>\n<p>ARGENTI, P. <strong>A comunica\u00e7\u00e3o empresarial<\/strong> &#8211; a constru\u00e7\u00e3o da identidade, imagem e reputa\u00e7\u00e3o. Rio de Janeiro: Editora Campus, 2006.<\/p>\n<p>AUGUSTINE, N. <strong>Como lidar com as crises<\/strong>. Os segredos para prevenir e solucionar situa\u00e7\u00f5es cr\u00edticas. Rio de Janeiro: Elsevier, 2009.<\/p>\n<p>BARBEIRO, H. <strong>Crise e comunica\u00e7\u00e3o corporativa<\/strong>. S\u00e3o Paulo: Globo, 2010.<\/p>\n<p>BARTON, L. <em><b>Crisis in organizations: <\/b>managing and communicating in the heat of chaos.<\/em> EUA: South-western Publishing, 1993.<\/p>\n<p>BECK, U. <em><strong>La sociedad del riesgo<\/strong>: hacia una nueva modernidad.<\/em> Barcelona: Paidos, 2002.<\/p>\n<p>BELLO, A. F.; MIRANDA, S. <strong>50 dicas em gest\u00e3o de crises<\/strong>. Curitiba: Cosafe, 2023. Dispon\u00edvel\u00a0<a href=\"https:\/\/cosafe.com.br\/50dicas\/\" target=\"_blank\" rel=\"noopener\">aqui.<\/a><\/p>\n<p>BENOIT, W. L. <em><strong>Image repair discourse and crisis communication<\/strong>.<\/em> Public Relations Review, 23 (2), 1997.<\/p>\n<p>______. <em><strong>Accounts, excuses, and apologies:<\/strong> A theory of image restoration strategies.<\/em> Albany, Nova Iorque: State University of New York Press, 1995.<\/p>\n<p>BLANC, I.; NOVO, O. <span id=\"productTitle\" class=\"a-size-extra-large\"><strong>Gest\u00e3o da qualidade e de crises em neg\u00f3cios do turismo<\/strong>. S\u00e3o Paulo: Senac, 2018.<\/span><\/p>\n<p>BONIME-BLANC, A. <strong>Manual de riesgo reputacional<\/strong>: sobrevivir y prosperar en la era de la hipertransparencia. Corporate Excellence-Centre for reputation Leardership, 2016.<\/p>\n<p>BUENO, W. C. <b>Comunica\u00e7\u00e3o Empresarial: teoria e pesquisa.<\/b> S\u00e3o Paulo: Editora Manole, 2003.<\/p>\n<p>CHAMP JR., A.; BARBOSA, D. G. <strong>Di\u00e1rio de uma crise<\/strong>: li\u00e7\u00f5es do caso Parmalat. Rio de Janeiro: Qualitymark, 2004.<\/p>\n<p>COLEMAN, A. <strong><em>Crisis Communication Strategies:<\/em><\/strong><em> How to Prepare in Advance, Respond Effectively and Recover in Full<\/em>. London: Kogan Page, 2020.<\/p>\n<p>CRANDALL, W. <strong><em>Crisis Management:<\/em><\/strong><em> Leading in the New Strategy Landscape<\/em>. California: SAGE Publications, 2013.<\/p>\n<p>COSTA, C. V. <em><strong>Comunicaci\u00f3n de crisis, redes sociales y reputaci\u00f3n corporativa<\/strong>:<\/em> Un estudio sobre el uso de las redes sociales como un discurso contrario a una campa\u00f1a publicitaria. Madrid: ESIC Editorial, 2019.<\/p>\n<p>COOMBS, W. T. <em><strong>Ongoing Crisis Communication<\/strong><\/em>: planning, managing and responding. California: Sage, 2007.<\/p>\n<p>COOMBS, W. T.; HOLLADAY, S. J. <strong><em>The Handbook of Crisis Communication<\/em><\/strong>. 2 ED. Nova Jersey: Wiley-Blackwell, 2022.<\/p>\n<p>COOMBS, W. T., &amp; HOLLADAY, S. J. <em><strong>Communication and attributions in a crisis<\/strong>: An experimental study in crisis communication.<\/em> Journal of public relations research, 8(4), 279-295. 1996.<\/p>\n<p>COOMBS, W. T. <em><strong>An analytic framework for crisis situations<\/strong>: Better responses from a better understanding of the situation<\/em>. Journal of public relations research, 10(3), 177-191. 1998.<\/p>\n<p>COOMBS, W. T. <em><strong>Protecting organization reputations during a crisis:<\/strong> The development and application of situational crisis communication theory.<\/em> Corporate reputation review, 10(3), 163-176. 2007.<\/p>\n<p>COOMBS, W. T. <em><strong>Reflections on a meta-analysis<\/strong>: Crystallizing thinking about SCCT.<\/em> Journal of Public Relations Research, 28(2), 120-122. 2016<\/p>\n<p>DEMAJOROVIC, J. <strong>Sociedade de risco e responsabilidade socioambiental<\/strong>: perspectivas para a educa\u00e7\u00e3o corporativa. S\u00e3o Paulo: Ed. Senac, 2003.<\/p>\n<p>DEZENHALL, E.; WEBER, J. <strong><em>Damage control<\/em><\/strong><em>: the essential lessons of crisis management. <\/em>Westport: Prospecta Press, 2011.<\/p>\n<p>DIERS-LAWSON, A. <strong><em>Crisis Communication<\/em><\/strong><em>: Managing Stakeholder Relationships. <\/em>New York: Routledge, 2019.<\/p>\n<p>DRENNAN, L.; MCCONNELL, A. <strong><em>Risks and crisis management in the public sector<\/em><\/strong><em>.<\/em> New York: Routledge, 2007.<\/p>\n<p>DUARTE, J. <strong>Estrat\u00e9gia em Comunica\u00e7\u00e3o<\/strong>. 2 ed. Bras\u00edlia, DF: Conselho Nacional de Justi\u00e7a, 2020.<\/p>\n<p>D\u00cdAZ, J. C. L<strong>. <em>(No)Crisis.<\/em><\/strong><em> Comunicaci\u00f3n de crisis en un mundo conectado.<\/em> Catalunya: Editorial UOC, 2018.<\/p>\n<p>EMERIM, C. et. al. (Orgs). <strong>Comunica\u00e7\u00e3o e historicidade das crises na hist\u00f3ria da m\u00eddia no sul do Brasil<\/strong>. Florian\u00f3polis: Insular, 2021.\u00a0<\/p>\n<p>FINK, S. <strong><em>Crisis management:<\/em><\/strong><em> planning for the inevitable<\/em>. Lincoln, NE: iUniverse, Inc. 1986 (2002).<\/p>\n<p>______. <strong><em>Crisis Communications<\/em><\/strong><em><strong>:<\/strong> The Definitive Guide to Managing the Message<\/em>. New York: McGrawl-Hill, 2013.<\/p>\n<p>FORNI, J. J. <strong>Gest\u00e3o de Crises e Comunica\u00e7\u00e3o &#8211; <\/strong>O que gestores e profissionais de comunica\u00e7\u00e3o precisam saber para enfrentar crises corporativas. 3 ed. S\u00e3o Paulo: Atlas, 2019.<\/p>\n<p>FRANDSEN, F; JOHANSEN, W. <strong><em>Organizational Crisis Communication<\/em><\/strong><em>: A Multivocal Approach<\/em>. California: Sage, 2016.<\/p>\n<p>______. <strong><em>Crisis Communication<\/em><\/strong>. Aarhus: De Gruyter Mouton, 2020.<\/p>\n<p>GEORGE, B. <strong><em>7 lessons for leading in crisis<\/em><\/strong><em>.<\/em> San Francisco: Warren Bennis, 2009.<\/p>\n<p>GIOVENARDI, R. <strong>Gerenciamento de crises corporativas<\/strong>: construindo planos de conting\u00eancia, recupera\u00e7\u00e3o de desastre, emerg\u00eancia e crise para gerenciar situa\u00e7\u00f5es adversas em sua empresa. Rio de Janeiro: Autografia, 2021.<\/p>\n<p>GRUNIG, J. E.; FERRARI, M. A.; FRAN\u00c7A, F. <strong>Rela\u00e7\u00f5es P\u00fablicas: <\/strong>teoria, contexto e relacionamentos. 1. ed. S\u00e3o Caetano do Sul, SP: Difus\u00e3o Editora, 2009.<\/p>\n<p>HAUSEN, I. R. <strong>Gest\u00e3o de crise:<\/strong> o caso Air France voo 447. Bras\u00edlia, Sala de Converg\u00eancia, 2011.<\/p>\n<p>HEATH, R. L. <em><strong>Handbook of public relations.<\/strong> <\/em>Thousand Oaks: Sage Publications, 2000.<\/p>\n<p>HENRY, R. A. <strong><em>Communicating in a crisis:<\/em><\/strong><em> a guide for management.<\/em> Seattle: Gollywobbler Productions, 2008.<\/p>\n<p>HOHLFELDT, A. C.; SCROFERNECKER, C. M. A.; PAGNUSSATT, D.; DA SILVA, D. W. (Orgs.). <strong>Impactos e aprendizados da pandemia de Covid-19 na perspectiva dos relacionamentos organizacionais.<\/strong> 1ed. Porto Alegre: Edipucrs, 2022.<\/p>\n<p>INDRIUNAS, L. <strong>Preven\u00e7\u00e3o e gest\u00e3o de crises<\/strong>: <span style=\"color: #000000\">preparando<\/span> empresas para os desafios da comunica\u00e7\u00e3o. S\u00e3o Paulo: Senac, 2020.<\/p>\n<p>JAY, R. <b>Crise<\/b>. S\u00e3o Paulo: Editora Manole, 2003.<\/p>\n<p>JIN, Y.; AUSTIN, L. <strong><em>Social Media and Crisis Communication<\/em><\/strong>. 2. Ed. New York: Routledge, 2022.<\/p>\n<p>JOHANSSON, B. et. al. (Orgs.). <strong>Communicating a Pandemic<\/strong>: Crisis Management and Covid-19 in the Nordic Countries. Nordicom: University of Gothenburg. 2023.<\/p>\n<p>KOERBER, D. <strong><em>Crisis Communication in Canada<\/em><\/strong>. University of Toronto Press: Toronto, 2017.<\/p>\n<p>LAGADEC, P.<em><strong> Preventing Chaos in a Crisis<\/strong>.<\/em> London: McGraw Hill, 1993.<\/p>\n<p>LEISS, W. <em><strong>Prospects and Problems in Risk Communication<\/strong>.<\/em> Institute for risk research, 1992.<\/p>\n<p>LIKER J. K; OGDEN, T.N. <strong>A<\/strong> <strong>Crise da Toyota<\/strong>: Como a Toyota Enfrentou o Desafio dos Recalls e da Recess\u00e3o para Ressurgir Mais Forte. 1\u00aa ed. Porto Alegre: Bookman, 2012.<\/p>\n<p>LOOSE, E. B. <strong>Jornalismos e Crise Clim\u00e1tica<\/strong>. Um estudo desde o Sul Global sobre os v\u00ednculos do Jornalismo. Florian\u00f3polis: Insular, 2024.<\/p>\n<p><strong>________. Jornalismo e Riscos Clim\u00e1ticos<\/strong> &#8211; Percep\u00e7\u00f5es e entendimentos de jornalistas, fontes e leitores. 1. ed. Curitiba: Editora da UFPR, 2020. v. 1. 270p.<\/p>\n<p>L\u00d3PEZ, J. T. (Coord.); SANJU\u00c1N PEREZ, A. <em><strong>Comunicaci\u00f3n preventiva<\/strong>: planificaci\u00f3n y ejecuci\u00f3n de estrategias de informaci\u00f3n interna y externa ante situaciones de crisis.<\/em> La Coruna (ESP): Netbiblo, 2007.<\/p>\n<p>LUECKE, R. <strong>Gerenciando a crise.<\/strong> Rio de Janeiro: Record, 2007.<\/p>\n<p>MACHADO, J.; TERRA, C.F.; P\u00c9RSIGO, P.M.; ATHAYDES, A.S.; SCHEID, D.; ROSSATO, J.F.\u00a0 <strong>Gloss\u00e1rio de Crise<\/strong>: uma perspectiva comunicacional. Santa Maria: FACOS \u2013 UFSM, 2025.<\/p>\n<p>MACHADO, J. <strong>Risco e Crise no Contexto da Comunica\u00e7\u00e3o Organizacional<\/strong>: artigos e entrevistas de especialistas. Santa Maria: FACOS \u2013 UFSM, 2024.<\/p>\n<p>MACHADO, J. <strong>Gest\u00e3o estrat\u00e9gica da comunica\u00e7\u00e3o de crise<\/strong>. Santa Maria: FACOS \u2013 UFSM, 2020.<\/p>\n<p>MAFEI, M. <strong>Assessoria de imprensa:<\/strong> como se relacionar com a m\u00eddia. 3ed. S\u00e3o Paulo: Contexto, 2007.<\/p>\n<p>MARCONI, J. <b>Marketing em \u00e9poca de crise: <\/b>quando as coisas ruins acontecem a boas empresas. S\u00e3o Paulo: Makron Books, 1993.<\/p>\n<p>MARINS, P.; MOURA, M. <strong>Muito al\u00e9m do media training<\/strong>: o porta voz na era da hiperconex\u00e3o. S\u00e3o Paulo: Editora Aberje, 2023.\u00a0<\/p>\n<p>MITROFF, I. <em><strong>Managing Crisis before they happen<\/strong>.<\/em> New York: Amacom, 2000.<\/p>\n<p>______. <strong><em>We are so big that nothing can happen to us<\/em><\/strong><em>.<\/em> New York: Birch Lane Pr, 1990.<\/p>\n<p>______; PEARSON, C<strong>. <em>Crisis management<\/em><\/strong><em> \u2013 a diagnostic guide for improving your organization\u2019s crisis preparedness.<\/em> S\u00e3o Francisco: Jossey Bass, 1993.<\/p>\n<p>MORIN, E.; VIVERET, P. <strong>Como viver em tempo de crise?<\/strong>. Editora Bertrand Brasil, 2013.<\/p>\n<p>NDLELA, M. N. <strong><em>Crisis Communication<\/em><\/strong><em>: A Stakeholder Approach<\/em>. Norway: Palgrave Pivot, 2019.<\/p>\n<p>NEVES, R. de C. <strong>Comunica\u00e7\u00e3o empresarial integrada:<\/strong> como gerenciar imagem, quest\u00f5es p\u00fablicas, comunica\u00e7\u00e3o simb\u00f3lica, crises empresariais. 3. ed. Rio de Janeiro: Mauad, 2009.<\/p>\n<p>______. <strong>Crises empresariais com a opini\u00e3o p\u00fablica:<\/strong> como evit\u00e1-las e administr\u00e1-las. Rio de Janeiro: Mauad, 2002.<\/p>\n<p>______.\u00a0<strong>Imagem empresarial<\/strong><em>.<\/em>\u00a0Rio de Janeiro, Mauad, 1998.<\/p>\n<p>NEPOMUCENO, Carlos. <strong>Gest\u00e3o 3.0<\/strong>: A crise das organiza\u00e7\u00f5es. Rio de Janeiro: Elsevier Editora, 2013.<\/p>\n<p>OLIVEIRA, M.; MACHADO, H.; SARMENTO, J.; RIBEIRO, M. C. <strong>Sociedade e crise(s)<\/strong>. Braga: UMinho Editora, 2020.<\/p>\n<p>PEREZ, R. A. <em><strong>Pensar la estrategia<\/strong>: otra perspectiva.<\/em> 1. Ed. Buenos Aires: La Curija, 2012.<\/p>\n<p>______. <em><strong>Estrategias de comunicaci\u00f3n.<\/strong><\/em> Barcelona: Ariel, 2001.<\/p>\n<p>PRADO, E. (org.). <strong>Gest\u00e3o de reputa\u00e7\u00e3o<\/strong>: riscos, crise e imagem corporativa. S\u00e3o Paulo, SP: ABERJE, 2017.<\/p>\n<p>______. <strong>Imagem e Reputa\u00e7\u00e3o na era da Transpar\u00eancia<\/strong>. S\u00e3o Paulo, SP: ABERJE, 2014.\u00a0<\/p>\n<p>PRADO, E.; LINS, T. M. <strong>Reputa\u00e7\u00e3o e Valor Compartilhado<\/strong> &#8211; Conversas com CEOs das empresas l\u00edderes em ESG no Brasil. S\u00e3o Paulo, SP: ABERJE, 2022.<\/p>\n<p>REGESTER, M.; LARKIN, J<em>. <strong>Risk issues and crisis management in public relations:<\/strong> a case book of best practice.<\/em> 4.ed. London: Kogan Page, 2008.<\/p>\n<p>RINALDI, A. <strong>A import\u00e2ncia da comunica\u00e7\u00e3o de riscos para as organiza\u00e7\u00f5es<\/strong>. 1. ed. S\u00e3o Paulo: Sicurezza, 2010.<\/p>\n<p>ROSA, M.\u00a0 <strong>Entre a gl\u00f3ria e a vergonha<\/strong>: mem\u00f3rias de um consultor de crises. S\u00e3o Paulo: Gera\u00e7\u00e3o Editorial, 2017.<\/p>\n<p>______. <strong>A reputa\u00e7\u00e3o na velocidade do pensamento<\/strong>: imagem e \u00e9tica do pensamento. S\u00e3o Paulo: Gera\u00e7\u00e3o Editorial, 2006.<\/p>\n<p>______.<strong> A era do esc\u00e2ndalo. <\/strong>Li\u00e7\u00f5es, relatos e bastidores de quem viveu as grandes crises de imagem. S\u00e3o Paulo: Gera\u00e7\u00e3o Editorial, 2003.<\/p>\n<p>______. <strong>A s\u00edndrome de Aquiles:<\/strong> como lidar com as crises de imagem. S\u00e3o Paulo: Editora Gente, 2001.<\/p>\n<p>ROSADO, A. C.; LACERDA, L. <strong>Ensaios sobre gest\u00e3o de crise em comunica\u00e7\u00e3o na Covid-19<\/strong>. Rio de Janeiro: Facha Ed., c2020.<\/p>\n<p>RUBENS, D. <em><strong>Strategic Risk and Crisis Management<\/strong>: a handbook for modelling and managing complex risks. <\/em>Londres: Kogan Page, 2023.<\/p>\n<p>SANTOS, R. A. S. <strong>Em busca de uma Teoria sobre Lideran\u00e7a e Gest\u00e3o de Crises<\/strong>: Li\u00e7\u00f5es Aprendidas no Setor El\u00e9trico Brasileiro. S\u00e3o Paulo: Dial\u00e9tica, 2022.<\/p>\n<p>SAURA, P. <em><strong>La gesti\u00f3n y la comunicaci\u00f3n de crisis en el setor de alimentaci\u00f3n y bebidas<\/strong>: El an\u00e1lisis del caso espa\u00f1ol.<\/em> La referencia a Europa y a EE.UU. Madrid: Universidad Pontificia Comillas, 2005.<\/p>\n<p>SEGAL, E. <em><strong>Crisis Ahead<\/strong>: 101 Ways to Prepare for and Bounce Back from Disasters, Scandals and Other Emergencies. <\/em>Boston: Nicholas Brealey Publishing<em>, <\/em>2020.<\/p>\n<p>SILVEIRA, A. C. M. (Org.).\u00a0<strong>Midiatiza\u00e7\u00e3o da Trag\u00e9dia de Santa Maria<\/strong>: A cat\u00e1strofe biopol\u00edtica. Volume 1.\u00a0 Santa Maria\/RS: FACOS-UFSM, 2018. 410p.<\/p>\n<p>SILVEIRA, A. C. M.; SCHWARTZ, C. (Org.). <strong>Midiatiza\u00e7\u00e3o da trag\u00e9dia de Santa Maria<\/strong>: a constru\u00e7\u00e3o de relatos em meio ao caos. Santa Maria\/RS: FACOS-UFSM, 2018. 96 p.<\/p>\n<p>SIM\u00d5ES, R. P. <strong>Informa\u00e7\u00e3o, Intelig\u00eancia e Utopia.<\/strong> Contribui\u00e7\u00f5es \u00e0 Teoria de Rela\u00e7\u00f5es P\u00fablicas. S\u00e3o Paulo: Summus, 2006.<\/p>\n<p>______. <strong>Rela\u00e7\u00f5es P\u00fablicas<\/strong>: fun\u00e7\u00e3o pol\u00edtica. 2\u00b0ed. Novo Hamburgo: Sagra, 1987.<\/p>\n<p>SINA, A.<b> Crise &amp; Oportunidade: <\/b>em chin\u00eas e nos neg\u00f3cios essas duas palavras s\u00e3o uma s\u00f3. 2a ed. S\u00e3o Paulo: Saraiva, 2005.<\/p>\n<p>SULAIMAN, S.N.; JACOBI, P.R.. (Org.). <strong>Melhor prevenir: olhares e saberes para a redu\u00e7\u00e3o de risco de desastre<\/strong>. 1ed.S\u00e3o Paulo: IEE-USP, 2018, v. 1, p. 71-75.<\/p>\n<p>SUSSKIND, L.; FIELD, P. <b>Em crise com a opini\u00e3o p\u00fablica<\/b><i>.<\/i> S\u00e3o Paulo: Futura, 1997.<\/p>\n<p>TALEB, N. N. <strong>A l\u00f3gica do cisne negro<\/strong>: o impacto do altamente improv\u00e1vel. Rio de Janeiro: Bestseller, 2008.<\/p>\n<p>TENCH, R.; MENG, J.; MORENO, A. (Eds.) <strong><em>Strategic communication in a global crisis:<\/em><\/strong><em> national and international responses to the Covid-19 pandemic<\/em>. New York: Routledge, 2023.<\/p>\n<p>TEIXEIRA, P. <strong>Caiu na rede. E agora?<\/strong> Gest\u00e3o de crises nas redes sociais. 2. ed. S\u00e3o Paulo: \u00c9vora, 2019.<\/p>\n<p>THOMPSON, J. B. <strong>O esc\u00e2ndalo pol\u00edtico<\/strong>: poder e visibilidade na era da m\u00eddia. Petr\u00f3polis: Vozes, 2002.<\/p>\n<p>TIRONI, E.; CAVALLO, A. <em><strong>Comunicaci\u00f3n Estrat\u00e9gica<\/strong>: vivir en un mundo de se\u00f1ales.<\/em> Chile: Aguilar Chilena de Ediciones, 2004.<\/p>\n<p>TORQUATO, G. <strong>Cultura, poder, comunica\u00e7\u00e3o crise e imagem<\/strong>: fundamentos das organiza\u00e7\u00f5es do S\u00e9culo XXI. 2. ed. S\u00e3o Paulo: Cengage Learning, 2012.<\/p>\n<p>TRANCU, P. <strong>Lo Stato in crisi<\/strong>. Pandemia, caos e domande per il futuro. Mil\u00e3o: Franco Angeli, 2021<\/p>\n<p>ULMER, R. R.; SELLNOW, T. L.; SEEGER, M<strong>. <em>Effective Crisis Communication<\/em><\/strong><em>: moving from crisis to opportunity.<\/em> California: Sage, 2007.<\/p>\n<p>VALENTE, C.; NORI, W. <b>Portas abertas<\/b>. S\u00e3o Paulo: Editora Best Seller, 1990.<\/p>\n<p>VEYRET, I. (org.). <strong>Os riscos<\/strong>: o homem como agressor e v\u00edtima do meio ambiente. 2.ed. S\u00e3o Paulo: Contexto, 2015.<\/p>\n<p>VICTOR, C.; DE SOUZA, C. M. <strong>A pandemia na sociedade de risco<\/strong>. Perspectivas da comunica\u00e7\u00e3o. Campina Grande: eduepb, 2021.<\/p>\n<p>VILLELA, R. <b>Quem tem medo da imprensa?<\/b> Rio de Janeiro: Editora Campus, 1998.<\/p>\n<p>WANG, H. <strong><em>A Critical Public Relations Approach to Crisis Communication and Management<\/em><\/strong><em>: A Case Study of Malaysia Airlines Flight Mh370 Disappearance<\/em>. Hong Kong: Springer, 2022.<\/p>\n<p>WUCKER, M. <strong>O rinoceronte cinza<\/strong>: como reconhecer e agir diante dos perigos \u00f3bvios que ignoramos. Porto Alegre, Citadel, 2021.<\/p>\n<p>\u00a0<\/p>\n<p>________<\/p>\n<p>*Esta lista est\u00e1 em permanente atualiza\u00e7\u00e3o.<\/p>\n<p>**Envie suas indica\u00e7\u00f5es de refer\u00eancias para o email: <a class=\"notranslate\" href=\"mailto:observat%C3%B3rio.crise@ufsm.br\">observatorio.crise@ufsm.br<\/a>\u00a0<\/p>\n","protected":false},"excerpt":{"rendered":"<p>AMARAL, M. F. (Org.) ; LOOSE, E. B. (Org.) ; GIRARDI, I. M. T. (Org.) . Manual para a cobertura jornal\u00edstica dos desastres clim\u00e1ticos. 1. ed. Santa Maria: FACOS, 2024. 57p. AMARAL, M. F. (Org.) ; LOOSE, E. B. (Org.) ; GIRARDI, I. M. T. (Org.) . Minimanual para a cobertura jornal\u00edstica das mudan\u00e7as clim\u00e1ticas. [&hellip;]<\/p>\n","protected":false},"author":315,"featured_media":0,"parent":0,"menu_order":0,"comment_status":"closed","ping_status":"closed","template":"","meta":{"footnotes":""},"categories":[],"tags":[],"class_list":["post-186","page","type-page","status-publish","hentry"],"acf":[],"_links":{"self":[{"href":"https:\/\/www.ufsm.br\/projetos\/institucional\/observatorio-crise\/wp-json\/wp\/v2\/pages\/186","targetHints":{"allow":["GET"]}}],"collection":[{"href":"https:\/\/www.ufsm.br\/projetos\/institucional\/observatorio-crise\/wp-json\/wp\/v2\/pages"}],"about":[{"href":"https:\/\/www.ufsm.br\/projetos\/institucional\/observatorio-crise\/wp-json\/wp\/v2\/types\/page"}],"author":[{"embeddable":true,"href":"https:\/\/www.ufsm.br\/projetos\/institucional\/observatorio-crise\/wp-json\/wp\/v2\/users\/315"}],"replies":[{"embeddable":true,"href":"https:\/\/www.ufsm.br\/projetos\/institucional\/observatorio-crise\/wp-json\/wp\/v2\/comments?post=186"}],"version-history":[{"count":0,"href":"https:\/\/www.ufsm.br\/projetos\/institucional\/observatorio-crise\/wp-json\/wp\/v2\/pages\/186\/revisions"}],"wp:attachment":[{"href":"https:\/\/www.ufsm.br\/projetos\/institucional\/observatorio-crise\/wp-json\/wp\/v2\/media?parent=186"}],"wp:term":[{"taxonomy":"category","embeddable":true,"href":"https:\/\/www.ufsm.br\/projetos\/institucional\/observatorio-crise\/wp-json\/wp\/v2\/categories?post=186"},{"taxonomy":"post_tag","embeddable":true,"href":"https:\/\/www.ufsm.br\/projetos\/institucional\/observatorio-crise\/wp-json\/wp\/v2\/tags?post=186"}],"curies":[{"name":"wp","href":"https:\/\/api.w.org\/{rel}","templated":true}]}}