{"id":194,"date":"2022-10-26T09:28:40","date_gmt":"2022-10-26T12:28:40","guid":{"rendered":"https:\/\/www.ufsm.br\/projetos\/institucional\/observatorio-crise\/?page_id=194"},"modified":"2025-05-06T21:50:30","modified_gmt":"2025-05-07T00:50:30","slug":"artigos-de-opiniao","status":"publish","type":"page","link":"https:\/\/www.ufsm.br\/projetos\/institucional\/observatorio-crise\/artigos-de-opiniao","title":{"rendered":"Grupos de pesquisa"},"content":{"rendered":"\n<p>\u00a0<\/p>\n<p><strong>Crise.Com &#8211; Comunica\u00e7\u00e3o organizacional, crise e estrat\u00e9gia<\/strong><\/p>\n<p>Institui\u00e7\u00e3o: Universidade Federal de Santa Maria (UFSM)<\/p>\n<p>L\u00edder do grupo: Prof. Dr. Jones Machado<\/p>\n<p>\u00a0<\/p>\n<p><strong>Cuidar_Com &#8211; Crise, comunica\u00e7\u00e3o e cultura do cuidado<\/strong><\/p>\n<p>Institui\u00e7\u00e3o: Pontif\u00edcia Universidade Cat\u00f3lica do Rio Grande do Sul (PUCRS)<\/p>\n<p>L\u00edder do grupo: Prof\u00aa. Dr\u00aa. Ros\u00e2ngela Florczak de Oliveira<\/p>\n<p>\u00a0<\/p>\n<p><strong>RCCom &#8211; Risco, crise e comunica\u00e7\u00e3o\u00a0<\/strong><\/p>\n<p>Institui\u00e7\u00e3o: Universidade Federal do Rio Grande do Sul (UFRGS)<\/p>\n<p>L\u00edder do grupo: Prof\u00aa. Dr\u00aa. Ana Karin Nunes<\/p>\n<p>\u00a0<\/p>\n<p><b>Fonte: <\/b>Diret\u00f3rio de Grupos de Pesquisa no Brasil (CNPq)<\/p>\n\n\n","protected":false},"excerpt":{"rendered":"<p>\u00a0 Crise.Com &#8211; Comunica\u00e7\u00e3o organizacional, crise e estrat\u00e9gia Institui\u00e7\u00e3o: Universidade Federal de Santa Maria (UFSM) L\u00edder do grupo: Prof. Dr. Jones Machado \u00a0 Cuidar_Com &#8211; Crise, comunica\u00e7\u00e3o e cultura do cuidado Institui\u00e7\u00e3o: Pontif\u00edcia Universidade Cat\u00f3lica do Rio Grande do Sul (PUCRS) L\u00edder do grupo: Prof\u00aa. Dr\u00aa. Ros\u00e2ngela Florczak de Oliveira \u00a0 RCCom &#8211; Risco, crise [&hellip;]<\/p>\n","protected":false},"author":315,"featured_media":0,"parent":0,"menu_order":0,"comment_status":"closed","ping_status":"closed","template":"","meta":{"footnotes":""},"categories":[],"tags":[],"class_list":["post-194","page","type-page","status-publish","hentry"],"acf":[],"_links":{"self":[{"href":"https:\/\/www.ufsm.br\/projetos\/institucional\/observatorio-crise\/wp-json\/wp\/v2\/pages\/194","targetHints":{"allow":["GET"]}}],"collection":[{"href":"https:\/\/www.ufsm.br\/projetos\/institucional\/observatorio-crise\/wp-json\/wp\/v2\/pages"}],"about":[{"href":"https:\/\/www.ufsm.br\/projetos\/institucional\/observatorio-crise\/wp-json\/wp\/v2\/types\/page"}],"author":[{"embeddable":true,"href":"https:\/\/www.ufsm.br\/projetos\/institucional\/observatorio-crise\/wp-json\/wp\/v2\/users\/315"}],"replies":[{"embeddable":true,"href":"https:\/\/www.ufsm.br\/projetos\/institucional\/observatorio-crise\/wp-json\/wp\/v2\/comments?post=194"}],"version-history":[{"count":0,"href":"https:\/\/www.ufsm.br\/projetos\/institucional\/observatorio-crise\/wp-json\/wp\/v2\/pages\/194\/revisions"}],"wp:attachment":[{"href":"https:\/\/www.ufsm.br\/projetos\/institucional\/observatorio-crise\/wp-json\/wp\/v2\/media?parent=194"}],"wp:term":[{"taxonomy":"category","embeddable":true,"href":"https:\/\/www.ufsm.br\/projetos\/institucional\/observatorio-crise\/wp-json\/wp\/v2\/categories?post=194"},{"taxonomy":"post_tag","embeddable":true,"href":"https:\/\/www.ufsm.br\/projetos\/institucional\/observatorio-crise\/wp-json\/wp\/v2\/tags?post=194"}],"curies":[{"name":"wp","href":"https:\/\/api.w.org\/{rel}","templated":true}]}}