{"id":32,"date":"2019-05-24T15:38:39","date_gmt":"2019-05-24T18:38:39","guid":{"rendered":"https:\/\/www.ufsm.br\/template-laboratprio\/?page_id=32"},"modified":"2021-07-25T15:30:42","modified_gmt":"2021-07-25T18:30:42","slug":"prototipos","status":"publish","type":"page","link":"https:\/\/www.ufsm.br\/projetos\/pesquisa\/bombaja\/prototipos","title":{"rendered":"COMPETI\u00c7\u00d5ES BAJA SAE"},"content":{"rendered":"\t\t<div data-elementor-type=\"wp-page\" data-elementor-id=\"32\" class=\"elementor elementor-32\">\n\t\t\t\t\t\t<section class=\"elementor-section elementor-top-section elementor-element elementor-element-730a2b94 elementor-section-boxed elementor-section-height-default elementor-section-height-default\" data-id=\"730a2b94\" data-element_type=\"section\">\n\t\t\t\t\t\t<div class=\"elementor-container elementor-column-gap-default\">\n\t\t\t\t\t<div class=\"elementor-column elementor-col-100 elementor-top-column elementor-element elementor-element-3cf03bd7\" data-id=\"3cf03bd7\" data-element_type=\"column\">\n\t\t\t<div class=\"elementor-widget-wrap elementor-element-populated\">\n\t\t\t\t\t\t<div class=\"elementor-element elementor-element-8f55478 elementor-arrows-position-inside elementor-pagination-position-outside elementor-widget elementor-widget-image-carousel\" data-id=\"8f55478\" data-element_type=\"widget\" data-settings=\"{&quot;slides_to_show&quot;:&quot;2&quot;,&quot;navigation&quot;:&quot;both&quot;,&quot;autoplay&quot;:&quot;yes&quot;,&quot;pause_on_hover&quot;:&quot;yes&quot;,&quot;pause_on_interaction&quot;:&quot;yes&quot;,&quot;autoplay_speed&quot;:5000,&quot;infinite&quot;:&quot;yes&quot;,&quot;speed&quot;:500}\" data-widget_type=\"image-carousel.default\">\n\t\t\t\t<div class=\"elementor-widget-container\">\n\t\t\t\t\t<div class=\"elementor-image-carousel-wrapper swiper\" dir=\"ltr\">\n\t\t\t<div class=\"elementor-image-carousel swiper-wrapper\" aria-live=\"off\">\n\t\t\t\t\t\t\t\t<div class=\"swiper-slide\" role=\"group\" aria-roledescription=\"slide\" aria-label=\"1 of 5\"><figure class=\"swiper-slide-inner\"><img decoding=\"async\" class=\"swiper-slide-image\" src=\"https:\/\/www.ufsm.br\/app\/uploads\/sites\/766\/2019\/11\/75521925_2715207568543570_2453148752400089088_o-1-768x512.jpg\" alt=\"75521925_2715207568543570_2453148752400089088_o\" \/><\/figure><\/div><div class=\"swiper-slide\" role=\"group\" aria-roledescription=\"slide\" aria-label=\"2 of 5\"><figure class=\"swiper-slide-inner\"><img decoding=\"async\" class=\"swiper-slide-image\" src=\"https:\/\/www.ufsm.br\/app\/uploads\/sites\/766\/2019\/11\/75464108_2715207418543585_8387701907929432064_o-1-768x512.jpg\" alt=\"75464108_2715207418543585_8387701907929432064_o\" \/><\/figure><\/div><div class=\"swiper-slide\" role=\"group\" aria-roledescription=\"slide\" aria-label=\"3 of 5\"><figure class=\"swiper-slide-inner\"><img decoding=\"async\" class=\"swiper-slide-image\" src=\"https:\/\/www.ufsm.br\/app\/uploads\/sites\/766\/2019\/11\/IMG_4492-768x512.jpg\" alt=\"IMG_4492\" \/><\/figure><\/div><div class=\"swiper-slide\" role=\"group\" aria-roledescription=\"slide\" aria-label=\"4 of 5\"><figure class=\"swiper-slide-inner\"><img decoding=\"async\" class=\"swiper-slide-image\" src=\"https:\/\/www.ufsm.br\/app\/uploads\/sites\/766\/2019\/10\/image019.jpg\" alt=\"image019\" \/><\/figure><\/div><div class=\"swiper-slide\" role=\"group\" aria-roledescription=\"slide\" aria-label=\"5 of 5\"><figure class=\"swiper-slide-inner\"><img decoding=\"async\" class=\"swiper-slide-image\" src=\"https:\/\/www.ufsm.br\/app\/uploads\/sites\/766\/2019\/10\/image021.jpg\" alt=\"image021\" \/><\/figure><\/div>\t\t\t<\/div>\n\t\t\t\t\t\t\t\t\t\t\t\t<div class=\"elementor-swiper-button elementor-swiper-button-prev\" role=\"button\" tabindex=\"0\">\n\t\t\t\t\t\t<i aria-hidden=\"true\" class=\"eicon-chevron-left\"><\/i>\t\t\t\t\t<\/div>\n\t\t\t\t\t<div class=\"elementor-swiper-button elementor-swiper-button-next\" role=\"button\" tabindex=\"0\">\n\t\t\t\t\t\t<i aria-hidden=\"true\" class=\"eicon-chevron-right\"><\/i>\t\t\t\t\t<\/div>\n\t\t\t\t\n\t\t\t\t\t\t\t\t\t<div class=\"swiper-pagination\"><\/div>\n\t\t\t\t\t\t\t\t\t<\/div>\n\t\t\t\t<\/div>\n\t\t\t\t<\/div>\n\t\t\t\t<div class=\"elementor-element elementor-element-29b32b9a elementor-widget elementor-widget-text-editor\" data-id=\"29b32b9a\" data-element_type=\"widget\" data-widget_type=\"text-editor.default\">\n\t\t\t\t<div class=\"elementor-widget-container\">\n\t\t\t\t\t\t\t<p><!-- wp:tadv\/classic-paragraph \/--><!-- wp:core-embed\/youtube {\"url\":\"https:\\\/\\\/www.youtube.com\\\/watch?v=zJdrqQVBULo\\u0026amp;t=1s\",\"type\":\"video\",\"providerNameSlug\":\"youtube\",\"align\":\"center\",\"className\":\"wp-embed-aspect-16-9 wp-has-aspect-ratio\"} --><\/p>\n<figure class=\"wp-block-embed-youtube aligncenter wp-block-embed is-type-video is-provider-youtube wp-embed-aspect-16-9 wp-has-aspect-ratio\">\n<div class=\"wp-block-embed__wrapper\" style=\"text-align: justify\"><strong>Onde a Bombaja compete:<\/strong><\/div>\n<\/figure>\n<p style=\"text-align: justify\">Atualmente a equipe Bombaja participa da competi\u00e7\u00e3o Baja SAE Brasil a qual possui duas etapas:<\/p>\n<p style=\"text-align: justify\"><em>1 &#8211; A Regional: Baja SAE BRASIL \u2013Etapa Sul<\/em><\/p>\n<p style=\"text-align: justify\"><em>2- A Nacional: Baja SAE BRASIL<\/em><\/p>\n<p style=\"text-align: justify\">&nbsp; \u201cO programa Baja SAE BRASIL \u00e9 um desafio lan\u00e7ado aos estudantes de Engenharia que oferece a chance de aplicar na pr\u00e1tica os conhecimentos adquiridos em sala de aula, visando incrementar sua prepara\u00e7\u00e3o para o mercado de trabalho. Ao participar do programa Baja SAE, o aluno se envolve com um caso real de desenvolvimento de um ve\u00edculo off- road, desde sua concep\u00e7\u00e3o, projeto detalhado, constru\u00e7\u00e3o e testes.\u201d \u2013 Site Baja SAE BRASIL.<br><span style=\"color: black;font-size: 1rem\">&nbsp; &nbsp;As competi\u00e7\u00f5es s\u00e3o divididas em tr\u00eas dias, no primeiro dia acontece a prova de Seguran\u00e7a, no segundo dia s\u00e3o avaliados a manobrabilidade, a tra\u00e7\u00e3o, a velocidade e acelera\u00e7\u00e3o, suspension and tracking, al\u00e9m das provas de apresenta\u00e7\u00e3o dos projetos. J\u00e1 o terceiro dia fica encarregado pela prova de Enduro de Resist\u00eancia.&nbsp; <\/span><span style=\"color: black;font-size: 1rem\">As provas das competi\u00e7\u00f5es s\u00e3o avaliadas em 1000 pontos, sendo subdivididas entre Avalia\u00e7\u00f5es Est\u00e1ticas (Inspe\u00e7\u00e3o T\u00e9cnica de Seguran\u00e7a, a Verifica\u00e7\u00e3o de Motor e a Avalia\u00e7\u00e3o T\u00e9cnica de Projeto) e Avalia\u00e7\u00f5es Din\u00e2micas (Acelera\u00e7\u00e3o, Velocidade M\u00e1xima, Tra\u00e7\u00e3o, Suspension and Traction e o Enduro de resist\u00eancia).&nbsp;<\/span><span style=\"color: black;font-size: 1rem\">Portanto, as provas da Competi\u00e7\u00e3o BAJA SAE englobam a parte de Seguran\u00e7a e Normatiza\u00e7\u00e3o em rela\u00e7\u00e3o ao regulamento, por meio das provas de Inspe\u00e7\u00e3o T\u00e9cnica e de Seguran\u00e7a e a Verifica\u00e7\u00e3o do Motor, bem como pontuam o conhecimento dos alunos em rela\u00e7\u00e3o ao prot\u00f3tipo Baja desenvolvido, por meio da Avalia\u00e7\u00e3o T\u00e9cnica de Projeto: o relat\u00f3rio desenvolvido apresenta considera\u00e7\u00f5es de engenharia e processos utilizados no desenvolvimento de cada subsistema, seguindo o padr\u00e3o da SAE. Por fim, \u00e9 avaliado o desempenho do ve\u00edculo, que mede a habilidade do ve\u00edculo em transmitir pot\u00eancia \u00fatil na forma de acelera\u00e7\u00e3o e tra\u00e7\u00e3o, bem como a sua resist\u00eancia \u00e0 cen\u00e1rios adversos, como lama, troncos, areia e rampas. O Enduro de Resist\u00eancia \u00e9 a principal prova da competi\u00e7\u00e3o (400 pontos). Os ve\u00edculos devem completar voltas em uma pista de terreno irregular, off-road,&nbsp;<\/span><span>com obst\u00e1culos, em qualquer condi\u00e7\u00e3o clim\u00e1tica, por um per\u00edodo de 4 horas . A&nbsp;<\/span><span>pontua\u00e7\u00e3o se baseia no n\u00famero de voltas completadas no per\u00edodo&nbsp;<\/span><span>estabelecido.<\/span><\/p>\n<p style=\"text-align: justify\"><em>As etapas da competi\u00e7\u00e3o n\u00e3o s\u00e3o complementares e a equipe vencedora da etapa nacional ganha o direito de competir na Etapa Internacional que ocorre nos Estados Unidos.<\/em><\/p>\n<p><!-- \/wp:core-embed\/youtube --><!-- wp:tadv\/classic-paragraph \/--><\/p>\t\t\t\t\t\t<\/div>\n\t\t\t\t<\/div>\n\t\t\t\t<div class=\"elementor-element elementor-element-3499363 elementor-widget-divider--view-line elementor-widget elementor-widget-divider\" data-id=\"3499363\" data-element_type=\"widget\" data-widget_type=\"divider.default\">\n\t\t\t\t<div class=\"elementor-widget-container\">\n\t\t\t\t\t<div class=\"elementor-divider\">\n\t\t\t<span class=\"elementor-divider-separator\">\n\t\t\t\t\t\t<\/span>\n\t\t<\/div>\n\t\t\t\t<\/div>\n\t\t\t\t<\/div>\n\t\t\t\t\t<\/div>\n\t\t<\/div>\n\t\t\t\t\t<\/div>\n\t\t<\/section>\n\t\t\t\t<section class=\"elementor-section elementor-top-section elementor-element elementor-element-90edd83 elementor-section-boxed elementor-section-height-default elementor-section-height-default\" data-id=\"90edd83\" data-element_type=\"section\">\n\t\t\t\t\t\t<div class=\"elementor-container elementor-column-gap-default\">\n\t\t\t\t\t<div class=\"elementor-column elementor-col-50 elementor-top-column elementor-element elementor-element-4c901c4\" data-id=\"4c901c4\" data-element_type=\"column\">\n\t\t\t<div class=\"elementor-widget-wrap elementor-element-populated\">\n\t\t\t\t\t\t<div class=\"elementor-element elementor-element-5564aec elementor-view-default elementor-position-top elementor-mobile-position-top elementor-widget elementor-widget-icon-box\" data-id=\"5564aec\" data-element_type=\"widget\" data-widget_type=\"icon-box.default\">\n\t\t\t\t<div class=\"elementor-widget-container\">\n\t\t\t\t\t<div class=\"elementor-icon-box-wrapper\">\n\n\t\t\t\t\t\t<div class=\"elementor-icon-box-icon\">\n\t\t\t\t<a href=\"https:\/\/www.ufsm.br\/projetos\/pesquisa\/bombaja\/colocacoes-nas-competicoes-ate-entao-realizadas\/\" class=\"elementor-icon elementor-animation-\" tabindex=\"-1\">\n\t\t\t\t<i aria-hidden=\"true\" class=\"fas fa-trophy\"><\/i>\t\t\t\t<\/a>\n\t\t\t<\/div>\n\t\t\t\n\t\t\t\t\t\t<div class=\"elementor-icon-box-content\">\n\n\t\t\t\t\t\t\t\t\t<h3 class=\"elementor-icon-box-title\">\n\t\t\t\t\t\t<a href=\"https:\/\/www.ufsm.br\/projetos\/pesquisa\/bombaja\/colocacoes-nas-competicoes-ate-entao-realizadas\/\" >\n\t\t\t\t\t\t\tColoca\u00e7\u00f5es\t\t\t\t\t\t<\/a>\n\t\t\t\t\t<\/h3>\n\t\t\t\t\n\t\t\t\t\n\t\t\t<\/div>\n\t\t\t\n\t\t<\/div>\n\t\t\t\t<\/div>\n\t\t\t\t<\/div>\n\t\t\t\t\t<\/div>\n\t\t<\/div>\n\t\t\t\t<div class=\"elementor-column elementor-col-50 elementor-top-column elementor-element elementor-element-c7fb147\" data-id=\"c7fb147\" data-element_type=\"column\">\n\t\t\t<div class=\"elementor-widget-wrap elementor-element-populated\">\n\t\t\t\t\t\t<div class=\"elementor-element elementor-element-cc529b3 elementor-view-default elementor-position-top elementor-mobile-position-top elementor-widget elementor-widget-icon-box\" data-id=\"cc529b3\" data-element_type=\"widget\" data-widget_type=\"icon-box.default\">\n\t\t\t\t<div class=\"elementor-widget-container\">\n\t\t\t\t\t<div class=\"elementor-icon-box-wrapper\">\n\n\t\t\t\t\t\t<div class=\"elementor-icon-box-icon\">\n\t\t\t\t<a href=\"https:\/\/www.ufsm.br\/projetos\/pesquisa\/bombaja\/projeto-baja\/\" class=\"elementor-icon elementor-animation-\" tabindex=\"-1\">\n\t\t\t\t<i aria-hidden=\"true\" class=\"fas fa-cogs\"><\/i>\t\t\t\t<\/a>\n\t\t\t<\/div>\n\t\t\t\n\t\t\t\t\t\t<div class=\"elementor-icon-box-content\">\n\n\t\t\t\t\t\t\t\t\t<h3 class=\"elementor-icon-box-title\">\n\t\t\t\t\t\t<a href=\"https:\/\/www.ufsm.br\/projetos\/pesquisa\/bombaja\/projeto-baja\/\" >\n\t\t\t\t\t\t\tProt\u00f3tipos Baja\t\t\t\t\t\t<\/a>\n\t\t\t\t\t<\/h3>\n\t\t\t\t\n\t\t\t\t\n\t\t\t<\/div>\n\t\t\t\n\t\t<\/div>\n\t\t\t\t<\/div>\n\t\t\t\t<\/div>\n\t\t\t\t\t<\/div>\n\t\t<\/div>\n\t\t\t\t\t<\/div>\n\t\t<\/section>\n\t\t\t\t<\/div>\n\t\t","protected":false},"excerpt":{"rendered":"<p>Anterior Pr\u00f3ximo Coloca\u00e7\u00f5es Prot\u00f3tipos Baja<\/p>\n","protected":false},"author":25,"featured_media":0,"parent":0,"menu_order":0,"comment_status":"closed","ping_status":"closed","template":"","meta":{"footnotes":""},"categories":[],"tags":[],"class_list":["post-32","page","type-page","status-publish","hentry"],"acf":[],"_links":{"self":[{"href":"https:\/\/www.ufsm.br\/projetos\/pesquisa\/bombaja\/wp-json\/wp\/v2\/pages\/32","targetHints":{"allow":["GET"]}}],"collection":[{"href":"https:\/\/www.ufsm.br\/projetos\/pesquisa\/bombaja\/wp-json\/wp\/v2\/pages"}],"about":[{"href":"https:\/\/www.ufsm.br\/projetos\/pesquisa\/bombaja\/wp-json\/wp\/v2\/types\/page"}],"author":[{"embeddable":true,"href":"https:\/\/www.ufsm.br\/projetos\/pesquisa\/bombaja\/wp-json\/wp\/v2\/users\/25"}],"replies":[{"embeddable":true,"href":"https:\/\/www.ufsm.br\/projetos\/pesquisa\/bombaja\/wp-json\/wp\/v2\/comments?post=32"}],"version-history":[{"count":0,"href":"https:\/\/www.ufsm.br\/projetos\/pesquisa\/bombaja\/wp-json\/wp\/v2\/pages\/32\/revisions"}],"wp:attachment":[{"href":"https:\/\/www.ufsm.br\/projetos\/pesquisa\/bombaja\/wp-json\/wp\/v2\/media?parent=32"}],"wp:term":[{"taxonomy":"category","embeddable":true,"href":"https:\/\/www.ufsm.br\/projetos\/pesquisa\/bombaja\/wp-json\/wp\/v2\/categories?post=32"},{"taxonomy":"post_tag","embeddable":true,"href":"https:\/\/www.ufsm.br\/projetos\/pesquisa\/bombaja\/wp-json\/wp\/v2\/tags?post=32"}],"curies":[{"name":"wp","href":"https:\/\/api.w.org\/{rel}","templated":true}]}}