{"id":156,"date":"2019-05-20T13:27:39","date_gmt":"2019-05-20T16:27:39","guid":{"rendered":"https:\/\/www.ufsm.br\/projetos\/pesquisa\/bpl\/?page_id=156"},"modified":"2023-11-22T09:44:51","modified_gmt":"2023-11-22T12:44:51","slug":"plano-de-trabalho","status":"publish","type":"page","link":"https:\/\/www.ufsm.br\/projetos\/pesquisa\/bpl\/plano-de-trabalho","title":{"rendered":"Apresenta\u00e7\u00e3o"},"content":{"rendered":"\t\t<div data-elementor-type=\"wp-page\" data-elementor-id=\"156\" class=\"elementor elementor-156\">\n\t\t\t\t\t\t<section class=\"elementor-section elementor-top-section elementor-element elementor-element-a4defd9 elementor-section-boxed elementor-section-height-default elementor-section-height-default\" data-id=\"a4defd9\" data-element_type=\"section\">\n\t\t\t\t\t\t<div class=\"elementor-container elementor-column-gap-default\">\n\t\t\t\t\t<div class=\"elementor-column elementor-col-100 elementor-top-column elementor-element elementor-element-3c71594f\" data-id=\"3c71594f\" data-element_type=\"column\">\n\t\t\t<div class=\"elementor-widget-wrap elementor-element-populated\">\n\t\t\t\t\t\t<div class=\"elementor-element elementor-element-50567f1d elementor-widget elementor-widget-text-editor\" data-id=\"50567f1d\" data-element_type=\"widget\" data-widget_type=\"text-editor.default\">\n\t\t\t\t<div class=\"elementor-widget-container\">\n\t\t\t\t\t\t\t<p><!-- wp:tadv\/classic-paragraph --><\/p>\n<p><strong>O que \u00e9 o BPL?<\/strong><\/p>\n<p>O Banco de Pol\u00edticas P\u00fablicas sobre L\u00ednguas no Brasil (BPL) \u00e9 gerido na Universidade Federal de Santa Maria (UFSM-RS), sob a coordena\u00e7\u00e3o da Profa. Dra. Larissa Montagner Cervo (DLV\/PPGL\/Laborat\u00f3rio Corpus). Criado no ano de 2018, o BPL constitui um banco online de documentos jur\u00eddicos e outras textualidades normativas que tratam de pol\u00edticas p\u00fablicas sobre l\u00ednguas em territ\u00f3rio brasileiro, com o objetivo de contribuir para o est\u00edmulo e a produ\u00e7\u00e3o de pesquisa na \u00e1rea.<\/p>\n<p>\u00a0<\/p>\n<p><strong>Como o BPL surgiu?<\/strong><\/p>\n<p>A proposta de um arquivo online que reunisse pol\u00edticas p\u00fablicas sobre l\u00ednguas em territ\u00f3rio brasileiro foi concebida durante o desenvolvimento da disciplina complementar de gradua\u00e7\u00e3o intitulada Pol\u00edtica(s) de L\u00edngua, no Curso de Letras \u2013 Licenciatura \u2013 Portugu\u00eas e Literaturas de L\u00edngua Portuguesa, da UFSM, no ano de 2018. A maior motiva\u00e7\u00e3o, \u00e0 \u00e9poca, foi o desconhecimento por parte dos alunos de muitas legisla\u00e7\u00f5es e tem\u00e1ticas mencionadas ao longo da disciplina e o acesso a alguns documentos, especialmente aqueles mais antigos, cujas fontes n\u00e3o est\u00e3o dispon\u00edveis na internet ou s\u00e3o de dif\u00edcil localiza\u00e7\u00e3o. A ideia foi lan\u00e7ada pela acad\u00eamica Caroline Dambrozio Guerra, que j\u00e1 era orientanda de inicia\u00e7\u00e3o cient\u00edfica da Profa. Larissa, e juntas elas se lan\u00e7aram \u00e0s primeiras pesquisas e \u00e0 constru\u00e7\u00e3o do projeto.<\/p>\n<p>\u00a0<\/p>\n<p><strong>Como o BPL foi constru\u00eddo?<\/strong><\/p>\n<p>O objetivo inicial do projeto era reunir e disponibilizar somente documentos normativos p\u00fablicos que legislam de forma expl\u00edcita sobre determinadas l\u00edngua(s), envolvendo quest\u00f5es atinentes aos seus nomes, estatutos e diferentes formas de legitima\u00e7\u00e3o, difus\u00e3o ou promo\u00e7\u00e3o, dedicando-se de forma mais espec\u00edfica a tem\u00e1ticas ligadas \u00e0 hist\u00f3ria da l\u00edngua nacional, \u00e0s pol\u00edticas de defesa, prote\u00e7\u00e3o e promo\u00e7\u00e3o das l\u00ednguas, \u00e0s diretrizes de ensino e \u00e0s formas de gest\u00e3o da diversidade lingu\u00edstica. O campo de pesquisa, neste primeiro momento, foi limitado ao dispon\u00edvel na internet, preferencialmente em s\u00edtios eletr\u00f4nicos oficiais de poderes p\u00fablicos das esferas nacional, estadual e municipal, para a garantia de veracidade das fontes e do acesso a longo prazo. E as legisla\u00e7\u00f5es, por sua vez, foram selecionadas e pesquisadas mediante um levantamento pr\u00e9vio a respeito dos temas mais comumente trabalhados pela literatura na \u00e1rea.<\/p>\n<p>Como procedimento metodol\u00f3gico de organiza\u00e7\u00e3o do arquivo, as legisla\u00e7\u00f5es foram organizadas por regi\u00e3o e por tem\u00e1ticas, e dentro de cada divis\u00e3o, por ordem cronol\u00f3gica. Entretanto, ao longo do trabalho, o procedimento foi mostrando-se falho, tendo em vista que as legisla\u00e7\u00f5es n\u00e3o poderiam ser abarcadas cada uma em um \u00fanico tema, o que t\u00e3o somente nos lembrou de que a classifica\u00e7\u00e3o por tem\u00e1ticas significaria um controle, um direcionamento de leitura, movimento este que nada mais \u00e9 do que uma forma (pol\u00edtica) de esvaziamento da pr\u00f3pria fun\u00e7\u00e3o do banco enquanto fonte de pesquisa.<\/p>\n<p>Assim, em um segundo momento, o banco foi reordenado considerando-se apenas os crit\u00e9rios de ordem cronol\u00f3gica e regi\u00e3o. E a pesquisa, no decorrer do processo, foi nos relevando um arquivo muito mais amplo, composto de textualidades diversas que n\u00e3o necessariamente legislavam, desde a ementa, especificamente sobre uma l\u00edngua, mas que tamb\u00e9m podiam ser lidas como partes significativas de um amplo campo das formas de saber, da hist\u00f3ria e mem\u00f3ria das l\u00ednguas no territ\u00f3rio brasileiro.<\/p>\n<p>A partir de ent\u00e3o, o arquivo foi tomando forma enquanto um arquivo de\/sobre l\u00edngua, enquanto um banco no sentido da (re)uni\u00e3o, do que \u00e9 (re)ordenado e posto em conjunto para acesso p\u00fablico, do que \u00e9 completo apenas enquanto efeito, do que pode ser lido do direito e do avesso, em si mesmo ou em rela\u00e7\u00f5es, na sua atualidade ou por aquilo que retoma e desloca, na ordem retil\u00ednea da divis\u00e3o do tempo e das normas, ou no processo discursivo, que transcende o tempo cronol\u00f3gico e o limite geogr\u00e1fico. Um arquivo para o deleite do conhecimento e da pesquisa.<\/p>\n<p>\u00a0<\/p>\n<p><strong>Para que serve o BPL?<\/strong><\/p>\n<p><span style=\"font-family: georgia, palatino, serif\">Al\u00e9m de reunir pol\u00edticas p\u00fablicas sobre l\u00ednguas no Brasil e facilitar o acesso aos dados para pesquisa,\u00a0<\/span><span style=\"color: #0d0d0d;font-family: 'Helvetica Neue', Helvetica, Arial, sans-serif;font-size: 16px;font-weight: var( --e-global-typography-text-font-weight );text-align: var(--bs-body-text-align)\"><span style=\"font-family: georgia, palatino, serif\">o banco tamb\u00e9m oportuniza uma vis\u00e3o mais ampla de todo um conjunto de a\u00e7\u00f5es e pr\u00e1ticas cada vez mais frequentes na esfera p\u00fablica, que mobilizam saberes de diferentes ordens (senso comum, cient\u00edfico, escolar, etc.) sobre o que seja l\u00edngua e que s\u00e3o produzidas, em sua maioria, desconsiderando-se que as l\u00ednguas n\u00e3o s\u00e3o meros sistemas abstratos de regras ou instrumentos de comunica\u00e7\u00e3o. Por isso, o BPL tamb\u00e9m \u00e9 um espa\u00e7o para compreens\u00e3o de fatos de linguagem em diferentes tempos hist\u00f3ricos, pelo potencial de leitura que oferece a respeito da forma como sentidos jur\u00eddicos e normativos sobre l\u00edngua atravessam e determinam processos discursivos variados.<\/span><\/span><\/p>\n<p>\u00a0<\/p>\n<p><strong>Sobre a logomarca do BPL<\/strong><\/p>\n<p>\u00a0A primeira logomarca do BPL foi elaborada no ano de 2018, pela ent\u00e3o integrante do grupo Caroline Dambrozio Guerra. Por\u00e9m, por dificuldades relacionadas \u00e0 qualidade de imagem e formata\u00e7\u00e3o, a logomarca foi reelaborada em 2021 pela acad\u00eamica Eduarda Rodrigues, que prop\u00f4s um novo formato, mas com o cuidado de manter o escopo da ideia original, relacionada ao colorido, que representa a diversidade lingu\u00edstica do Brasil. O formato das letras da logomarca atual se assemelha tamb\u00e9m com as da primeira vers\u00e3o, em formato simples e com fonte leg\u00edvel.<\/p>\n<p>\u00a0<\/p>\n<p><strong>Posso colaborar com o BPL?<\/strong><br \/>Sim! Conhece alguma pol\u00edtica p\u00fablica que n\u00e3o integra o nosso arquivo ou tem alguma sugest\u00e3o? Escreva para bplinguas@ufsm.br e comunique-se conosco.<\/p>\n<p>\u00a0<\/p>\n<p><strong>Pol\u00edtica de uso<\/strong><\/p>\n<p>O BPL \u00e9 um banco colaborativo e de acesso p\u00fablico, resultante de um trabalho de pesquisa. Para us\u00e1-lo como fonte nas suas pesquisas, referencie.<\/p>\n<p>UNIVERSIDADE FEDERAL DE SANTA MARIA. <strong>Banco de Pol\u00edticas P\u00fablicas sobre L\u00ednguas no Brasil (BPL)<\/strong>. Santa Maria, 202x. Dispon\u00edvel em: &lt;https:\/\/www.ufsm.br\/projetos\/pesquisa\/bpl\/&gt;. Acesso em: xx xxx. 202x.<\/p>\n<p><!-- \/wp:tadv\/classic-paragraph --><\/p>\t\t\t\t\t\t<\/div>\n\t\t\t\t<\/div>\n\t\t\t\t\t<\/div>\n\t\t<\/div>\n\t\t\t\t\t<\/div>\n\t\t<\/section>\n\t\t\t\t<\/div>\n\t\t","protected":false},"excerpt":{"rendered":"<p>O que \u00e9 o BPL? O Banco de Pol\u00edticas P\u00fablicas sobre L\u00ednguas no Brasil (BPL) \u00e9 gerido na Universidade Federal de Santa Maria (UFSM-RS), sob a coordena\u00e7\u00e3o da Profa. Dra. Larissa Montagner Cervo (DLV\/PPGL\/Laborat\u00f3rio Corpus). Criado no ano de 2018, o BPL constitui um banco online de documentos jur\u00eddicos e outras textualidades normativas que tratam [&hellip;]<\/p>\n","protected":false},"author":25,"featured_media":0,"parent":0,"menu_order":0,"comment_status":"closed","ping_status":"closed","template":"","meta":{"footnotes":""},"categories":[],"tags":[],"class_list":["post-156","page","type-page","status-publish","hentry"],"acf":[],"_links":{"self":[{"href":"https:\/\/www.ufsm.br\/projetos\/pesquisa\/bpl\/wp-json\/wp\/v2\/pages\/156","targetHints":{"allow":["GET"]}}],"collection":[{"href":"https:\/\/www.ufsm.br\/projetos\/pesquisa\/bpl\/wp-json\/wp\/v2\/pages"}],"about":[{"href":"https:\/\/www.ufsm.br\/projetos\/pesquisa\/bpl\/wp-json\/wp\/v2\/types\/page"}],"author":[{"embeddable":true,"href":"https:\/\/www.ufsm.br\/projetos\/pesquisa\/bpl\/wp-json\/wp\/v2\/users\/25"}],"replies":[{"embeddable":true,"href":"https:\/\/www.ufsm.br\/projetos\/pesquisa\/bpl\/wp-json\/wp\/v2\/comments?post=156"}],"version-history":[{"count":0,"href":"https:\/\/www.ufsm.br\/projetos\/pesquisa\/bpl\/wp-json\/wp\/v2\/pages\/156\/revisions"}],"wp:attachment":[{"href":"https:\/\/www.ufsm.br\/projetos\/pesquisa\/bpl\/wp-json\/wp\/v2\/media?parent=156"}],"wp:term":[{"taxonomy":"category","embeddable":true,"href":"https:\/\/www.ufsm.br\/projetos\/pesquisa\/bpl\/wp-json\/wp\/v2\/categories?post=156"},{"taxonomy":"post_tag","embeddable":true,"href":"https:\/\/www.ufsm.br\/projetos\/pesquisa\/bpl\/wp-json\/wp\/v2\/tags?post=156"}],"curies":[{"name":"wp","href":"https:\/\/api.w.org\/{rel}","templated":true}]}}