{"id":151,"date":"2019-05-20T13:25:09","date_gmt":"2019-05-20T16:25:09","guid":{"rendered":"https:\/\/www.ufsm.br\/projetos\/institucional\/catedra-unesco\/?page_id=151"},"modified":"2023-12-14T10:17:28","modified_gmt":"2023-12-14T13:17:28","slug":"dados-basicos","status":"publish","type":"page","link":"https:\/\/www.ufsm.br\/projetos\/pesquisa\/catedra-unesco\/dados-basicos","title":{"rendered":"Sobre a C\u00e1tedra"},"content":{"rendered":"\t\t<div data-elementor-type=\"wp-page\" data-elementor-id=\"151\" class=\"elementor elementor-151\">\n\t\t\t\t\t\t<section class=\"elementor-section elementor-top-section elementor-element elementor-element-533f4ef6 elementor-section-boxed elementor-section-height-default elementor-section-height-default\" data-id=\"533f4ef6\" data-element_type=\"section\">\n\t\t\t\t\t\t<div class=\"elementor-container elementor-column-gap-default\">\n\t\t\t\t\t<div class=\"elementor-column elementor-col-100 elementor-top-column elementor-element elementor-element-6cc59165\" data-id=\"6cc59165\" data-element_type=\"column\">\n\t\t\t<div class=\"elementor-widget-wrap elementor-element-populated\">\n\t\t\t\t\t\t<div class=\"elementor-element elementor-element-3cbf8768 elementor-widget elementor-widget-text-editor\" data-id=\"3cbf8768\" data-element_type=\"widget\" data-widget_type=\"text-editor.default\">\n\t\t\t\t<div class=\"elementor-widget-container\">\n\t\t\t\t\t\t\t<p><!-- wp:tadv\/classic-paragraph --><\/p>\n<p>Esta c\u00e1tedra, dentro da proposta de valoriza\u00e7\u00e3o das Ci\u00eancias Humanas, e de forma interdisciplinar com outras ci\u00eancias naturais, exatas e da terra, junta-se a proposta de cria\u00e7\u00e3o de c\u00e1tedras no Brasil, no Mercosul e na Europa, no objetivo de refor\u00e7ar a import\u00e2ncia das Humanidades para o desenvolvimento global dur\u00e1vel e pelo respeito a diversidade cultural e promo\u00e7\u00e3o da paz no planeta. A proposta desta c\u00e1tedra se fundamenta no Programa de P\u00f3s-gradua\u00e7\u00e3o em Hist\u00f3ria na Universidade Federal de Santa Maria.<\/p>\n<p>Programa C\u00e1tedra UNITWIN\/UNESCO. Lan\u00e7ado em 1992, o Programa de C\u00e1tedras UNITWIN \/ UNESCO promove a coopera\u00e7\u00e3o e partilha interuniversit\u00e1ria internacional, a fim de refor\u00e7ar as capacidades institucionais atrav\u00e9s da partilha do conhecimento e do trabalho em colabora\u00e7\u00e3o.<\/p><p>A c\u00e1tedra teve sua renova\u00e7\u00e3o pela UNESCO at\u00e9 31 de dezembro de 2027.<br><\/p>\n<p><\/p>\n<p><!-- \/wp:tadv\/classic-paragraph --><\/p>\t\t\t\t\t\t<\/div>\n\t\t\t\t<\/div>\n\t\t\t\t\t<\/div>\n\t\t<\/div>\n\t\t\t\t\t<\/div>\n\t\t<\/section>\n\t\t\t\t<\/div>\n\t\t","protected":false},"excerpt":{"rendered":"<p>Esta c\u00e1tedra, dentro da proposta de valoriza\u00e7\u00e3o das Ci\u00eancias Humanas, e de forma interdisciplinar com outras ci\u00eancias naturais, exatas e da terra, junta-se a proposta de cria\u00e7\u00e3o de c\u00e1tedras no Brasil, no Mercosul e na Europa, no objetivo de refor\u00e7ar a import\u00e2ncia das Humanidades para o desenvolvimento global dur\u00e1vel e pelo respeito a diversidade cultural [&hellip;]<\/p>\n","protected":false},"author":25,"featured_media":0,"parent":0,"menu_order":0,"comment_status":"closed","ping_status":"closed","template":"","meta":{"footnotes":""},"categories":[],"tags":[],"class_list":["post-151","page","type-page","status-publish","hentry"],"acf":[],"_links":{"self":[{"href":"https:\/\/www.ufsm.br\/projetos\/pesquisa\/catedra-unesco\/wp-json\/wp\/v2\/pages\/151","targetHints":{"allow":["GET"]}}],"collection":[{"href":"https:\/\/www.ufsm.br\/projetos\/pesquisa\/catedra-unesco\/wp-json\/wp\/v2\/pages"}],"about":[{"href":"https:\/\/www.ufsm.br\/projetos\/pesquisa\/catedra-unesco\/wp-json\/wp\/v2\/types\/page"}],"author":[{"embeddable":true,"href":"https:\/\/www.ufsm.br\/projetos\/pesquisa\/catedra-unesco\/wp-json\/wp\/v2\/users\/25"}],"replies":[{"embeddable":true,"href":"https:\/\/www.ufsm.br\/projetos\/pesquisa\/catedra-unesco\/wp-json\/wp\/v2\/comments?post=151"}],"version-history":[{"count":0,"href":"https:\/\/www.ufsm.br\/projetos\/pesquisa\/catedra-unesco\/wp-json\/wp\/v2\/pages\/151\/revisions"}],"wp:attachment":[{"href":"https:\/\/www.ufsm.br\/projetos\/pesquisa\/catedra-unesco\/wp-json\/wp\/v2\/media?parent=151"}],"wp:term":[{"taxonomy":"category","embeddable":true,"href":"https:\/\/www.ufsm.br\/projetos\/pesquisa\/catedra-unesco\/wp-json\/wp\/v2\/categories?post=151"},{"taxonomy":"post_tag","embeddable":true,"href":"https:\/\/www.ufsm.br\/projetos\/pesquisa\/catedra-unesco\/wp-json\/wp\/v2\/tags?post=151"}],"curies":[{"name":"wp","href":"https:\/\/api.w.org\/{rel}","templated":true}]}}