{"id":4191,"date":"2013-10-02T01:09:18","date_gmt":"2013-10-02T01:09:18","guid":{"rendered":"http:\/\/200.18.32.166\/ppbioma\/?page_id=4191"},"modified":"2019-06-11T11:48:32","modified_gmt":"2019-06-11T14:48:32","slug":"sobre","status":"publish","type":"page","link":"https:\/\/www.ufsm.br\/projetos\/pesquisa\/ppbio\/sobre","title":{"rendered":"Sobre"},"content":{"rendered":"\t\t<div data-elementor-type=\"wp-post\" data-elementor-id=\"4191\" class=\"elementor elementor-4191\">\n\t\t\t\t\t\t<section class=\"elementor-section elementor-top-section elementor-element elementor-element-9652e33 elementor-section-boxed elementor-section-height-default elementor-section-height-default\" data-id=\"9652e33\" data-element_type=\"section\">\n\t\t\t\t\t\t<div class=\"elementor-container elementor-column-gap-default\">\n\t\t\t\t\t<div class=\"elementor-column elementor-col-100 elementor-top-column elementor-element elementor-element-e9f670e\" data-id=\"e9f670e\" data-element_type=\"column\">\n\t\t\t<div class=\"elementor-widget-wrap elementor-element-populated\">\n\t\t\t\t\t\t<div class=\"elementor-element elementor-element-6098fa3 elementor-widget elementor-widget-heading\" data-id=\"6098fa3\" data-element_type=\"widget\" data-widget_type=\"heading.default\">\n\t\t\t\t<div class=\"elementor-widget-container\">\n\t\t\t<h5 class=\"elementor-heading-title elementor-size-default\">Sobre o Projeto BIODIVERSIDADE | PPBio Mata Atl\u00e2ntica\t\n<\/h5>\t\t<\/div>\n\t\t\t\t<\/div>\n\t\t\t\t\t<\/div>\n\t\t<\/div>\n\t\t\t\t\t<\/div>\n\t\t<\/section>\n\t\t\t\t<section class=\"elementor-section elementor-top-section elementor-element elementor-element-3b9957e elementor-section-boxed elementor-section-height-default elementor-section-height-default\" data-id=\"3b9957e\" data-element_type=\"section\">\n\t\t\t\t\t\t<div class=\"elementor-container elementor-column-gap-default\">\n\t\t\t\t\t<div class=\"elementor-column elementor-col-100 elementor-top-column elementor-element elementor-element-a9b396b\" data-id=\"a9b396b\" data-element_type=\"column\">\n\t\t\t<div class=\"elementor-widget-wrap elementor-element-populated\">\n\t\t\t\t\t\t<div class=\"elementor-element elementor-element-477c99a elementor-widget elementor-widget-toggle\" data-id=\"477c99a\" data-element_type=\"widget\" data-widget_type=\"toggle.default\">\n\t\t\t\t<div class=\"elementor-widget-container\">\n\t\t\t\t\t<div class=\"elementor-toggle\">\n\t\t\t\t\t\t\t<div class=\"elementor-toggle-item\">\n\t\t\t\t\t<div id=\"elementor-tab-title-7491\" class=\"elementor-tab-title\" data-tab=\"1\" role=\"button\" aria-controls=\"elementor-tab-content-7491\" aria-expanded=\"false\">\n\t\t\t\t\t\t\t\t\t\t\t\t<span class=\"elementor-toggle-icon elementor-toggle-icon-left\" aria-hidden=\"true\">\n\t\t\t\t\t\t\t\t\t\t\t\t\t\t\t<span class=\"elementor-toggle-icon-closed\"><i class=\"fas fa-caret-right\"><\/i><\/span>\n\t\t\t\t\t\t\t\t<span class=\"elementor-toggle-icon-opened\"><i class=\"elementor-toggle-icon-opened fas fa-caret-up\"><\/i><\/span>\n\t\t\t\t\t\t\t\t\t\t\t\t\t<\/span>\n\t\t\t\t\t\t\t\t\t\t\t\t<a class=\"elementor-toggle-title\" tabindex=\"0\">O que \u00e9 a Rede PPBio Mata atl\u00e2ntica<\/a>\n\t\t\t\t\t<\/div>\n\n\t\t\t\t\t<div id=\"elementor-tab-content-7491\" class=\"elementor-tab-content elementor-clearfix\" data-tab=\"1\" role=\"region\" aria-labelledby=\"elementor-tab-title-7491\"><p>\u00c9 uma Rede de Pesquisa, Monitoramento e Modelagem em Biodiversidade e Ecossistemas do Programa de Pesquisas em Biodiversidade\u00a0 na Mata Atl\u00e2ntica, financiado pelo CNPq.<\/p><p>O t\u00edtulo da proposta de rede \u00e9:<\/p><p>\u201c<strong>Mata Atl\u00e2ntica: a\u00e7\u00f5es para integrar pesquisas e institui\u00e7\u00f5es<\/strong>\u201d<\/p><\/div>\n\t\t\t\t<\/div>\n\t\t\t\t\t\t\t<div class=\"elementor-toggle-item\">\n\t\t\t\t\t<div id=\"elementor-tab-title-7492\" class=\"elementor-tab-title\" data-tab=\"2\" role=\"button\" aria-controls=\"elementor-tab-content-7492\" aria-expanded=\"false\">\n\t\t\t\t\t\t\t\t\t\t\t\t<span class=\"elementor-toggle-icon elementor-toggle-icon-left\" aria-hidden=\"true\">\n\t\t\t\t\t\t\t\t\t\t\t\t\t\t\t<span class=\"elementor-toggle-icon-closed\"><i class=\"fas fa-caret-right\"><\/i><\/span>\n\t\t\t\t\t\t\t\t<span class=\"elementor-toggle-icon-opened\"><i class=\"elementor-toggle-icon-opened fas fa-caret-up\"><\/i><\/span>\n\t\t\t\t\t\t\t\t\t\t\t\t\t<\/span>\n\t\t\t\t\t\t\t\t\t\t\t\t<a class=\"elementor-toggle-title\" tabindex=\"0\">Objetivo Geral da Proposta de Rede do PPBio Mata Atl\u00e2ntica<\/a>\n\t\t\t\t\t<\/div>\n\n\t\t\t\t\t<div id=\"elementor-tab-content-7492\" class=\"elementor-tab-content elementor-clearfix\" data-tab=\"2\" role=\"region\" aria-labelledby=\"elementor-tab-title-7492\"><p>Todos os projetos que est\u00e3o associados a esta proposta possuem ou ir\u00e3o implementar m\u00f3dulo ou grade RAPELD. Integrando diversas \u00e1reas de conhecimento dentro das unidades amostrais padronizadas proporcionar\u00e1 uma s\u00edntese necess\u00e1ria para o aprimoramento das estrat\u00e9gias usadas no manejo e conserva\u00e7\u00e3o da biodiversidade.<\/p><p>Isto permitir\u00e1 a integra\u00e7\u00e3o das pesquisas numa escala espacial e atrav\u00e9s de uma abordagem em escala macroecol\u00f3gica, ser\u00e1 poss\u00edvel avaliar os fatores estruturadores das comunidades biol\u00f3gicas da Mata Atl\u00e2ntica, em cada localidade, e de que maneira poss\u00edveis distin\u00e7\u00f5es s\u00e3o capazes de afetar o funcionamento do ecossistema e servi\u00e7os ecossist\u00eamicos em diferentes escalas.<\/p><p>Os produtos e a\u00e7\u00f5es de divulga\u00e7\u00e3o cient\u00edfica dos resultados da pesquisa para os p\u00fablicos-alvo (sociedade em geral, gestores p\u00fablicos, comunidade local, estudantes) ser\u00e3o disponibilizados.<\/p><\/div>\n\t\t\t\t<\/div>\n\t\t\t\t\t\t\t<div class=\"elementor-toggle-item\">\n\t\t\t\t\t<div id=\"elementor-tab-title-7493\" class=\"elementor-tab-title\" data-tab=\"3\" role=\"button\" aria-controls=\"elementor-tab-content-7493\" aria-expanded=\"false\">\n\t\t\t\t\t\t\t\t\t\t\t\t<span class=\"elementor-toggle-icon elementor-toggle-icon-left\" aria-hidden=\"true\">\n\t\t\t\t\t\t\t\t\t\t\t\t\t\t\t<span class=\"elementor-toggle-icon-closed\"><i class=\"fas fa-caret-right\"><\/i><\/span>\n\t\t\t\t\t\t\t\t<span class=\"elementor-toggle-icon-opened\"><i class=\"elementor-toggle-icon-opened fas fa-caret-up\"><\/i><\/span>\n\t\t\t\t\t\t\t\t\t\t\t\t\t<\/span>\n\t\t\t\t\t\t\t\t\t\t\t\t<a class=\"elementor-toggle-title\" tabindex=\"0\">As Linhas de A\u00e7\u00e3o do PPBio Mata Atl\u00e2ntica<\/a>\n\t\t\t\t\t<\/div>\n\n\t\t\t\t\t<div id=\"elementor-tab-content-7493\" class=\"elementor-tab-content elementor-clearfix\" data-tab=\"3\" role=\"region\" aria-labelledby=\"elementor-tab-title-7493\"><p>\u00a0&#8211; Apoio \u00e0 implanta\u00e7\u00e3o e manuten\u00e7\u00e3o de redes de invent\u00e1rio da BIOTA \u2013 As redes dever\u00e3o adotar os protocolos padronizados de coleta, invent\u00e1rio e monitoramento do PPBio;<\/p><p>\u00a0&#8211; Apoio \u00e0 moderniza\u00e7\u00e3o de acervos biol\u00f3gicos (cole\u00e7\u00f5es ex-situ) \u2013 criar meios para instituir uma pol\u00edtica, em n\u00edvel nacional, para gerenciamento de acervos biol\u00f3gicos e, ao mesmo tempo, promover a manuten\u00e7\u00e3o, a amplia\u00e7\u00e3o e o estabelecimento de uma conex\u00e3o entre esses acervos;<\/p><p>\u00a0&#8211; Apoio \u00e0 pesquisa e ao desenvolvimento em \u00e1reas tem\u00e1ticas da Biodiversidade \u2013 desenvolver pesquisa e gerar conhecimento em \u00e1reas como bioprospec\u00e7\u00e3o, servi\u00e7os ambientais;<\/p><p>\u00a0&#8211; Apoio a sistemas de informa\u00e7\u00e3o, de base de dados e gerenciamento de reposit\u00f3rios da informa\u00e7\u00e3o sobre a biodiversidade brasileira \u2013 adotar obrigatoriamente a Pol\u00edtica de Dados do Programa de Pesquisa em Biodiversidade \u2013 PPBio, publicada no Di\u00e1rio Oficial da Uni\u00e3o (DOU), de 21 de agosto\/2009, Se\u00e7\u00e3o 1, P\u00e1ginas 8-9, e fornecer dados para o Sistema de Informa\u00e7\u00e3o sobre a Biodiversidade Brasileira (SiB-Br);<\/p><p>\u00a0&#8211; Apoio \u00e0 s\u00edntese do conhecimento \u2013 consolidar as informa\u00e7\u00f5es para propiciar a divulga\u00e7\u00e3o cient\u00edfica, a tomada de decis\u00f5es e a formula\u00e7\u00e3o de pol\u00edticas p\u00fablicas.<\/p><\/div>\n\t\t\t\t<\/div>\n\t\t\t\t\t\t\t<div class=\"elementor-toggle-item\">\n\t\t\t\t\t<div id=\"elementor-tab-title-7494\" class=\"elementor-tab-title\" data-tab=\"4\" role=\"button\" aria-controls=\"elementor-tab-content-7494\" aria-expanded=\"false\">\n\t\t\t\t\t\t\t\t\t\t\t\t<span class=\"elementor-toggle-icon elementor-toggle-icon-left\" aria-hidden=\"true\">\n\t\t\t\t\t\t\t\t\t\t\t\t\t\t\t<span class=\"elementor-toggle-icon-closed\"><i class=\"fas fa-caret-right\"><\/i><\/span>\n\t\t\t\t\t\t\t\t<span class=\"elementor-toggle-icon-opened\"><i class=\"elementor-toggle-icon-opened fas fa-caret-up\"><\/i><\/span>\n\t\t\t\t\t\t\t\t\t\t\t\t\t<\/span>\n\t\t\t\t\t\t\t\t\t\t\t\t<a class=\"elementor-toggle-title\" tabindex=\"0\">Quem Coordena a Rede PPBio Mata Atl\u00e2ntica<\/a>\n\t\t\t\t\t<\/div>\n\n\t\t\t\t\t<div id=\"elementor-tab-content-7494\" class=\"elementor-tab-content elementor-clearfix\" data-tab=\"4\" role=\"region\" aria-labelledby=\"elementor-tab-title-7494\"><p>Dra. Helena de Godoy Bergallo , da Universidade do Estado do Rio de Janeiro<br \/>(Institui\u00e7\u00e3o Executora, sede da Rede)<\/p><\/div>\n\t\t\t\t<\/div>\n\t\t\t\t\t\t\t<div class=\"elementor-toggle-item\">\n\t\t\t\t\t<div id=\"elementor-tab-title-7495\" class=\"elementor-tab-title\" data-tab=\"5\" role=\"button\" aria-controls=\"elementor-tab-content-7495\" aria-expanded=\"false\">\n\t\t\t\t\t\t\t\t\t\t\t\t<span class=\"elementor-toggle-icon elementor-toggle-icon-left\" aria-hidden=\"true\">\n\t\t\t\t\t\t\t\t\t\t\t\t\t\t\t<span class=\"elementor-toggle-icon-closed\"><i class=\"fas fa-caret-right\"><\/i><\/span>\n\t\t\t\t\t\t\t\t<span class=\"elementor-toggle-icon-opened\"><i class=\"elementor-toggle-icon-opened fas fa-caret-up\"><\/i><\/span>\n\t\t\t\t\t\t\t\t\t\t\t\t\t<\/span>\n\t\t\t\t\t\t\t\t\t\t\t\t<a class=\"elementor-toggle-title\" tabindex=\"0\">As Institui\u00e7\u00f5es Colaboradoras<\/a>\n\t\t\t\t\t<\/div>\n\n\t\t\t\t\t<div id=\"elementor-tab-content-7495\" class=\"elementor-tab-content elementor-clearfix\" data-tab=\"5\" role=\"region\" aria-labelledby=\"elementor-tab-title-7495\"><p>Universidade Federal de Santa Catarina | SC<\/p><p>Universidade Federal do Paran\u00e1 | PR<\/p><p>Jardim Bot\u00e2nico do Rio de Janeiro | RJ<\/p><p>Universidade Estadual de Santa Cruz (UESC) | BA<\/p><p>Universidade Federal de Minas Gerais | MG<\/p><p>Universidade Federal de Pernambuco | PE<\/p><p>Embrapa Agrobiologia | RJ<\/p><p>Universidade Federal Rural | RJ<\/p><\/div>\n\t\t\t\t<\/div>\n\t\t\t\t\t\t\t\t<\/div>\n\t\t\t\t<\/div>\n\t\t\t\t<\/div>\n\t\t\t\t\t<\/div>\n\t\t<\/div>\n\t\t\t\t\t<\/div>\n\t\t<\/section>\n\t\t\t\t<\/div>\n\t\t","protected":false},"excerpt":{"rendered":"<p>Sobre o Projeto BIODIVERSIDADE | PPBio Mata Atl\u00e2ntica O que \u00e9 a Rede PPBio Mata atl\u00e2ntica \u00c9 uma Rede de Pesquisa, Monitoramento e Modelagem em Biodiversidade e Ecossistemas do Programa de Pesquisas em Biodiversidade\u00a0 na Mata Atl\u00e2ntica, financiado pelo CNPq. O t\u00edtulo da proposta de rede \u00e9: \u201cMata Atl\u00e2ntica: a\u00e7\u00f5es para integrar pesquisas e institui\u00e7\u00f5es\u201d [&hellip;]<\/p>\n","protected":false},"author":25,"featured_media":0,"parent":0,"menu_order":0,"comment_status":"open","ping_status":"open","template":"","meta":{"footnotes":""},"categories":[],"tags":[],"class_list":["post-4191","page","type-page","status-publish","hentry"],"acf":[],"_links":{"self":[{"href":"https:\/\/www.ufsm.br\/projetos\/pesquisa\/ppbio\/wp-json\/wp\/v2\/pages\/4191","targetHints":{"allow":["GET"]}}],"collection":[{"href":"https:\/\/www.ufsm.br\/projetos\/pesquisa\/ppbio\/wp-json\/wp\/v2\/pages"}],"about":[{"href":"https:\/\/www.ufsm.br\/projetos\/pesquisa\/ppbio\/wp-json\/wp\/v2\/types\/page"}],"author":[{"embeddable":true,"href":"https:\/\/www.ufsm.br\/projetos\/pesquisa\/ppbio\/wp-json\/wp\/v2\/users\/25"}],"replies":[{"embeddable":true,"href":"https:\/\/www.ufsm.br\/projetos\/pesquisa\/ppbio\/wp-json\/wp\/v2\/comments?post=4191"}],"version-history":[{"count":0,"href":"https:\/\/www.ufsm.br\/projetos\/pesquisa\/ppbio\/wp-json\/wp\/v2\/pages\/4191\/revisions"}],"wp:attachment":[{"href":"https:\/\/www.ufsm.br\/projetos\/pesquisa\/ppbio\/wp-json\/wp\/v2\/media?parent=4191"}],"wp:term":[{"taxonomy":"category","embeddable":true,"href":"https:\/\/www.ufsm.br\/projetos\/pesquisa\/ppbio\/wp-json\/wp\/v2\/categories?post=4191"},{"taxonomy":"post_tag","embeddable":true,"href":"https:\/\/www.ufsm.br\/projetos\/pesquisa\/ppbio\/wp-json\/wp\/v2\/tags?post=4191"}],"curies":[{"name":"wp","href":"https:\/\/api.w.org\/{rel}","templated":true}]}}