{"id":154,"date":"2019-05-20T13:27:00","date_gmt":"2019-05-20T16:27:00","guid":{"rendered":"https:\/\/www.ufsm.br\/projetos\/pesquisa\/sulflux\/?page_id=154"},"modified":"2023-02-21T16:58:09","modified_gmt":"2023-02-21T19:58:09","slug":"participantes","status":"publish","type":"page","link":"https:\/\/www.ufsm.br\/projetos\/pesquisa\/sulflux\/participantes","title":{"rendered":"Pesquisadores"},"content":{"rendered":"\t\t<div data-elementor-type=\"wp-page\" data-elementor-id=\"154\" class=\"elementor elementor-154\">\n\t\t\t\t\t\t<section class=\"elementor-section elementor-top-section elementor-element elementor-element-ffae9b3 elementor-section-boxed elementor-section-height-default elementor-section-height-default\" data-id=\"ffae9b3\" data-element_type=\"section\">\n\t\t\t\t\t\t<div class=\"elementor-container elementor-column-gap-default\">\n\t\t\t\t\t<div class=\"elementor-column elementor-col-100 elementor-top-column elementor-element elementor-element-9e22973\" data-id=\"9e22973\" data-element_type=\"column\">\n\t\t\t<div class=\"elementor-widget-wrap elementor-element-populated\">\n\t\t\t\t\t\t<div class=\"elementor-element elementor-element-17fabee elementor-widget elementor-widget-text-editor\" data-id=\"17fabee\" data-element_type=\"widget\" data-widget_type=\"text-editor.default\">\n\t\t\t\t<div class=\"elementor-widget-container\">\n\t\t\t\t\t\t\t<table style=\"border-collapse: collapse;width: 77.0102%;height: 179px\">\n<tbody>\n<tr style=\"height: 179px\">\n<td style=\"width: 26.5773%;height: 179px\" colspan=\"2\" align=\"left\" valign=\"middle\">\n<p style=\"text-align: center\">\u00a0<\/p>\n<p style=\"text-align: center\"><strong><a href=\"http:\/\/lattes.cnpq.br\/6952076109453197\"><i>Dr<\/i>a. D\u00e9bora Regina Roberti\u00a0<\/a><\/strong><\/p>\n<p style=\"text-align: center\"><a href=\"mailto:debora@ufsm.br\">debora@ufsm.br<\/a><\/p>\n<p style=\"text-align: center\"><strong>Pesquisa e Orienta\u00e7\u00e3o<\/strong><\/p>\n<\/td>\n<td style=\"width: 26.9191%\" align=\"left\" valign=\"middle\">\n<p style=\"text-align: center\">Dr. Hans Zimmermann\u00a0<\/p>\n<p style=\"text-align: center\"><a href=\"mailto:hans@ufsm.br\">hans@ufsm.br<\/a><\/p>\n<p style=\"text-align: center\"><strong>Pesquisa e Orienta\u00e7\u00e3o<\/strong><\/p>\n<\/td>\n<td style=\"width: 6.61882%;height: 179px\">\n<p style=\"text-align: center\">\u00a0Dr. Gerv\u00e1sio Annes Degrazia\u00a0<\/p>\n<p style=\"text-align: center\"><a href=\"mailto:gervasio.degrazia@gmail.com\">gervasio.degrazia@gmail.com<\/a><\/p>\n<p style=\"text-align: center\"><strong>Pesquisa e Orienta\u00e7\u00e3o<\/strong><\/p>\n<\/td>\n<\/tr>\n<\/tbody>\n<\/table>\n<p style=\"text-align: center\">\u00a0<\/p>\n<table style=\"border-collapse: collapse;width: 100%\">\n<tbody>\n<tr>\n<td style=\"width: 20.97%\" align=\"left\" valign=\"middle\">\n<p style=\"text-align: center\">Dr. Ot\u00e1vio Costa Acevedo\u00a0<\/p>\n<p style=\"text-align: center\"><a href=\"mailto:otavio@ufsm.br\">otavio@ufsm.br<\/a><\/p>\n<p style=\"text-align: center\"><strong>Pesquisa e Orienta\u00e7\u00e3o<\/strong><\/p>\n<\/td>\n<td style=\"width: 21.6137%\" align=\"left\" valign=\"middle\">\n<p style=\"text-align: center\">Dr. Michel Stefanello<\/p>\n<p style=\"text-align: center\"><a href=\"mailto:michelstefanello@gmail.com\">michelstefanello@gmail.com<\/a><\/p>\n<p style=\"text-align: center\"><strong>Pesquisa e Orienta\u00e7\u00e3o<\/strong><\/p>\n<\/td>\n<td style=\"width: 11.9918%\" align=\"left\" valign=\"middle\">\u00a0<\/td>\n<\/tr>\n<\/tbody>\n<\/table>\n<p>\u00a0<\/p>\t\t\t\t\t\t<\/div>\n\t\t\t\t<\/div>\n\t\t\t\t\t<\/div>\n\t\t<\/div>\n\t\t\t\t\t<\/div>\n\t\t<\/section>\n\t\t\t\t<\/div>\n\t\t","protected":false},"excerpt":{"rendered":"<p>\u00a0 Dra. D\u00e9bora Regina Roberti\u00a0 debora@ufsm.br Pesquisa e Orienta\u00e7\u00e3o Dr. Hans Zimmermann\u00a0 hans@ufsm.br Pesquisa e Orienta\u00e7\u00e3o \u00a0Dr. Gerv\u00e1sio Annes Degrazia\u00a0 gervasio.degrazia@gmail.com Pesquisa e Orienta\u00e7\u00e3o \u00a0 Dr. Ot\u00e1vio Costa Acevedo\u00a0 otavio@ufsm.br Pesquisa e Orienta\u00e7\u00e3o Dr. Michel Stefanello michelstefanello@gmail.com Pesquisa e Orienta\u00e7\u00e3o \u00a0 \u00a0<\/p>\n","protected":false},"author":25,"featured_media":0,"parent":0,"menu_order":0,"comment_status":"closed","ping_status":"closed","template":"","meta":{"footnotes":""},"categories":[],"tags":[],"class_list":["post-154","page","type-page","status-publish","hentry"],"acf":[],"_links":{"self":[{"href":"https:\/\/www.ufsm.br\/projetos\/pesquisa\/sulflux\/wp-json\/wp\/v2\/pages\/154","targetHints":{"allow":["GET"]}}],"collection":[{"href":"https:\/\/www.ufsm.br\/projetos\/pesquisa\/sulflux\/wp-json\/wp\/v2\/pages"}],"about":[{"href":"https:\/\/www.ufsm.br\/projetos\/pesquisa\/sulflux\/wp-json\/wp\/v2\/types\/page"}],"author":[{"embeddable":true,"href":"https:\/\/www.ufsm.br\/projetos\/pesquisa\/sulflux\/wp-json\/wp\/v2\/users\/25"}],"replies":[{"embeddable":true,"href":"https:\/\/www.ufsm.br\/projetos\/pesquisa\/sulflux\/wp-json\/wp\/v2\/comments?post=154"}],"version-history":[{"count":0,"href":"https:\/\/www.ufsm.br\/projetos\/pesquisa\/sulflux\/wp-json\/wp\/v2\/pages\/154\/revisions"}],"wp:attachment":[{"href":"https:\/\/www.ufsm.br\/projetos\/pesquisa\/sulflux\/wp-json\/wp\/v2\/media?parent=154"}],"wp:term":[{"taxonomy":"category","embeddable":true,"href":"https:\/\/www.ufsm.br\/projetos\/pesquisa\/sulflux\/wp-json\/wp\/v2\/categories?post=154"},{"taxonomy":"post_tag","embeddable":true,"href":"https:\/\/www.ufsm.br\/projetos\/pesquisa\/sulflux\/wp-json\/wp\/v2\/tags?post=154"}],"curies":[{"name":"wp","href":"https:\/\/api.w.org\/{rel}","templated":true}]}}