{"id":170,"date":"2020-02-03T10:36:35","date_gmt":"2020-02-03T13:36:35","guid":{"rendered":"https:\/\/www.ufsm.br\/projetos\/pesquisa\/sulflux\/?page_id=170"},"modified":"2023-02-21T16:20:59","modified_gmt":"2023-02-21T19:20:59","slug":"sitios-experimentais","status":"publish","type":"page","link":"https:\/\/www.ufsm.br\/projetos\/pesquisa\/sulflux\/pagina-inicial\/sitios-experimentais","title":{"rendered":"S\u00edtios Experimentais"},"content":{"rendered":"\t\t<div data-elementor-type=\"wp-page\" data-elementor-id=\"170\" class=\"elementor elementor-170\">\n\t\t\t\t\t\t<section class=\"elementor-section elementor-top-section elementor-element elementor-element-160db6e elementor-section-boxed elementor-section-height-default elementor-section-height-default\" data-id=\"160db6e\" data-element_type=\"section\">\n\t\t\t\t\t\t<div class=\"elementor-container elementor-column-gap-default\">\n\t\t\t\t\t<div class=\"elementor-column elementor-col-100 elementor-top-column elementor-element elementor-element-07bfb5d\" data-id=\"07bfb5d\" data-element_type=\"column\">\n\t\t\t<div class=\"elementor-widget-wrap elementor-element-populated\">\n\t\t\t\t\t\t<div class=\"elementor-element elementor-element-3096b44 elementor-widget elementor-widget-text-editor\" data-id=\"3096b44\" data-element_type=\"widget\" data-widget_type=\"text-editor.default\">\n\t\t\t\t<div class=\"elementor-widget-container\">\n\t\t\t\t\t\t\t<h4 class=\"title\" style=\"text-align: center\">Clique na torre para selecionar os dados experimentais.<\/h4><p style=\"text-align: center\">Para mais informa\u00e7\u00f5es veja a <a href=\"https:\/\/www.ufsm.br\/projetos\/pesquisa\/sulflux\/wp-content\/uploads\/sites\/799\/2020\/02\/Caracteristicas-dos-sitios-experimentais.pdf\">lista dos S\u00edtios Experimentais<\/a>  da Rede Sulflux. Confira tamb\u00e9m a <a href=\"https:\/\/www.ufsm.br\/projetos\/pesquisa\/sulflux\/wp-content\/uploads\/sites\/799\/2020\/02\/plataforma-instrumental-Sulflux.pdf\">plataforma instrumental<\/a><\/p><p>\u00a0<\/p><p style=\"text-align: center\"><strong>Legenda:<\/strong><\/p><p style=\"text-align: center\"><span style=\"font-size: 10pt\"><strong>Ativas<\/strong><\/span><\/p><p style=\"text-align: center\"><img decoding=\"async\" class=\"size-full wp-image-171 aligncenter\" src=\"https:\/\/www.ufsm.br\/projetos\/pesquisa\/sulflux\/wp-content\/uploads\/sites\/799\/2020\/02\/1493-wht-blank.png\" alt=\"\" width=\"32\" height=\"32\" \/><\/p><p style=\"text-align: center\"><strong>Inativas<\/strong><\/p><p style=\"text-align: center\"><img decoding=\"async\" class=\"size-full wp-image-172 aligncenter\" src=\"https:\/\/www.ufsm.br\/projetos\/pesquisa\/sulflux\/wp-content\/uploads\/sites\/799\/2020\/02\/1493-wht-blank_2.png\" alt=\"\" width=\"32\" height=\"32\" \/><\/p>\t\t\t\t\t\t<\/div>\n\t\t\t\t<\/div>\n\t\t\t\t\t<\/div>\n\t\t<\/div>\n\t\t\t\t\t<\/div>\n\t\t<\/section>\n\t\t\t\t<section class=\"elementor-section elementor-top-section elementor-element elementor-element-6139ea2 elementor-section-boxed elementor-section-height-default elementor-section-height-default\" data-id=\"6139ea2\" data-element_type=\"section\">\n\t\t\t\t\t\t<div class=\"elementor-container elementor-column-gap-default\">\n\t\t\t\t\t<div class=\"elementor-column elementor-col-100 elementor-top-column elementor-element elementor-element-db5ab60\" data-id=\"db5ab60\" data-element_type=\"column\">\n\t\t\t<div class=\"elementor-widget-wrap elementor-element-populated\">\n\t\t\t\t\t\t<div class=\"elementor-element elementor-element-11b65b5 elementor-widget elementor-widget-wp-widget-custom_html\" data-id=\"11b65b5\" data-element_type=\"widget\" data-widget_type=\"wp-widget-custom_html.default\">\n\t\t\t\t<div class=\"elementor-widget-container\">\n\t\t\t<div class=\"textwidget custom-html-widget\"><iframe src=\"https:\/\/www.google.com\/maps\/d\/embed?mid=1YlLubJAEOwxEdzIVqv3f6JVA2vg\" width=\"640\" height=\"480\"><\/iframe><\/div>\t\t<\/div>\n\t\t\t\t<\/div>\n\t\t\t\t\t<\/div>\n\t\t<\/div>\n\t\t\t\t\t<\/div>\n\t\t<\/section>\n\t\t\t\t<\/div>\n\t\t","protected":false},"excerpt":{"rendered":"<p>Clique na torre para selecionar os dados experimentais. Para mais informa\u00e7\u00f5es veja a lista dos S\u00edtios Experimentais da Rede Sulflux. Confira tamb\u00e9m a plataforma instrumental Legenda: Ativas Inativas<\/p>\n","protected":false},"author":867,"featured_media":0,"parent":5,"menu_order":0,"comment_status":"closed","ping_status":"closed","template":"","meta":{"footnotes":""},"categories":[],"tags":[],"class_list":["post-170","page","type-page","status-publish","hentry"],"acf":[],"_links":{"self":[{"href":"https:\/\/www.ufsm.br\/projetos\/pesquisa\/sulflux\/wp-json\/wp\/v2\/pages\/170","targetHints":{"allow":["GET"]}}],"collection":[{"href":"https:\/\/www.ufsm.br\/projetos\/pesquisa\/sulflux\/wp-json\/wp\/v2\/pages"}],"about":[{"href":"https:\/\/www.ufsm.br\/projetos\/pesquisa\/sulflux\/wp-json\/wp\/v2\/types\/page"}],"author":[{"embeddable":true,"href":"https:\/\/www.ufsm.br\/projetos\/pesquisa\/sulflux\/wp-json\/wp\/v2\/users\/867"}],"replies":[{"embeddable":true,"href":"https:\/\/www.ufsm.br\/projetos\/pesquisa\/sulflux\/wp-json\/wp\/v2\/comments?post=170"}],"version-history":[{"count":0,"href":"https:\/\/www.ufsm.br\/projetos\/pesquisa\/sulflux\/wp-json\/wp\/v2\/pages\/170\/revisions"}],"up":[{"embeddable":true,"href":"https:\/\/www.ufsm.br\/projetos\/pesquisa\/sulflux\/wp-json\/wp\/v2\/pages\/5"}],"wp:attachment":[{"href":"https:\/\/www.ufsm.br\/projetos\/pesquisa\/sulflux\/wp-json\/wp\/v2\/media?parent=170"}],"wp:term":[{"taxonomy":"category","embeddable":true,"href":"https:\/\/www.ufsm.br\/projetos\/pesquisa\/sulflux\/wp-json\/wp\/v2\/categories?post=170"},{"taxonomy":"post_tag","embeddable":true,"href":"https:\/\/www.ufsm.br\/projetos\/pesquisa\/sulflux\/wp-json\/wp\/v2\/tags?post=170"}],"curies":[{"name":"wp","href":"https:\/\/api.w.org\/{rel}","templated":true}]}}