{"id":176,"date":"2024-01-17T09:31:18","date_gmt":"2024-01-17T12:31:18","guid":{"rendered":"https:\/\/www.ufsm.br\/reitoria\/acesso-a-informacao\/lgpd\/?page_id=176"},"modified":"2025-03-19T11:44:47","modified_gmt":"2025-03-19T14:44:47","slug":"termos-de-uso-lgpd-ufsm","status":"publish","type":"page","link":"https:\/\/www.ufsm.br\/reitoria\/acesso-a-informacao\/lgpd\/termos-de-uso-lgpd-ufsm","title":{"rendered":"Termos de Uso LGPD-UFSM"},"content":{"rendered":"\t\t<div data-elementor-type=\"wp-page\" data-elementor-id=\"176\" class=\"elementor elementor-176\">\n\t\t\t\t\t\t<section class=\"elementor-section elementor-top-section elementor-element elementor-element-12df320 elementor-section-boxed elementor-section-height-default elementor-section-height-default\" data-id=\"12df320\" data-element_type=\"section\">\n\t\t\t\t\t\t<div class=\"elementor-container elementor-column-gap-default\">\n\t\t\t\t\t<div class=\"elementor-column elementor-col-100 elementor-top-column elementor-element elementor-element-b682954\" data-id=\"b682954\" data-element_type=\"column\">\n\t\t\t<div class=\"elementor-widget-wrap elementor-element-populated\">\n\t\t\t\t\t\t<div class=\"elementor-element elementor-element-476628a elementor-widget elementor-widget-toggle\" data-id=\"476628a\" data-element_type=\"widget\" data-widget_type=\"toggle.default\">\n\t\t\t\t<div class=\"elementor-widget-container\">\n\t\t\t\t\t<div class=\"elementor-toggle\">\n\t\t\t\t\t\t\t<div class=\"elementor-toggle-item\">\n\t\t\t\t\t<div id=\"elementor-tab-title-7481\" class=\"elementor-tab-title\" data-tab=\"1\" role=\"button\" aria-controls=\"elementor-tab-content-7481\" aria-expanded=\"false\">\n\t\t\t\t\t\t\t\t\t\t\t\t<span class=\"elementor-toggle-icon elementor-toggle-icon-left\" aria-hidden=\"true\">\n\t\t\t\t\t\t\t\t\t\t\t\t\t\t\t<span class=\"elementor-toggle-icon-closed\"><i class=\"fas fa-caret-right\"><\/i><\/span>\n\t\t\t\t\t\t\t\t<span class=\"elementor-toggle-icon-opened\"><i class=\"elementor-toggle-icon-opened fas fa-caret-up\"><\/i><\/span>\n\t\t\t\t\t\t\t\t\t\t\t\t\t<\/span>\n\t\t\t\t\t\t\t\t\t\t\t\t<a class=\"elementor-toggle-title\" tabindex=\"0\">Confirma\u00e7\u00e3o de Vaga e Habilita\u00e7\u00e3o para a Chamada Oral (Ingresso na Gradua\u00e7\u00e3o)<\/a>\n\t\t\t\t\t<\/div>\n\n\t\t\t\t\t<div id=\"elementor-tab-content-7481\" class=\"elementor-tab-content elementor-clearfix\" data-tab=\"1\" role=\"region\" aria-labelledby=\"elementor-tab-title-7481\"><table style=\"border-collapse: collapse;width: 100%;height: 1807px\"><tbody><tr style=\"height: 24px\"><td style=\"width: 112.5px;height: 24px\"><strong><em>Dado pessoal coletado<\/em><\/strong><\/td><td style=\"width: 99.3906px;height: 24px\"><strong><em>Finalidade<\/em><\/strong><\/td><td style=\"width: 103.719px;height: 24px\"><strong><em>Hip\u00f3tese de tratamento <\/em><\/strong><\/td><td style=\"width: 89.9375px;height: 24px\"><strong><em>Legisla\u00e7\u00e3o<\/em><\/strong><\/td><td style=\"width: 107.547px;height: 24px\"><em><strong>Tempo de uso e\/ou reten\u00e7\u00e3o do dado<\/strong><\/em><\/td><td style=\"width: 140.469px;height: 24px\"><em><strong>Agente Respons\u00e1vel pelo tratamento<\/strong><\/em><\/td><\/tr><tr style=\"height: 24px\"><td style=\"width: 112.5px;height: 24px;vertical-align: top\">Nome<br \/>N\u00famero e imagem do CPF<br \/>Data de nascimento<br \/>Fotografia<br \/>Sexo<br \/>Estado civil<br \/>Etnia<br \/>Defici\u00eancia<br \/>Dados de nacionalidade e naturalidade<br \/>Nomes dos genitores<br \/>Dados de contato (endere\u00e7o, telefone e e-mail)<br \/>Dados e imagem do documento de identifica\u00e7\u00e3o (RG e estado civil)<br \/>Dados e imagem do Titulo de eleitor<br \/>Dados e imagem do Documento militar<br \/>Dados e imagem da comprova\u00e7\u00e3o de escolaridade &#8211; ensino m\u00e9dio ou equivalente<br \/>N\u00famero de inscri\u00e7\u00e3o no processo seletivo<br \/>Categoria de cota<br \/>Formul\u00e1rio socioecon\u00f4mico <br \/>Membros do grupo familiar &#8211; documento de identifica\u00e7\u00e3o (RG e estado civil)<br \/>Membros do grupo familiar &#8211; dados e imagem de comprova\u00e7\u00e3o da renda bruta mensal<br \/>Membros do grupo familiar &#8211; termo de guarda, tutela ou curatela<br \/>Membros do grupo familiar &#8211; declara\u00e7\u00e3o de moradia conjunta<\/td><td style=\"width: 99.3906px;height: 24px;vertical-align: top\"><p>Confirma\u00e7\u00e3o de vaga para ingresso no ensino superior, matr\u00edcula, identifica\u00e7\u00e3o no sistema acad\u00eamico.<\/p><p>Cumprimento \u00e0 Lei de cotas.<\/p><p>Comunica\u00e7\u00e3o e contato com o estudante.<\/p><\/td><td style=\"width: 103.719px;height: 24px;vertical-align: top\"><p><span style=\"text-decoration: underline\"><small><a href=\"http:\/\/legislacao.planalto.gov.br\/legisla\/legislacao.nsf\/Viw_Identificacao\/lei%2013.709-2018?OpenDocument\">LEI N\u00ba 13.709, DE 14 DE AGOSTO DE 2018<\/a><\/small><\/span><\/p><p>Art. 7\u00ba O tratamento de dados pessoais somente poder\u00e1 ser realizado nas seguintes hip\u00f3teses:<\/p><p>III &#8211; pela administra\u00e7\u00e3o p\u00fablica, para o tratamento e uso compartilhado de dados necess\u00e1rios \u00e0 execu\u00e7\u00e3o de pol\u00edticas p\u00fablicas previstas em leis e regulamentos ou respaldadas em contratos, conv\u00eanios ou instrumentos cong\u00eaneres, observadas as disposi\u00e7\u00f5es do Cap\u00edtulo IV desta Lei;<\/p><p>IX &#8211; quando necess\u00e1rio para atender aos interesses leg\u00edtimos do controlador ou de terceiro, exceto no caso de prevalecerem direitos e liberdades fundamentais do titular que exijam a prote\u00e7\u00e3o dos dados pessoais;<\/p><p>Obriga\u00e7\u00e3o legal.<\/p><\/td><td style=\"width: 89.9375px;height: 24px;vertical-align: top\"><p><span style=\"text-decoration: underline\"><span style=\"font-family: georgia, palatino, serif;color: #0000ff\"><a style=\"color: #0000ff\" href=\"https:\/\/www.planalto.gov.br\/ccivil_03\/leis\/l9394.htm\" target=\"_blank\" rel=\"noopener\"><small>LEI N\u00ba 9.394, DE 20 DE DEZEMBRO DE 1996<\/small><\/a><\/span><\/span><\/p><p><span style=\"text-decoration: underline\"><a href=\"https:\/\/www.planalto.gov.br\/ccivil_03\/_ato2011-2014\/2012\/lei\/l12711.htm\" target=\"_blank\" rel=\"noopener\">LEI N\u00ba 12.711, DE 29 DE AGOSTO DE 2012<\/a><\/span><\/p><p><span style=\"text-decoration: underline\"><a href=\"https:\/\/portal.ufsm.br\/documentos\/publico\/documento.html?id=14642115\" target=\"_blank\" rel=\"noopener\">Resolu\u00e7\u00e3o UFSM N\u00ba 125\/2023<\/a><\/span><\/p><\/td><td style=\"width: 107.547px;height: 24px;vertical-align: top\">Ser\u00e1 seguida a <a href=\"https:\/\/portal.ufsm.br\/documentos\/publico\/classe\/classe.html?action=list\" target=\"_blank\" rel=\"noopener\"><span style=\"text-decoration: underline\">Tabela de Temporalidade dos Documentos<\/span><\/a>, de acordo com cada tipo de documento onde constam os dados.\u00a0<\/td><td style=\"width: 140.469px;vertical-align: top;height: 24px\"><p>N\u00facleo de Ingresso e Sele\u00e7\u00e3o Acad\u00eamicos (NISA\/PROGRAD).<\/p><p>Comiss\u00e3o de Ingresso Acad\u00eamico (CIA).<\/p><\/td><\/tr><\/tbody><\/table><\/div>\n\t\t\t\t<\/div>\n\t\t\t\t\t\t\t<div class=\"elementor-toggle-item\">\n\t\t\t\t\t<div id=\"elementor-tab-title-7482\" class=\"elementor-tab-title\" data-tab=\"2\" role=\"button\" aria-controls=\"elementor-tab-content-7482\" aria-expanded=\"false\">\n\t\t\t\t\t\t\t\t\t\t\t\t<span class=\"elementor-toggle-icon elementor-toggle-icon-left\" aria-hidden=\"true\">\n\t\t\t\t\t\t\t\t\t\t\t\t\t\t\t<span class=\"elementor-toggle-icon-closed\"><i class=\"fas fa-caret-right\"><\/i><\/span>\n\t\t\t\t\t\t\t\t<span class=\"elementor-toggle-icon-opened\"><i class=\"elementor-toggle-icon-opened fas fa-caret-up\"><\/i><\/span>\n\t\t\t\t\t\t\t\t\t\t\t\t\t<\/span>\n\t\t\t\t\t\t\t\t\t\t\t\t<a class=\"elementor-toggle-title\" tabindex=\"0\">Pesquisa de Acompanhamento de Egressos(as) da UFSM<\/a>\n\t\t\t\t\t<\/div>\n\n\t\t\t\t\t<div id=\"elementor-tab-content-7482\" class=\"elementor-tab-content elementor-clearfix\" data-tab=\"2\" role=\"region\" aria-labelledby=\"elementor-tab-title-7482\"><table style=\"border-collapse: collapse;width: 100%;height: 48px\"><tbody><tr style=\"height: 24px\"><td style=\"width: 17.2661%;height: 24px;text-align: center\"><strong><em>Dado pessoal coletado<\/em><\/strong><\/td><td style=\"width: 15.6835%;height: 24px;text-align: center\"><strong><em>Finalidade<\/em><\/strong><\/td><td style=\"width: 20.2878%;height: 24px;text-align: center\"><strong><em>Hip\u00f3tese de tratamento <\/em><\/strong><\/td><td style=\"width: 35.1078%;height: 24px;text-align: center\"><strong><em>Legisla\u00e7\u00e3o<\/em><\/strong><\/td><td style=\"width: 1.43885%;height: 24px;text-align: center\"><strong><em>Tempo de uso e\/ou reten\u00e7\u00e3o do dado<\/em><\/strong><\/td><td style=\"width: 15.6835%;height: 24px\"><strong><em>Agente Respons\u00e1vel pelo tratamento<\/em><\/strong><\/td><\/tr><tr style=\"height: 24px\"><td style=\"width: 17.2661%;height: 24px;vertical-align: top\"><ul><li>Nome<\/li><li>G\u00eanero<\/li><li>Ano de nascimento<\/li><li>Cor\/ra\u00e7a<\/li><li>Identifica\u00e7\u00e3o com grupos minorit\u00e1rios<\/li><li>Estado civil<\/li><li>Escolaridade<\/li><li>Dados de contato (pa\u00eds de resid\u00eancia telefone e e-mail)<\/li><li>Dados de curr\u00edculo (LinkedIn, Curr\u00edculo e ORCID)<\/li><li>Dados sobre ingresso<\/li><li>Recebimento de bolsa durante a realiza\u00e7\u00e3o do curso<\/li><li>Dados sobre renda e atividade profissional<\/li><\/ul><\/td><td style=\"width: 15.6835%;height: 24px;vertical-align: top;text-align: center\"><p>A finalidade da pesquisa de acompanhamento de egressos(as) aplicada pela CPA \u00e9 coletar informa\u00e7\u00f5es sobre as experi\u00eancias dos ex-alunos(as) durante e ap\u00f3s o t\u00e9rmino do curso na UFSM. Ap\u00f3s o tratamento dos dados, essas informa\u00e7\u00f5es ser\u00e3o transformadas em pain\u00e9is e\/ou relat\u00f3rios, que, por sua vez, servir\u00e3o de subs\u00eddio para:<br \/>\u2013 o acompanhamento dos objetivos institucionais do PDI; <br \/>\u2013 formula\u00e7\u00e3o de pol\u00edticas internas (contemplando tanto os pr\u00f3prios egressos e egressas, quanto cursos, \u00e1reas, unidades de ensino e demais unidades relacionadas, como PROGRAD, PRPGP e CTE); <br \/>\u2013 atualiza\u00e7\u00e3o de curr\u00edculos; <br \/>\u2013 avalia\u00e7\u00e3o externa de cursos de gradua\u00e7\u00e3o e p\u00f3s-gradua\u00e7\u00e3o.<br \/>A pesquisa faz parte do processo de autoavalia\u00e7\u00e3o institucional da UFSM e est\u00e1 alinhada \u00e0 Pol\u00edtica de Pol\u00edtica de Acompanhamento de Egressos da institui\u00e7\u00e3o.<\/p><\/td><td style=\"width: 20.2878%;height: 24px;vertical-align: top;text-align: center\"><p><span style=\"text-decoration: underline\"><small><a href=\"http:\/\/legislacao.planalto.gov.br\/legisla\/legislacao.nsf\/Viw_Identificacao\/lei%2013.709-2018?OpenDocument\">LEI N\u00ba 13.709, DE 14 DE AGOSTO DE 2018<\/a><\/small><\/span><\/p><p>Art. 7\u00ba O tratamento de dados pessoais somente poder\u00e1 ser realizado nas seguintes hip\u00f3teses:<\/p><p>I &#8211; mediante o fornecimento de consentimento pelo titular;<\/p><p>III &#8211; pela administra\u00e7\u00e3o p\u00fablica, para o tratamento e uso compartilhado de dados necess\u00e1rios \u00e0 execu\u00e7\u00e3o de pol\u00edticas p\u00fablicas previstas em leis e regulamentos ou respaldadas em contratos, conv\u00eanios ou instrumentos cong\u00eaneres, observadas as disposi\u00e7\u00f5es do Cap\u00edtulo IV desta Lei.<\/p><\/td><td style=\"width: 35.1078%;height: 24px;vertical-align: top;text-align: center\"><p>&#8211; arts. 9\u00ba, inciso VIII; 42-B; e 46 da Lei N. 9.394, de 20 de dezembro de 1996, que estabelece as diretrizes e bases da educa\u00e7\u00e3o nacional;<\/p><p>&#8211; arts. 2\u00ba, incisos I, II e III; 3\u00ba; 4\u00ba; e 11, caput e inciso II, da Lei n\u00ba 10.861\/2004 \u2013 Institui o Sistema Nacional de Avalia\u00e7\u00e3o da Educa\u00e7\u00e3o Superior \u2013 SINAES.<\/p><p>&#8211; Portaria n\u00b0 1.382, de 31 de outubro de 2017, do Minist\u00e9rio da Educa\u00e7\u00e3o (MEC), que aprova, em extratos, os indicadores dos Instrumentos de Avalia\u00e7\u00e3o Institucional Externa para os atos de credenciamento, recredenciamento e transforma\u00e7\u00e3o de organiza\u00e7\u00e3o acad\u00eamica nas modalidades presencial e a dist\u00e2ncia do Sistema Nacional de Avalia\u00e7\u00e3o da Educa\u00e7\u00e3o Superior \u2013 Sinaes;<\/p><p>&#8211; Portaria MEC n\u00b0 1.383, de 16 de novembro de 2017, que aprova, em extrato, os indicadores do Instrumento de Avalia\u00e7\u00e3o de Cursos de Gradua\u00e7\u00e3o para os atos de autoriza\u00e7\u00e3o, reconhecimento e renova\u00e7\u00e3o de reconhecimento nas modalidades presencial e a dist\u00e2ncia do Sistema Nacional de Avalia\u00e7\u00e3o da Educa\u00e7\u00e3o Superior \u2013 Sinaes;<\/p><p>&#8211; art. 24 da Portaria n\u00ba 122, de 5 de Agosto de 2021, que Consolida os par\u00e2metros e os procedimentos gerais da Avalia\u00e7\u00e3o Quadrienal de Perman\u00eancia da p\u00f3s-gradua\u00e7\u00e3o stricto sensu no Brasil;<\/p><p>&#8211; Plano de Desenvolvimento Institucional 2016-2026 da UFSM, em especial no que disp\u00f5e o Plano de Metas vigente;<\/p><p>&#8211; Resolu\u00e7\u00e3o UFSM n\u00b0 067, de 29 de novembro de 2021, que aprova a regulamenta\u00e7\u00e3o da Comiss\u00e3o Pr\u00f3pria de Avalia\u00e7\u00e3o, das Comiss\u00f5es Setoriais de Avalia\u00e7\u00e3o e dos processos relacionados a avalia\u00e7\u00e3o interna da institui\u00e7\u00e3o no \u00e2mbito da Universidade Federal de Santa Maria (UFSM);<\/p><p>&#8211; Resolu\u00e7\u00e3o UFSM N\u00b0 140\/2023, que estabelece a Pol\u00edtica de Acompanhamento de Egressos(as) (Volver UFSM) no \u00e2mbito da Universidade Federal de Santa Maria (UFSM), em especial no que disp\u00f5e o art. 7\u00ba.<\/p><\/td><td style=\"width: 1.43885%;height: 24px;vertical-align: top;text-align: center\">Enquanto houver o monitoramento do perfil de egressos na UFSM.<\/td><td style=\"width: 15.6835%;vertical-align: top;height: 24px;text-align: center\"><p>Coordenadoria de Planejamento Informacional (COPLIN)\u00a0<\/p><p>Coordenadoria de Planejamento e Avalia\u00e7\u00e3o Institucional (COPLAI)<\/p><p>Comiss\u00e3o Pr\u00f3pria de Avalia\u00e7\u00e3o\u00a0 (CPA)<\/p><\/td><\/tr><\/tbody><\/table><p>Os egressos respondentes que desejem revogar o consentimento dos dados informados na pesquisa, devem entrar em contato pelo e-mail lgpd@ufsm.br<\/p><\/div>\n\t\t\t\t<\/div>\n\t\t\t\t\t\t\t<div class=\"elementor-toggle-item\">\n\t\t\t\t\t<div id=\"elementor-tab-title-7483\" class=\"elementor-tab-title\" data-tab=\"3\" role=\"button\" aria-controls=\"elementor-tab-content-7483\" aria-expanded=\"false\">\n\t\t\t\t\t\t\t\t\t\t\t\t<span class=\"elementor-toggle-icon elementor-toggle-icon-left\" aria-hidden=\"true\">\n\t\t\t\t\t\t\t\t\t\t\t\t\t\t\t<span class=\"elementor-toggle-icon-closed\"><i class=\"fas fa-caret-right\"><\/i><\/span>\n\t\t\t\t\t\t\t\t<span class=\"elementor-toggle-icon-opened\"><i class=\"elementor-toggle-icon-opened fas fa-caret-up\"><\/i><\/span>\n\t\t\t\t\t\t\t\t\t\t\t\t\t<\/span>\n\t\t\t\t\t\t\t\t\t\t\t\t<a class=\"elementor-toggle-title\" tabindex=\"0\">Question\u00e1rio para monitorar o poss\u00edvel surto de rotav\u00edrus no campus e na comunidade acad\u00eamica<\/a>\n\t\t\t\t\t<\/div>\n\n\t\t\t\t\t<div id=\"elementor-tab-content-7483\" class=\"elementor-tab-content elementor-clearfix\" data-tab=\"3\" role=\"region\" aria-labelledby=\"elementor-tab-title-7483\"><table style=\"border-collapse: collapse;width: 100%;height: 48px\"><tbody><tr style=\"height: 24px\"><td style=\"width: 27.842%;height: 24px\"><strong><em>Dado pessoal coletado<\/em><\/strong><\/td><td style=\"width: 5.94648%;height: 24px\"><strong><em>Finalidade<\/em><\/strong><\/td><td style=\"width: 16.8439%;height: 24px\"><strong><em>Hip\u00f3tese de tratamento <\/em><\/strong><\/td><td style=\"width: 23.6294%;height: 24px\"><strong><em>Legisla\u00e7\u00e3o<\/em><\/strong><\/td><td style=\"width: 13.1635%;height: 24px\"><strong><em>Tempo de uso e\/ou reten\u00e7\u00e3o do dado<\/em><\/strong><\/td><td style=\"width: 17.7236%;height: 24px\"><strong><em>Agente Respons\u00e1vel pelo tratamento<\/em><\/strong><\/td><\/tr><tr style=\"height: 24px\"><td style=\"width: 27.842%;height: 24px;vertical-align: top\">N\u00famero de telefone<\/td><td style=\"width: 5.94648%;height: 24px;vertical-align: top\">Contato para a\u00e7\u00f5es de rastreamento, se necess\u00e1rio<\/td><td style=\"width: 16.8439%;height: 24px;vertical-align: top\">Consentimento do titular e Tutela da sa\u00fade<\/td><td style=\"width: 23.6294%;height: 24px;vertical-align: top\">LGPD (Art. 7\u00ba, I e Art. 11, II, &#8220;f&#8221;)<\/td><td style=\"width: 13.1635%;height: 24px;vertical-align: top\">At\u00e9 o fim da campanha de vigil\u00e2ncia e controle do surto<\/td><td style=\"width: 17.7236%;vertical-align: top;height: 24px\">UFSM e Vigil\u00e2ncia Epidemiol\u00f3gica de Santa Maria<\/td><\/tr><tr><td style=\"width: 27.842%;vertical-align: top\">Data dos primeiros sintomas<\/td><td style=\"width: 5.94648%;vertical-align: top\">Identifica\u00e7\u00e3o do per\u00edodo de infec\u00e7\u00e3o para rastreamento<\/td><td style=\"width: 16.8439%;vertical-align: top\">Tutela da sa\u00fade e Prote\u00e7\u00e3o da vida e incolumidade f\u00edsica<\/td><td style=\"width: 23.6294%;vertical-align: top\">LGPD (Art. 11, II, &#8220;f&#8221; e Art. 7\u00ba, VII)<\/td><td style=\"width: 13.1635%;vertical-align: top\">At\u00e9 a conclus\u00e3o da an\u00e1lise epidemiol\u00f3gica do surto<\/td><td style=\"width: 17.7236%;vertical-align: top\">UFSM e Vigil\u00e2ncia Epidemiol\u00f3gica de Santa Maria<\/td><\/tr><tr><td style=\"width: 27.842%;vertical-align: top\">Sintomas (diarreia, febre, v\u00f4mito, etc.)<\/td><td style=\"width: 5.94648%;vertical-align: top\">Monitoramento de sa\u00fade para identificar e controlar a propaga\u00e7\u00e3o do rotav\u00edrus<\/td><td style=\"width: 16.8439%;vertical-align: top\">Tutela da sa\u00fade<\/td><td style=\"width: 23.6294%;vertical-align: top\">LGPD (Art. 11, II, &#8220;f&#8221;)<\/td><td style=\"width: 13.1635%;vertical-align: top\">At\u00e9 o fim da campanha de vigil\u00e2ncia e controle do surto<\/td><td style=\"width: 17.7236%;vertical-align: top\">UFSM e Vigil\u00e2ncia Epidemiol\u00f3gica de Santa Maria<\/td><\/tr><tr><td style=\"width: 27.842%;vertical-align: top\">Locais onde se alimentou<\/td><td style=\"width: 5.94648%;vertical-align: top\">Rastrear poss\u00edveis fontes de contamina\u00e7\u00e3o<\/td><td style=\"width: 16.8439%;vertical-align: top\">Tutela da sa\u00fade e execu\u00e7\u00e3o de pol\u00edticas p\u00fablicas<\/td><td style=\"width: 23.6294%;vertical-align: top\">LGPD (Art. 11, II, &#8220;f&#8221; e Art. 7\u00ba, III)<\/td><td style=\"width: 13.1635%;vertical-align: top\">At\u00e9 a conclus\u00e3o da an\u00e1lise epidemiol\u00f3gica do surto<\/td><td style=\"width: 17.7236%;vertical-align: top\">UFSM e Vigil\u00e2ncia Epidemiol\u00f3gica de Santa Maria<\/td><\/tr><tr><td style=\"width: 27.842%;vertical-align: top\">Estado atual de sa\u00fade (assintom\u00e1tico ou n\u00e3o)<\/td><td style=\"width: 5.94648%;vertical-align: top\">Acompanhamento da evolu\u00e7\u00e3o da sa\u00fade e determina\u00e7\u00e3o de casos resolvidos<\/td><td style=\"width: 16.8439%;vertical-align: top\">Tutela da sa\u00fade e prote\u00e7\u00e3o da vida<\/td><td style=\"width: 23.6294%;vertical-align: top\">LGPD (Art. 11, II, &#8220;f&#8221; e Art. 7\u00ba, VII)<\/td><td style=\"width: 13.1635%;vertical-align: top\">At\u00e9 o fim da campanha de vigil\u00e2ncia e controle do surto<\/td><td style=\"width: 17.7236%;vertical-align: top\">UFSM e Vigil\u00e2ncia Epidemiol\u00f3gica de Santa Maria<\/td><\/tr><\/tbody><\/table><p>Os titulares respondentes que desejem revogar o consentimento dos dados informados na pesquisa, devem entrar em contato pelo e-mail lgpd@ufsm.br<\/p><\/div>\n\t\t\t\t<\/div>\n\t\t\t\t\t\t\t<div class=\"elementor-toggle-item\">\n\t\t\t\t\t<div id=\"elementor-tab-title-7484\" class=\"elementor-tab-title\" data-tab=\"4\" role=\"button\" aria-controls=\"elementor-tab-content-7484\" aria-expanded=\"false\">\n\t\t\t\t\t\t\t\t\t\t\t\t<span class=\"elementor-toggle-icon elementor-toggle-icon-left\" aria-hidden=\"true\">\n\t\t\t\t\t\t\t\t\t\t\t\t\t\t\t<span class=\"elementor-toggle-icon-closed\"><i class=\"fas fa-caret-right\"><\/i><\/span>\n\t\t\t\t\t\t\t\t<span class=\"elementor-toggle-icon-opened\"><i class=\"elementor-toggle-icon-opened fas fa-caret-up\"><\/i><\/span>\n\t\t\t\t\t\t\t\t\t\t\t\t\t<\/span>\n\t\t\t\t\t\t\t\t\t\t\t\t<a class=\"elementor-toggle-title\" tabindex=\"0\">Sele\u00e7\u00e3o de Bolsistas<\/a>\n\t\t\t\t\t<\/div>\n\n\t\t\t\t\t<div id=\"elementor-tab-content-7484\" class=\"elementor-tab-content elementor-clearfix\" data-tab=\"4\" role=\"region\" aria-labelledby=\"elementor-tab-title-7484\"><p>\u00a0<\/p><table style=\"border-collapse: collapse;width: 100%;height: 48px\"><tbody><tr style=\"height: 24px\"><td style=\"width: 17.1009%;height: 24px;text-align: center\"><strong>Dado pessoal coletado<\/strong><\/td><td style=\"width: 16.6876%;height: 24px;text-align: center\"><strong>Finalidade<\/strong><\/td><td style=\"width: 30.0427%;height: 24px;text-align: center\"><strong>Hip\u00f3tese de tratamento<\/strong><\/td><td style=\"width: 13.5362%;height: 24px;text-align: center\"><strong>Legisla\u00e7\u00e3o<\/strong><\/td><td style=\"width: 10.0579%;height: 24px;text-align: center\"><strong>Tempo de uso e\/ou reten\u00e7\u00e3o do dado<\/strong><\/td><td style=\"width: 17.7236%;height: 24px;text-align: center\"><strong>Agente Respons\u00e1vel pelo tratamento<\/strong><\/td><\/tr><tr><td style=\"width: 17.1009%;text-align: left\"><ul><li>Nome completo<\/li><li>CPF<\/li><li>Matr\u00edcula<\/li><li>Curso<\/li><li>Semestre atual<\/li><li>Data prov\u00e1vel de formatura<\/li><li>Benef\u00edcio socioecon\u00f4mico<\/li><li>E-mail<\/li><li>Telefone \/ Whatsapp<\/li><\/ul><\/td><td style=\"width: 16.6876%;text-align: center\"><p>Identifica\u00e7\u00e3o em sistemas da UFSM. <span style=\"font-family: inherit;font-size: inherit\">An\u00e1lise do perfil do estudante a fim de direcionamento \u00e0s vagas ofertadas. <\/span><span style=\"font-family: inherit;font-size: inherit\">Para atendimento ao Decreto n\u00ba 7.234, de 19 de julho de 2010. <\/span>Comunica\u00e7\u00e3o e contato.<\/p><\/td><td style=\"width: 30.0427%;text-align: center\"><p><a href=\"http:\/\/legislacao.planalto.gov.br\/legisla\/legislacao.nsf\/Viw_Identificacao\/lei%2013.709-2018?OpenDocument\">LEI N\u00ba 13.709, DE 14 DE AGOSTO DE 2018<\/a><\/p><p>Art. 7\u00ba O tratamento de dados pessoais somente poder\u00e1 ser realizado nas seguintes hip\u00f3teses:<\/p><p>III \u2013 pela administra\u00e7\u00e3o p\u00fablica, para o tratamento e uso compartilhado de dados necess\u00e1rios \u00e0 execu\u00e7\u00e3o de pol\u00edticas p\u00fablicas previstas em leis e regulamentos ou respaldadas em contratos, conv\u00eanios ou instrumentos cong\u00eaneres, observadas as disposi\u00e7\u00f5es do Cap\u00edtulo IV desta Lei;<\/p><\/td><td style=\"width: 13.5362%;text-align: center\"><p>Art. 4\u00ba. Par\u00e1grafo \u00fanico do Decreto n\u00ba 7.234, de 19 de julho de 2010. Disp\u00f5e sobre o Programa Nacional de Assist\u00eancia Estudantil &#8211; PNAES.<\/p><\/td><td style=\"width: 10.0579%;text-align: center\"><p>Ser\u00e1 seguida a Tabela de Temporalidade dos Documentos, de acordo com cada tipo de documento onde constam os dados.<\/p><\/td><td style=\"width: 17.7236%;text-align: left\"><p>Unidade respons\u00e1vel pelo Edital<\/p><\/td><\/tr><\/tbody><\/table><\/div>\n\t\t\t\t<\/div>\n\t\t\t\t\t\t\t\t<\/div>\n\t\t\t\t<\/div>\n\t\t\t\t<\/div>\n\t\t\t\t\t<\/div>\n\t\t<\/div>\n\t\t\t\t\t<\/div>\n\t\t<\/section>\n\t\t\t\t<section class=\"elementor-section elementor-top-section elementor-element elementor-element-45a0306 elementor-section-boxed elementor-section-height-default elementor-section-height-default\" data-id=\"45a0306\" data-element_type=\"section\">\n\t\t\t\t\t\t<div class=\"elementor-container elementor-column-gap-default\">\n\t\t\t\t\t<div class=\"elementor-column elementor-col-100 elementor-top-column elementor-element elementor-element-fba4a9d\" data-id=\"fba4a9d\" data-element_type=\"column\">\n\t\t\t<div class=\"elementor-widget-wrap\">\n\t\t\t\t\t\t\t<\/div>\n\t\t<\/div>\n\t\t\t\t\t<\/div>\n\t\t<\/section>\n\t\t\t\t<\/div>\n\t\t","protected":false},"excerpt":{"rendered":"<p>Confirma\u00e7\u00e3o de Vaga e Habilita\u00e7\u00e3o para a Chamada Oral (Ingresso na Gradua\u00e7\u00e3o) Dado pessoal coletado Finalidade Hip\u00f3tese de tratamento Legisla\u00e7\u00e3o Tempo de uso e\/ou reten\u00e7\u00e3o do dado Agente Respons\u00e1vel pelo tratamento NomeN\u00famero e imagem do CPFData de nascimentoFotografiaSexoEstado civilEtniaDefici\u00eanciaDados de nacionalidade e naturalidadeNomes dos genitoresDados de contato (endere\u00e7o, telefone e e-mail)Dados e imagem do documento [&hellip;]<\/p>\n","protected":false},"author":302,"featured_media":0,"parent":0,"menu_order":0,"comment_status":"closed","ping_status":"closed","template":"","meta":{"footnotes":""},"categories":[],"tags":[],"class_list":["post-176","page","type-page","status-publish","hentry"],"acf":[],"_links":{"self":[{"href":"https:\/\/www.ufsm.br\/reitoria\/acesso-a-informacao\/lgpd\/wp-json\/wp\/v2\/pages\/176","targetHints":{"allow":["GET"]}}],"collection":[{"href":"https:\/\/www.ufsm.br\/reitoria\/acesso-a-informacao\/lgpd\/wp-json\/wp\/v2\/pages"}],"about":[{"href":"https:\/\/www.ufsm.br\/reitoria\/acesso-a-informacao\/lgpd\/wp-json\/wp\/v2\/types\/page"}],"author":[{"embeddable":true,"href":"https:\/\/www.ufsm.br\/reitoria\/acesso-a-informacao\/lgpd\/wp-json\/wp\/v2\/users\/302"}],"replies":[{"embeddable":true,"href":"https:\/\/www.ufsm.br\/reitoria\/acesso-a-informacao\/lgpd\/wp-json\/wp\/v2\/comments?post=176"}],"version-history":[{"count":0,"href":"https:\/\/www.ufsm.br\/reitoria\/acesso-a-informacao\/lgpd\/wp-json\/wp\/v2\/pages\/176\/revisions"}],"wp:attachment":[{"href":"https:\/\/www.ufsm.br\/reitoria\/acesso-a-informacao\/lgpd\/wp-json\/wp\/v2\/media?parent=176"}],"wp:term":[{"taxonomy":"category","embeddable":true,"href":"https:\/\/www.ufsm.br\/reitoria\/acesso-a-informacao\/lgpd\/wp-json\/wp\/v2\/categories?post=176"},{"taxonomy":"post_tag","embeddable":true,"href":"https:\/\/www.ufsm.br\/reitoria\/acesso-a-informacao\/lgpd\/wp-json\/wp\/v2\/tags?post=176"}],"curies":[{"name":"wp","href":"https:\/\/api.w.org\/{rel}","templated":true}]}}