{"id":42,"date":"2018-08-29T18:17:40","date_gmt":"2018-08-29T21:17:40","guid":{"rendered":"https:\/\/www.ufsm.br\/reitoria\/acesso-a-informacao\/?page_id=42"},"modified":"2023-11-24T15:09:09","modified_gmt":"2023-11-24T18:09:09","slug":"participacao-social","status":"publish","type":"page","link":"https:\/\/www.ufsm.br\/reitoria\/acesso-a-informacao\/participacao-social","title":{"rendered":"Participa\u00e7\u00e3o Social"},"content":{"rendered":"\t\t<div data-elementor-type=\"wp-page\" data-elementor-id=\"42\" class=\"elementor elementor-42\">\n\t\t\t\t\t\t<section class=\"elementor-section elementor-top-section elementor-element elementor-element-20e3424c elementor-section-boxed elementor-section-height-default elementor-section-height-default\" data-id=\"20e3424c\" data-element_type=\"section\">\n\t\t\t\t\t\t<div class=\"elementor-container elementor-column-gap-default\">\n\t\t\t\t\t<div class=\"elementor-column elementor-col-100 elementor-top-column elementor-element elementor-element-63035106\" data-id=\"63035106\" data-element_type=\"column\">\n\t\t\t<div class=\"elementor-widget-wrap elementor-element-populated\">\n\t\t\t\t\t\t<div class=\"elementor-element elementor-element-95b9cb4 elementor-widget elementor-widget-text-editor\" data-id=\"95b9cb4\" data-element_type=\"widget\" data-widget_type=\"text-editor.default\">\n\t\t\t\t<div class=\"elementor-widget-container\">\n\t\t\t\t\t\t\t<p>A UFSM \u00e9 uma institui\u00e7\u00e3o democr\u00e1tica com v\u00e1rios meios de participa\u00e7\u00e3o social e uma forte atua\u00e7\u00e3o junto \u00e0 comunidade em que est\u00e1 inserida.<\/p><p>Alguns que se destacam s\u00e3o os <a href=\"https:\/\/www.ufsm.br\/reitoria\/avaliacao\/\">instrumentos de avalia\u00e7\u00e3o,<\/a> participa\u00e7\u00e3o em comiss\u00f5es, discuss\u00f5es abertas \u00e0 comunidade, participa\u00e7\u00e3o em projetos, f\u00f3runs, audi\u00eancias p\u00fablicas, <a href=\"https:\/\/www.ufsm.br\/pro-reitorias\/proplan\/orgaos-colegiados\">\u00d3rg\u00e3os Colegiados<\/a> e <a href=\"http:\/\/ouvidoria.ufsm.br\/\">\u00a0Ouvidoria<\/a>.<\/p><p>Os eventos em geral, as reuni\u00f5es, as audi\u00eancias\u00a0<span style=\"color: #000000;font-size: 16px\">p\u00fablicas,\u00a0<\/span><span style=\"color: black;font-size: 1rem\">entre outros s\u00e3o divulgadas na se\u00e7\u00e3o de not\u00edcias do site da UFSM, nas redes sociais, nas <a href=\"https:\/\/www.ufsm.br\/orgaos-suplementares\/radio\">R\u00e1dios UNIFM e R\u00e1dio Universidade AM<\/a> e\u00a0na <a href=\"https:\/\/www.ufsm.br\/midias\/tvcampus\" target=\"_blank\" rel=\"noopener\">TV Campus<\/a>.\u00a0<\/span><\/p><p>O Sistema de Comunica\u00e7\u00e3o completo pode ser conhecido no site da <a href=\"https:\/\/www.ufsm.br\/comunicacao\/\" target=\"_blank\" rel=\"noopener\">Coordenadoria de Comunica\u00e7\u00e3o<\/a>.\u00a0<\/p>\t\t\t\t\t\t<\/div>\n\t\t\t\t<\/div>\n\t\t\t\t\t<\/div>\n\t\t<\/div>\n\t\t\t\t\t<\/div>\n\t\t<\/section>\n\t\t\t\t<\/div>\n\t\t","protected":false},"excerpt":{"rendered":"<p>A UFSM \u00e9 uma institui\u00e7\u00e3o democr\u00e1tica com v\u00e1rios meios de participa\u00e7\u00e3o social e uma forte atua\u00e7\u00e3o junto \u00e0 comunidade em que est\u00e1 inserida. Alguns que se destacam s\u00e3o os instrumentos de avalia\u00e7\u00e3o, participa\u00e7\u00e3o em comiss\u00f5es, discuss\u00f5es abertas \u00e0 comunidade, participa\u00e7\u00e3o em projetos, f\u00f3runs, audi\u00eancias p\u00fablicas, \u00d3rg\u00e3os Colegiados e \u00a0Ouvidoria. Os eventos em geral, as reuni\u00f5es, [&hellip;]<\/p>\n","protected":false},"author":196,"featured_media":0,"parent":0,"menu_order":0,"comment_status":"closed","ping_status":"closed","template":"","meta":{"footnotes":""},"categories":[],"tags":[],"class_list":["post-42","page","type-page","status-publish","hentry"],"acf":[],"_links":{"self":[{"href":"https:\/\/www.ufsm.br\/reitoria\/acesso-a-informacao\/wp-json\/wp\/v2\/pages\/42","targetHints":{"allow":["GET"]}}],"collection":[{"href":"https:\/\/www.ufsm.br\/reitoria\/acesso-a-informacao\/wp-json\/wp\/v2\/pages"}],"about":[{"href":"https:\/\/www.ufsm.br\/reitoria\/acesso-a-informacao\/wp-json\/wp\/v2\/types\/page"}],"author":[{"embeddable":true,"href":"https:\/\/www.ufsm.br\/reitoria\/acesso-a-informacao\/wp-json\/wp\/v2\/users\/196"}],"replies":[{"embeddable":true,"href":"https:\/\/www.ufsm.br\/reitoria\/acesso-a-informacao\/wp-json\/wp\/v2\/comments?post=42"}],"version-history":[{"count":0,"href":"https:\/\/www.ufsm.br\/reitoria\/acesso-a-informacao\/wp-json\/wp\/v2\/pages\/42\/revisions"}],"wp:attachment":[{"href":"https:\/\/www.ufsm.br\/reitoria\/acesso-a-informacao\/wp-json\/wp\/v2\/media?parent=42"}],"wp:term":[{"taxonomy":"category","embeddable":true,"href":"https:\/\/www.ufsm.br\/reitoria\/acesso-a-informacao\/wp-json\/wp\/v2\/categories?post=42"},{"taxonomy":"post_tag","embeddable":true,"href":"https:\/\/www.ufsm.br\/reitoria\/acesso-a-informacao\/wp-json\/wp\/v2\/tags?post=42"}],"curies":[{"name":"wp","href":"https:\/\/api.w.org\/{rel}","templated":true}]}}