{"id":391,"date":"2019-07-23T13:54:01","date_gmt":"2019-07-23T16:54:01","guid":{"rendered":"https:\/\/www.ufsm.br\/reitoria\/avaliacao\/csaccs\/?page_id=391"},"modified":"2019-09-05T14:10:51","modified_gmt":"2019-09-05T17:10:51","slug":"cadernos-de-avaliacao","status":"publish","type":"page","link":"https:\/\/www.ufsm.br\/reitoria\/avaliacao\/csaccs\/cadernos-de-avaliacao","title":{"rendered":"Cadernos de avalia\u00e7\u00e3o"},"content":{"rendered":"\n<h5>Avalia\u00e7\u00e3o Docente pelo Discente &#8211; 2017<\/h5>\n<p><strong>Segundo Semestre<\/strong><\/p>\n<p><a href=\"https:\/\/www.ufsm.br\/reitoria\/avaliacao\/csaccs\/wp-content\/uploads\/sites\/732\/2019\/09\/Comparao-entre-cursos-2017-ii.pdf\">Relat\u00f3rio dos Cursos de Gradua\u00e7\u00e3o do CCS\u00a0<\/a><\/p>\n<p><a href=\"https:\/\/www.ufsm.br\/reitoria\/avaliacao\/csaccs\/wp-content\/uploads\/sites\/732\/2019\/09\/Avaliacao-Insitucional-Enfermagem-2017-ii.pdf\">Enfermagem<\/a><\/p>\n<p><a href=\"https:\/\/www.ufsm.br\/reitoria\/avaliacao\/csaccs\/wp-content\/uploads\/sites\/732\/2019\/09\/Avaliacao-Insitucional-Farmcia-2017-ii.pdf\">Farm\u00e1cia<\/a><\/p>\n<p><a href=\"https:\/\/www.ufsm.br\/reitoria\/avaliacao\/csaccs\/wp-content\/uploads\/sites\/732\/2019\/09\/Avaliacao-Insitucional-Fisioterapia-2017-ii.pdf\">Fisioterapia<\/a><\/p>\n<p><a href=\"https:\/\/www.ufsm.br\/reitoria\/avaliacao\/csaccs\/wp-content\/uploads\/sites\/732\/2019\/09\/Avaliacao-Insitucional-Fonoaudiologia-2017-ii.pdf\">Fonoaudiologia<\/a><\/p>\n<p><a href=\"https:\/\/www.ufsm.br\/reitoria\/avaliacao\/csaccs\/wp-content\/uploads\/sites\/732\/2019\/09\/Avaliacao-Insitucional-Medicina-2017-ii.pdf\">Medicina<\/a><\/p>\n<p><a href=\"https:\/\/www.ufsm.br\/reitoria\/avaliacao\/csaccs\/wp-content\/uploads\/sites\/732\/2019\/09\/Avaliacao-Insitucional-Odontologia-2017-ii.pdf\">Odontologia<\/a><\/p>\n<p><a href=\"https:\/\/www.ufsm.br\/reitoria\/avaliacao\/csaccs\/wp-content\/uploads\/sites\/732\/2019\/09\/Avaliacao-Insitucional-Terapia-Ocupacional-2017-ii.pdf\">Terapia Ocupacional<\/a><\/p>\n<p>\u00a0<\/p>\n<p><strong>Primeiro Semestre\u00a0<\/strong><\/p>\n<p><a href=\"https:\/\/www.ufsm.br\/reitoria\/avaliacao\/csaccs\/wp-content\/uploads\/sites\/732\/2019\/09\/CCS.pdf\">Dados Gerais do CCS CPA<\/a><\/p>\n<p><a href=\"https:\/\/www.ufsm.br\/reitoria\/avaliacao\/csaccs\/wp-content\/uploads\/sites\/732\/2019\/09\/Comparao-dos-cursos-2017-i.pdf\">Relat\u00f3rio dos Cursos de Gradua\u00e7\u00e3o do CCS<\/a><\/p>\n<p><a href=\"https:\/\/www.ufsm.br\/reitoria\/avaliacao\/csaccs\/wp-content\/uploads\/sites\/732\/2019\/09\/Avaliao-Institucional-2017-Enfermagem-2017-i.pdf\">Enfermagem<\/a><\/p>\n<p><a href=\"https:\/\/www.ufsm.br\/reitoria\/avaliacao\/csaccs\/wp-content\/uploads\/sites\/732\/2019\/09\/Avaliao-Institucional-2017-Farmcia-2017-i.pdf\">Farm\u00e1cia<\/a><\/p>\n<p><a href=\"https:\/\/www.ufsm.br\/reitoria\/avaliacao\/csaccs\/wp-content\/uploads\/sites\/732\/2019\/09\/Avaliao-Institucional-2017-Fisioterapia-2017-i-final.pdf\">Fisioterapia\u00a0<\/a><\/p>\n<p><a href=\"https:\/\/www.ufsm.br\/reitoria\/avaliacao\/csaccs\/wp-content\/uploads\/sites\/732\/2019\/09\/Avaliao-Institucional-2017-Fonoaudiologia-2017-i.pdf\">Fonoaudiologia\u00a0<\/a><\/p>\n<p><a href=\"https:\/\/www.ufsm.br\/reitoria\/avaliacao\/csaccs\/wp-content\/uploads\/sites\/732\/2019\/09\/Avaliao-Institucional-2017-medicina-2017-i.pdf\">Medicina\u00a0<\/a><\/p>\n<p><a href=\"https:\/\/www.ufsm.br\/reitoria\/avaliacao\/csaccs\/wp-content\/uploads\/sites\/732\/2019\/09\/Avaliao-Institucional-2017-medicina-2017-i-1.pdf\">Odontologia\u00a0<\/a><\/p>\n<p><a href=\"https:\/\/www.ufsm.br\/reitoria\/avaliacao\/csaccs\/wp-content\/uploads\/sites\/732\/2019\/09\/Avaliao-Institucional-2017-Terapia-Ocupacional-2017i-1.pdf\">Terapia Ocupacional<\/a><\/p>\n<p>\u00a0<\/p>\n<div class=\"elementor-element elementor-element-cf35d8c elementor-widget elementor-widget-heading\" data-id=\"cf35d8c\">\n<div class=\"elementor-widget-container\">\n<h5 class=\"elementor-heading-title elementor-size-default\">Avalia\u00e7\u00e3o Docente pelo Discente &#8211; 2016<\/h5>\n<\/div>\n<\/div>\n<div class=\"elementor-element elementor-element-f4c7e1e elementor-widget elementor-widget-text-editor\" data-id=\"f4c7e1e\">\n<div class=\"elementor-widget-container\">\n<div class=\"elementor-text-editor elementor-clearfix\">\n<p><strong>Segundo Semestre\u00a0<\/strong><\/p>\n<p><a href=\"https:\/\/www.ufsm.br\/reitoria\/avaliacao\/csaccs\/wp-content\/uploads\/sites\/732\/2019\/09\/CCS-1.pdf\">Dados Gerais do CCS CPA<\/a><\/p>\n<p><a href=\"https:\/\/www.ufsm.br\/reitoria\/avaliacao\/csaccs\/wp-content\/uploads\/sites\/732\/2019\/09\/1-RELAT\u00d3RIO-AVALIA\u00c7\u00c3O-DOCENTE-2016-2-CCS-todos-cursos-tabela.pdf\">Relat\u00f3rio dos Cursos de Gradua\u00e7\u00e3o do CCS<\/a><\/p>\n<p><a href=\"https:\/\/www.ufsm.br\/reitoria\/avaliacao\/csaccs\/wp-content\/uploads\/sites\/732\/2019\/09\/2-RELAT\u00d3RIO-AVALIA\u00c7\u00c3O-DOCENTE-2016-2-CCS-Enfermagem-1-1.pdf\">Enfermagem\u00a0<\/a><\/p>\n<p><a href=\"https:\/\/www.ufsm.br\/reitoria\/avaliacao\/csaccs\/wp-content\/uploads\/sites\/732\/2019\/09\/3-RELAT\u00d3RIO-AVALIA\u00c7\u00c3O-DOCENTE-2016-2-CCS-Farm\u00e1cia-2.pdf\">Farm\u00e1cia\u00a0<\/a><\/p>\n<p><a href=\"https:\/\/www.ufsm.br\/reitoria\/avaliacao\/csaccs\/wp-content\/uploads\/sites\/732\/2019\/09\/4-RELAT\u00d3RIO-AVALIA\u00c7\u00c3O-DOCENTE-2016-2-CCS-Fisio.pdf\">Fisioterapia\u00a0<\/a><\/p>\n<p><a href=\"https:\/\/www.ufsm.br\/reitoria\/avaliacao\/csaccs\/wp-content\/uploads\/sites\/732\/2019\/09\/5-RELAT\u00d3RIO-AVALIA\u00c7\u00c3O-DOCENTE-2016-2-CCS-Fono.pdf\">Fonoaudiologia\u00a0<\/a><\/p>\n<p><a href=\"https:\/\/www.ufsm.br\/reitoria\/avaliacao\/csaccs\/wp-content\/uploads\/sites\/732\/2019\/09\/6-RELAT\u00d3RIO-AVALIA\u00c7\u00c3O-DOCENTE-2016-2-CCS-Medicina.pdf\">Medicina<\/a><\/p>\n<p><a href=\"https:\/\/www.ufsm.br\/reitoria\/avaliacao\/csaccs\/wp-content\/uploads\/sites\/732\/2019\/09\/7-RELAT\u00d3RIO-AVALIA\u00c7\u00c3O-DOCENTE-2016-2-CCS-Odonto.pdf\">Odontologia<\/a><\/p>\n<p><a href=\"https:\/\/www.ufsm.br\/reitoria\/avaliacao\/csaccs\/wp-content\/uploads\/sites\/732\/2019\/09\/8-RELAT\u00d3RIO-AVALIA\u00c7\u00c3O-DOCENTE-2016-2-CCS-Terapia-Ocupacional.pdf\">Terapia Ocupacional<\/a><\/p>\n<p><strong>Primeiro Semestre\u00a0<\/strong><\/p>\n<p><a href=\"https:\/\/www.ufsm.br\/reitoria\/avaliacao\/csaccs\/wp-content\/uploads\/sites\/732\/2019\/09\/RESPOSTAS_CCS.pdf\">Dados Gerais do CCS CPA<\/a><\/p>\n<p><a href=\"https:\/\/www.ufsm.br\/reitoria\/avaliacao\/csaccs\/wp-content\/uploads\/sites\/732\/2019\/09\/1-RELAT\u00d3RIO-AVALIA\u00c7\u00c3O-DOCENTE-2016-1-CCS-todos-cursos-tabela-1.pdf\">Relat\u00f3rio dos Cursos de Gradua\u00e7\u00e3o do CCS<\/a><\/p>\n<p><a href=\"https:\/\/www.ufsm.br\/reitoria\/avaliacao\/csaccs\/wp-content\/uploads\/sites\/732\/2019\/09\/2-RELAT\u00d3RIO-AVALIA\u00c7\u00c3O-DOCENTE-2016-1-CCS-Enfermagem-1.pdf\">Enfermagem\u00a0<\/a><\/p>\n<p><a href=\"https:\/\/www.ufsm.br\/unidades-universitarias\/ccs\/wp-content\/uploads\/sites\/371\/2018\/09\/3-RELAT%C3%93RIO-AVALIA%C3%87%C3%83O-DOCENTE-2016-1-CCS-Farm%C3%A1cia-1.pdf\">Farm\u00e1cia\u00a0<\/a><\/p>\n<p><a href=\"https:\/\/www.ufsm.br\/reitoria\/avaliacao\/csaccs\/wp-content\/uploads\/sites\/732\/2019\/09\/4-RELAT\u00d3RIO-AVALIA\u00c7\u00c3O-DOCENTE-2016-1-CCS-Fisio.pdf\">Fisioterapia\u00a0<\/a><\/p>\n<p><a href=\"https:\/\/www.ufsm.br\/reitoria\/avaliacao\/csaccs\/wp-content\/uploads\/sites\/732\/2019\/09\/5-RELAT\u00d3RIO-AVALIA\u00c7\u00c3O-DOCENTE-2016-1-CCS-Fono-1.pdf\">Fonoaudiologia\u00a0\u00a0<\/a><\/p>\n<p><a href=\"https:\/\/www.ufsm.br\/reitoria\/avaliacao\/csaccs\/wp-content\/uploads\/sites\/732\/2019\/09\/6-RELAT\u00d3RIO-AVALIA\u00c7\u00c3O-DOCENTE-2016-1-CCS-Medicina.pdf\">Medicina\u00a0<\/a><\/p>\n<p><a href=\"https:\/\/www.ufsm.br\/reitoria\/avaliacao\/csaccs\/wp-content\/uploads\/sites\/732\/2019\/09\/7-RELAT\u00d3RIO-AVALIA\u00c7\u00c3O-DOCENTE-2016-1-CCS-Odonto.pdf\">Odontologia\u00a0<\/a><\/p>\n<p><a href=\"https:\/\/www.ufsm.br\/reitoria\/avaliacao\/csaccs\/wp-content\/uploads\/sites\/732\/2019\/09\/8-RELAT\u00d3RIO-AVALIA\u00c7\u00c3O-DOCENTE-2016-1-CCS-Terapia-Ocupacional.pdf\">Terapia Ocupacional\u00a0<\/a><\/p>\n<\/div>\n<\/div>\n<\/div>\n<p>\u00a0<\/p>\n<div class=\"elementor-element elementor-element-246b4ec elementor-widget elementor-widget-heading\" data-id=\"246b4ec\">\n<div class=\"elementor-widget-container\">\n<h5 class=\"elementor-heading-title elementor-size-default\">Autoavalia\u00e7\u00e3o Institucional &#8211; 2016<\/h5>\n<\/div>\n<\/div>\n<div class=\"elementor-element elementor-element-85b4143 elementor-widget elementor-widget-text-editor\" data-id=\"85b4143\">\n<div class=\"elementor-widget-container\">\n<div class=\"elementor-text-editor elementor-clearfix\">\n<p><a href=\"https:\/\/www.ufsm.br\/reitoria\/avaliacao\/csaccs\/wp-content\/uploads\/sites\/732\/2019\/09\/CCS-2.pdf\">Resultado da Pesquisa de Autoavalia\u00e7\u00e3o Institucional\u00a0<\/a><\/p>\n<p><strong>Relat\u00f3rio Autoavalia\u00e7\u00e3o\u00a0<\/strong><\/p>\n<p><a href=\"https:\/\/www.ufsm.br\/reitoria\/avaliacao\/csaccs\/wp-content\/uploads\/sites\/732\/2019\/09\/Avalia\u00e7\u00e3o_institucional_2016_-Enfermagem-1-1.pdf\">Enfermagem\u00a0<\/a><\/p>\n<p><a href=\"https:\/\/www.ufsm.br\/reitoria\/avaliacao\/csaccs\/wp-content\/uploads\/sites\/732\/2019\/09\/Avalia\u00e7\u00e3o_institucional_2016_-_Farmacia-1-1.pdf\">Farm\u00e1cia\u00a0<\/a><\/p>\n<p><a href=\"https:\/\/www.ufsm.br\/reitoria\/avaliacao\/csaccs\/wp-content\/uploads\/sites\/732\/2019\/09\/Avalia\u00e7\u00e3o_institucional_2016_-_FISIOTERAPIA-1.pdf\">Fisioterapia\u00a0<\/a><\/p>\n<p><a href=\"https:\/\/www.ufsm.br\/reitoria\/avaliacao\/csaccs\/wp-content\/uploads\/sites\/732\/2019\/09\/Avalia\u00e7\u00e3o_institucional_2016_-_Fonoaudiologia.pdf\">Fonoaudiologia\u00a0<\/a><\/p>\n<p><a href=\"https:\/\/www.ufsm.br\/reitoria\/avaliacao\/csaccs\/wp-content\/uploads\/sites\/732\/2019\/09\/Avalia\u00e7\u00e3o_institucional_2016_-_MEDICINA.pdf\">Medicina\u00a0<\/a><\/p>\n<p><a href=\"https:\/\/www.ufsm.br\/reitoria\/avaliacao\/csaccs\/wp-content\/uploads\/sites\/732\/2019\/09\/Avalia\u00e7\u00e3o_institucional_2016_-Odontologia.pdf\">Odontologia\u00a0<\/a><\/p>\n<p><a href=\"https:\/\/www.ufsm.br\/reitoria\/avaliacao\/csaccs\/wp-content\/uploads\/sites\/732\/2019\/09\/Avalia\u00e7\u00e3o_institucional_2016_-Terapia_Ocupacional.pdf\">Terapia Ocupacional\u00a0<\/a><\/p>\n<p><a href=\"https:\/\/www.ufsm.br\/avaliacaoufsm\/index.php\/2015-09-04-11-43-45\/resultados-da-pesquisa-de-autoavaliacao?layout=edit&amp;id=39\">Resultado da Pesquisa de Autoavalia\u00e7\u00e3o Institucional \u2013 2014<\/a><\/p>\n<\/div>\n<\/div>\n<\/div>\n<p>\u00a0<\/p>\n","protected":false},"excerpt":{"rendered":"<p>Avalia\u00e7\u00e3o Docente pelo Discente &#8211; 2017 Segundo Semestre Relat\u00f3rio dos Cursos de Gradua\u00e7\u00e3o do CCS\u00a0 Enfermagem Farm\u00e1cia Fisioterapia Fonoaudiologia Medicina Odontologia Terapia Ocupacional \u00a0 Primeiro Semestre\u00a0 Dados Gerais do CCS CPA Relat\u00f3rio dos Cursos de Gradua\u00e7\u00e3o do CCS Enfermagem Farm\u00e1cia Fisioterapia\u00a0 Fonoaudiologia\u00a0 Medicina\u00a0 Odontologia\u00a0 Terapia Ocupacional \u00a0 Avalia\u00e7\u00e3o Docente pelo Discente &#8211; 2016 Segundo Semestre\u00a0 [&hellip;]<\/p>\n","protected":false},"author":723,"featured_media":0,"parent":0,"menu_order":0,"comment_status":"closed","ping_status":"closed","template":"","meta":{"footnotes":""},"categories":[],"tags":[],"class_list":["post-391","page","type-page","status-publish","hentry"],"acf":[],"_links":{"self":[{"href":"https:\/\/www.ufsm.br\/reitoria\/avaliacao\/csaccs\/wp-json\/wp\/v2\/pages\/391","targetHints":{"allow":["GET"]}}],"collection":[{"href":"https:\/\/www.ufsm.br\/reitoria\/avaliacao\/csaccs\/wp-json\/wp\/v2\/pages"}],"about":[{"href":"https:\/\/www.ufsm.br\/reitoria\/avaliacao\/csaccs\/wp-json\/wp\/v2\/types\/page"}],"author":[{"embeddable":true,"href":"https:\/\/www.ufsm.br\/reitoria\/avaliacao\/csaccs\/wp-json\/wp\/v2\/users\/723"}],"replies":[{"embeddable":true,"href":"https:\/\/www.ufsm.br\/reitoria\/avaliacao\/csaccs\/wp-json\/wp\/v2\/comments?post=391"}],"version-history":[{"count":0,"href":"https:\/\/www.ufsm.br\/reitoria\/avaliacao\/csaccs\/wp-json\/wp\/v2\/pages\/391\/revisions"}],"wp:attachment":[{"href":"https:\/\/www.ufsm.br\/reitoria\/avaliacao\/csaccs\/wp-json\/wp\/v2\/media?parent=391"}],"wp:term":[{"taxonomy":"category","embeddable":true,"href":"https:\/\/www.ufsm.br\/reitoria\/avaliacao\/csaccs\/wp-json\/wp\/v2\/categories?post=391"},{"taxonomy":"post_tag","embeddable":true,"href":"https:\/\/www.ufsm.br\/reitoria\/avaliacao\/csaccs\/wp-json\/wp\/v2\/tags?post=391"}],"curies":[{"name":"wp","href":"https:\/\/api.w.org\/{rel}","templated":true}]}}