{"id":22,"date":"2019-05-14T17:01:42","date_gmt":"2019-05-14T20:01:42","guid":{"rendered":"https:\/\/www.ufsm.br\/template-laboratprio\/?page_id=22"},"modified":"2025-10-10T14:16:15","modified_gmt":"2025-10-10T17:16:15","slug":"sobre","status":"publish","type":"page","link":"https:\/\/www.ufsm.br\/reitoria\/avaliacao\/csaccsh\/sobre","title":{"rendered":"Sobre"},"content":{"rendered":"\n<div class=\"item-page\">\n<p>A Comiss\u00e3o de Avalia\u00e7\u00e3o c<span style=\"font-size: revert;color: initial\">ompete:<\/span><\/p>\n<ul>\n<li>\n<p>I \u2013 sensibilizar a comunidade acad\u00eamica da respectiva unidade para os processos de avalia\u00e7\u00e3o institucional do CCSH;<\/p>\n<p>II \u2013 desenvolver o processo de autoavalia\u00e7\u00e3o na unidade, conforme o projeto de autoavalia\u00e7\u00e3o da Universidade e orienta\u00e7\u00f5es da CPA;<\/p>\n<p>III \u2013 sistematizar e prestar as informa\u00e7\u00f5es solicitadas pela CPA;<\/p>\n<p>IV \u2013 acompanhar os processos de avalia\u00e7\u00f5es interna e externa espec\u00edficas dos cursos da respectiva unidade de ensino;<\/p>\n<p>V \u2013 fornecer aos(\u00e0s) gestores(as) e coordenadores(as) de curso da respectiva unidade de ensino relat\u00f3rios anal\u00edticos e diagn\u00f3sticos com base nos resultados das avalia\u00e7\u00f5es internas coordenadas pela CPA, bem como relacionados aos indicadores estrat\u00e9gicos previstos no PDI da UFSM;<\/p>\n<p>VI \u2013 fornecer \u00e0 CPA, relat\u00f3rio anual de avalia\u00e7\u00e3o da unidade de ensino, fundamentado nos resultados das avalia\u00e7\u00f5es internas, externas e indicadores estrat\u00e9gicos adotados no PDI da UFSM, apresentando a\u00e7\u00f5es realizadas e previstas com base no diagn\u00f3stico; e,<\/p>\n<p>VII \u2013 reunir-se periodicamente, conforme considerar adequado, para delibera\u00e7\u00f5es no \u00e2mbito da respectiva unidade de ensino.<\/p>\n<\/li>\n<\/ul>\n<\/div>\n","protected":false},"excerpt":{"rendered":"<p>A Comiss\u00e3o de Avalia\u00e7\u00e3o compete: I \u2013 sensibilizar a comunidade acad\u00eamica da respectiva unidade para os processos de avalia\u00e7\u00e3o institucional do CCSH; II \u2013 desenvolver o processo de autoavalia\u00e7\u00e3o na unidade, conforme o projeto de autoavalia\u00e7\u00e3o da Universidade e orienta\u00e7\u00f5es da CPA; III \u2013 sistematizar e prestar as informa\u00e7\u00f5es solicitadas pela CPA; IV \u2013 acompanhar [&hellip;]<\/p>\n","protected":false},"author":124,"featured_media":0,"parent":0,"menu_order":0,"comment_status":"closed","ping_status":"closed","template":"","meta":{"footnotes":""},"categories":[],"tags":[],"class_list":["post-22","page","type-page","status-publish","hentry"],"acf":[],"_links":{"self":[{"href":"https:\/\/www.ufsm.br\/reitoria\/avaliacao\/csaccsh\/wp-json\/wp\/v2\/pages\/22","targetHints":{"allow":["GET"]}}],"collection":[{"href":"https:\/\/www.ufsm.br\/reitoria\/avaliacao\/csaccsh\/wp-json\/wp\/v2\/pages"}],"about":[{"href":"https:\/\/www.ufsm.br\/reitoria\/avaliacao\/csaccsh\/wp-json\/wp\/v2\/types\/page"}],"author":[{"embeddable":true,"href":"https:\/\/www.ufsm.br\/reitoria\/avaliacao\/csaccsh\/wp-json\/wp\/v2\/users\/124"}],"replies":[{"embeddable":true,"href":"https:\/\/www.ufsm.br\/reitoria\/avaliacao\/csaccsh\/wp-json\/wp\/v2\/comments?post=22"}],"version-history":[{"count":0,"href":"https:\/\/www.ufsm.br\/reitoria\/avaliacao\/csaccsh\/wp-json\/wp\/v2\/pages\/22\/revisions"}],"wp:attachment":[{"href":"https:\/\/www.ufsm.br\/reitoria\/avaliacao\/csaccsh\/wp-json\/wp\/v2\/media?parent=22"}],"wp:term":[{"taxonomy":"category","embeddable":true,"href":"https:\/\/www.ufsm.br\/reitoria\/avaliacao\/csaccsh\/wp-json\/wp\/v2\/categories?post=22"},{"taxonomy":"post_tag","embeddable":true,"href":"https:\/\/www.ufsm.br\/reitoria\/avaliacao\/csaccsh\/wp-json\/wp\/v2\/tags?post=22"}],"curies":[{"name":"wp","href":"https:\/\/api.w.org\/{rel}","templated":true}]}}