{"id":459,"date":"2019-10-01T09:25:52","date_gmt":"2019-10-01T12:25:52","guid":{"rendered":"https:\/\/www.ufsm.br\/reitoria\/avaliacao\/csacefd\/?page_id=459"},"modified":"2019-10-01T11:19:50","modified_gmt":"2019-10-01T14:19:50","slug":"2017-2","status":"publish","type":"page","link":"https:\/\/www.ufsm.br\/reitoria\/avaliacao\/csacefd\/2017-2","title":{"rendered":"Relat\u00f3rios 2017"},"content":{"rendered":"\t\t<div data-elementor-type=\"wp-page\" data-elementor-id=\"459\" class=\"elementor elementor-459\">\n\t\t\t\t\t\t<section class=\"elementor-section elementor-top-section elementor-element elementor-element-92c57fc elementor-section-boxed elementor-section-height-default elementor-section-height-default\" data-id=\"92c57fc\" data-element_type=\"section\">\n\t\t\t\t\t\t<div class=\"elementor-container elementor-column-gap-default\">\n\t\t\t\t\t<div class=\"elementor-column elementor-col-100 elementor-top-column elementor-element elementor-element-efaa23b\" data-id=\"efaa23b\" data-element_type=\"column\">\n\t\t\t<div class=\"elementor-widget-wrap elementor-element-populated\">\n\t\t\t\t\t\t<div class=\"elementor-element elementor-element-3c3ab88 elementor-widget elementor-widget-text-editor\" data-id=\"3c3ab88\" data-element_type=\"widget\" data-widget_type=\"text-editor.default\">\n\t\t\t\t<div class=\"elementor-widget-container\">\n\t\t\t\t\t\t\t<p><a href=\"http:\/\/coral.ufsm.br\/enade\/images\/anexos\/2017\/SM\/Educao_Fisica.pdf\">Relat\u00f3rio de Curso ENADE 2017 \u2013 Educa\u00e7\u00e3o F\u00edsica Licenciatura<\/a><\/p><p><a href=\"https:\/\/www.ufsm.br\/reitoria\/avaliacao\/wp-content\/uploads\/sites\/504\/2019\/01\/Relatorio_Final_Egresso_2017.pdf\">Pesquisa de Acompanhamento do Egresso CPA 2017<\/a><\/p><p><a href=\"https:\/\/www.ufsm.br\/reitoria\/avaliacao\/wp-content\/uploads\/sites\/504\/2019\/01\/RELATORIO_PARTICIPACAO_GRADUACAO.pdf\">Relat\u00f3rio de Participa\u00e7\u00e3o na Avalia\u00e7\u00e3o Docente 2017\/2 &#8211; Discentes de Gradua\u00e7\u00e3o: Modalidade Presencial<\/a><\/p><p><a href=\"https:\/\/www.ufsm.br\/reitoria\/avaliacao\/wp-content\/uploads\/sites\/504\/2019\/01\/CEFD-3.pdf\">Relat\u00f3rio das Respostas Obtidas na Pesquisa de Avalia\u00e7\u00e3o Docente 2017\/1 \u2013 CEFD: Modalidade presencial<\/a><\/p><p><a href=\"https:\/\/www.ufsm.br\/reitoria\/avaliacao\/wp-content\/uploads\/sites\/504\/2019\/01\/Relatorio_Autoavaliacao_2017_MARCO2018.pdf\">Relat\u00f3rio Integral: Autoavalia\u00e7\u00e3o Institucional da UFSM 2015-2017 &#8211; CPA<\/a><\/p>\t\t\t\t\t\t<\/div>\n\t\t\t\t<\/div>\n\t\t\t\t\t<\/div>\n\t\t<\/div>\n\t\t\t\t\t<\/div>\n\t\t<\/section>\n\t\t\t\t<\/div>\n\t\t","protected":false},"excerpt":{"rendered":"<p>Relat\u00f3rio de Curso ENADE 2017 \u2013 Educa\u00e7\u00e3o F\u00edsica Licenciatura Pesquisa de Acompanhamento do Egresso CPA 2017 Relat\u00f3rio de Participa\u00e7\u00e3o na Avalia\u00e7\u00e3o Docente 2017\/2 &#8211; Discentes de Gradua\u00e7\u00e3o: Modalidade Presencial Relat\u00f3rio das Respostas Obtidas na Pesquisa de Avalia\u00e7\u00e3o Docente 2017\/1 \u2013 CEFD: Modalidade presencial Relat\u00f3rio Integral: Autoavalia\u00e7\u00e3o Institucional da UFSM 2015-2017 &#8211; CPA<\/p>\n","protected":false},"author":1886,"featured_media":0,"parent":0,"menu_order":0,"comment_status":"closed","ping_status":"closed","template":"","meta":{"footnotes":""},"categories":[],"tags":[],"class_list":["post-459","page","type-page","status-publish","hentry"],"acf":[],"_links":{"self":[{"href":"https:\/\/www.ufsm.br\/reitoria\/avaliacao\/csacefd\/wp-json\/wp\/v2\/pages\/459","targetHints":{"allow":["GET"]}}],"collection":[{"href":"https:\/\/www.ufsm.br\/reitoria\/avaliacao\/csacefd\/wp-json\/wp\/v2\/pages"}],"about":[{"href":"https:\/\/www.ufsm.br\/reitoria\/avaliacao\/csacefd\/wp-json\/wp\/v2\/types\/page"}],"author":[{"embeddable":true,"href":"https:\/\/www.ufsm.br\/reitoria\/avaliacao\/csacefd\/wp-json\/wp\/v2\/users\/1886"}],"replies":[{"embeddable":true,"href":"https:\/\/www.ufsm.br\/reitoria\/avaliacao\/csacefd\/wp-json\/wp\/v2\/comments?post=459"}],"version-history":[{"count":0,"href":"https:\/\/www.ufsm.br\/reitoria\/avaliacao\/csacefd\/wp-json\/wp\/v2\/pages\/459\/revisions"}],"wp:attachment":[{"href":"https:\/\/www.ufsm.br\/reitoria\/avaliacao\/csacefd\/wp-json\/wp\/v2\/media?parent=459"}],"wp:term":[{"taxonomy":"category","embeddable":true,"href":"https:\/\/www.ufsm.br\/reitoria\/avaliacao\/csacefd\/wp-json\/wp\/v2\/categories?post=459"},{"taxonomy":"post_tag","embeddable":true,"href":"https:\/\/www.ufsm.br\/reitoria\/avaliacao\/csacefd\/wp-json\/wp\/v2\/tags?post=459"}],"curies":[{"name":"wp","href":"https:\/\/api.w.org\/{rel}","templated":true}]}}