{"id":457,"date":"2023-06-13T11:30:38","date_gmt":"2023-06-13T14:30:38","guid":{"rendered":"https:\/\/www.ufsm.br\/reitoria\/avaliacao\/csacs\/?page_id=457"},"modified":"2023-06-13T11:32:07","modified_gmt":"2023-06-13T14:32:07","slug":"enade","status":"publish","type":"page","link":"https:\/\/www.ufsm.br\/reitoria\/avaliacao\/csacs\/enade","title":{"rendered":"ENADE"},"content":{"rendered":"\t\t<div data-elementor-type=\"wp-page\" data-elementor-id=\"457\" class=\"elementor elementor-457\">\n\t\t\t\t\t\t<section class=\"elementor-section elementor-top-section elementor-element elementor-element-4f9f4f71 elementor-section-boxed elementor-section-height-default elementor-section-height-default\" data-id=\"4f9f4f71\" data-element_type=\"section\">\n\t\t\t\t\t\t<div class=\"elementor-container elementor-column-gap-default\">\n\t\t\t\t\t<div class=\"elementor-column elementor-col-100 elementor-top-column elementor-element elementor-element-1f76acde\" data-id=\"1f76acde\" data-element_type=\"column\">\n\t\t\t<div class=\"elementor-widget-wrap elementor-element-populated\">\n\t\t\t\t\t\t<div class=\"elementor-element elementor-element-b8e86b4 elementor-widget elementor-widget-heading\" data-id=\"b8e86b4\" data-element_type=\"widget\" data-widget_type=\"heading.default\">\n\t\t\t\t<div class=\"elementor-widget-container\">\n\t\t\t<h5 class=\"elementor-heading-title elementor-size-default\">Sobre o ENADE:<\/h5>\t\t<\/div>\n\t\t\t\t<\/div>\n\t\t\t\t<div class=\"elementor-element elementor-element-3c2da0c7 elementor-widget elementor-widget-text-editor\" data-id=\"3c2da0c7\" data-element_type=\"widget\" data-widget_type=\"text-editor.default\">\n\t\t\t\t<div class=\"elementor-widget-container\">\n\t\t\t\t\t\t\t<p><!-- wp:tadv\/classic-paragraph --><\/p>\n<p><strong>O que \u00e9 o Enade?<\/strong><\/p>\n<p>O Exame Nacional de Desempenho de Estudantes \u00e9 um dos procedimentos de avalia\u00e7\u00e3o do Sistema Nacional de Avalia\u00e7\u00e3o da Educa\u00e7\u00e3o Superior (Sinaes). O objetivo do Enade \u00e9 avaliar o desempenho dos estudantes com rela\u00e7\u00e3o aos conte\u00fados program\u00e1ticos previstos nas diretrizes curriculares dos cursos de gradua\u00e7\u00e3o,o desenvolvimento de compet\u00eancias e habilidades necess\u00e1ria ao aprofundamento da forma\u00e7\u00e3o geral e profissional, e o n\u00edvel de atualiza\u00e7\u00e3o dos estudantes com rela\u00e7\u00e3o \u00e0 realidade brasileira e mundial, integrando o Sinaes, juntamente com a avalia\u00e7\u00e3o institucional e a avalia\u00e7\u00e3o dos cursos de gradua\u00e7\u00e3o.<\/p>\n<p><strong>O Enade \u00e9 obrigat\u00f3rio?\u00a0<\/strong><\/p>\n<p>Conforme disposi\u00e7\u00e3o do art. 5\u00ba, \u00a7 5\u00ba, da Lei n\u00ba. 10.861\/2004, o Enade constitui-se componente curricular obrigat\u00f3rio, sendo inscrita no hist\u00f3rico escolar do estudante somente a situa\u00e7\u00e3o regular com rela\u00e7\u00e3o a essa obriga\u00e7\u00e3o.\u00a0<strong>O estudante selecionado que n\u00e3o comparecer ao Exame estar\u00e1 em situa\u00e7\u00e3o irregular junto ao Enade e impedido de colar grau.<br \/><\/strong><\/p>\n<p><strong>A realiza\u00e7\u00e3o do Enade abranger\u00e1 a aplica\u00e7\u00e3o dos seguintes instrumentos:<\/strong><\/p>\n<ul>\n<li>Prova;<\/li>\n<li>Question\u00e1rio do Estudante: destinado a levantar informa\u00e7\u00f5es que permitam caracterizar o perfil dos estudantes e o contexto de seus processos formativos, relevantes para a compreens\u00e3o dos resultados dos estudantes no Enade. O question\u00e1rio do estudante \u00e9 de preenchimento obrigat\u00f3rio, de modo que o n\u00e3o preenchimento implica em irregularidade perante o exame;<\/li>\n<li>Question\u00e1rio de Percep\u00e7\u00e3o de Prova: destinado a levantar informa\u00e7\u00f5es que permitam aferir a percep\u00e7\u00e3o dos estudantes em rela\u00e7\u00e3o \u00e0 prova, auxiliando, tamb\u00e9m, na compreens\u00e3o dos resultados dos estudantes no Enade;<\/li>\n<li>Question\u00e1rio do Coordenador de Curso: destinado a levantar informa\u00e7\u00f5es que permitam caracterizar o perfil do coordenador de curso e o contexto dos processos formativos, auxiliando, tamb\u00e9m, na compreens\u00e3o dos resultados dos estudantes no Enade.<\/li>\n<\/ul>\n<p><!-- \/wp:tadv\/classic-paragraph --><\/p>\t\t\t\t\t\t<\/div>\n\t\t\t\t<\/div>\n\t\t\t\t\t<\/div>\n\t\t<\/div>\n\t\t\t\t\t<\/div>\n\t\t<\/section>\n\t\t\t\t<\/div>\n\t\t","protected":false},"excerpt":{"rendered":"<p>Sobre o ENADE: O que \u00e9 o Enade? O Exame Nacional de Desempenho de Estudantes \u00e9 um dos procedimentos de avalia\u00e7\u00e3o do Sistema Nacional de Avalia\u00e7\u00e3o da Educa\u00e7\u00e3o Superior (Sinaes). O objetivo do Enade \u00e9 avaliar o desempenho dos estudantes com rela\u00e7\u00e3o aos conte\u00fados program\u00e1ticos previstos nas diretrizes curriculares dos cursos de gradua\u00e7\u00e3o,o desenvolvimento de [&hellip;]<\/p>\n","protected":false},"author":293,"featured_media":0,"parent":0,"menu_order":0,"comment_status":"closed","ping_status":"closed","template":"","meta":{"footnotes":""},"categories":[],"tags":[],"class_list":["post-457","page","type-page","status-publish","hentry"],"acf":[],"_links":{"self":[{"href":"https:\/\/www.ufsm.br\/reitoria\/avaliacao\/csacs\/wp-json\/wp\/v2\/pages\/457","targetHints":{"allow":["GET"]}}],"collection":[{"href":"https:\/\/www.ufsm.br\/reitoria\/avaliacao\/csacs\/wp-json\/wp\/v2\/pages"}],"about":[{"href":"https:\/\/www.ufsm.br\/reitoria\/avaliacao\/csacs\/wp-json\/wp\/v2\/types\/page"}],"author":[{"embeddable":true,"href":"https:\/\/www.ufsm.br\/reitoria\/avaliacao\/csacs\/wp-json\/wp\/v2\/users\/293"}],"replies":[{"embeddable":true,"href":"https:\/\/www.ufsm.br\/reitoria\/avaliacao\/csacs\/wp-json\/wp\/v2\/comments?post=457"}],"version-history":[{"count":0,"href":"https:\/\/www.ufsm.br\/reitoria\/avaliacao\/csacs\/wp-json\/wp\/v2\/pages\/457\/revisions"}],"wp:attachment":[{"href":"https:\/\/www.ufsm.br\/reitoria\/avaliacao\/csacs\/wp-json\/wp\/v2\/media?parent=457"}],"wp:term":[{"taxonomy":"category","embeddable":true,"href":"https:\/\/www.ufsm.br\/reitoria\/avaliacao\/csacs\/wp-json\/wp\/v2\/categories?post=457"},{"taxonomy":"post_tag","embeddable":true,"href":"https:\/\/www.ufsm.br\/reitoria\/avaliacao\/csacs\/wp-json\/wp\/v2\/tags?post=457"}],"curies":[{"name":"wp","href":"https:\/\/api.w.org\/{rel}","templated":true}]}}

<div data-elementor-type="wp-page" data-elementor-id="457" class="elementor elementor-457">
						<section class="elementor-section elementor-top-section elementor-element elementor-element-4f9f4f71 elementor-section-boxed elementor-section-height-default elementor-section-height-default" data-id="4f9f4f71" data-element_type="section">
						<div class="elementor-container elementor-column-gap-default">
					<div class="elementor-column elementor-col-100 elementor-top-column elementor-element elementor-element-1f76acde" data-id="1f76acde" data-element_type="column">
			<div class="elementor-widget-wrap elementor-element-populated">
						<div class="elementor-element elementor-element-b8e86b4 elementor-widget elementor-widget-heading" data-id="b8e86b4" data-element_type="widget" data-widget_type="heading.default">
				<div class="elementor-widget-container">
			<h5 class="elementor-heading-title elementor-size-default">Sobre o ENADE:</h5>		</div>
				</div>
				<div class="elementor-element elementor-element-3c2da0c7 elementor-widget elementor-widget-text-editor" data-id="3c2da0c7" data-element_type="widget" data-widget_type="text-editor.default">
				<div class="elementor-widget-container">
							<p><!-- wp:tadv/classic-paragraph --></p>
<p><strong>O que é o Enade?</strong></p>
<p>O Exame Nacional de Desempenho de Estudantes é um dos procedimentos de avaliação do Sistema Nacional de Avaliação da Educação Superior (Sinaes). O objetivo do Enade é avaliar o desempenho dos estudantes com relação aos conteúdos programáticos previstos nas diretrizes curriculares dos cursos de graduação,o desenvolvimento de competências e habilidades necessária ao aprofundamento da formação geral e profissional, e o nível de atualização dos estudantes com relação à realidade brasileira e mundial, integrando o Sinaes, juntamente com a avaliação institucional e a avaliação dos cursos de graduação.</p>
<p><strong>O Enade é obrigatório? </strong></p>
<p>Conforme disposição do art. 5º, § 5º, da Lei nº. 10.861/2004, o Enade constitui-se componente curricular obrigatório, sendo inscrita no histórico escolar do estudante somente a situação regular com relação a essa obrigação. <strong>O estudante selecionado que não comparecer ao Exame estará em situação irregular junto ao Enade e impedido de colar grau.<br /></strong></p>
<p><strong>A realização do Enade abrangerá a aplicação dos seguintes instrumentos:</strong></p>
<ul>
<li>Prova;</li>
<li>Questionário do Estudante: destinado a levantar informações que permitam caracterizar o perfil dos estudantes e o contexto de seus processos formativos, relevantes para a compreensão dos resultados dos estudantes no Enade. O questionário do estudante é de preenchimento obrigatório, de modo que o não preenchimento implica em irregularidade perante o exame;</li>
<li>Questionário de Percepção de Prova: destinado a levantar informações que permitam aferir a percepção dos estudantes em relação à prova, auxiliando, também, na compreensão dos resultados dos estudantes no Enade;</li>
<li>Questionário do Coordenador de Curso: destinado a levantar informações que permitam caracterizar o perfil do coordenador de curso e o contexto dos processos formativos, auxiliando, também, na compreensão dos resultados dos estudantes no Enade.</li>
</ul>
<p><!-- /wp:tadv/classic-paragraph --></p>						</div>
				</div>
					</div>
		</div>
					</div>
		</section>
				</div>

<p>Sobre o ENADE: O que é o Enade? O Exame Nacional de Desempenho de Estudantes é um dos procedimentos de avaliação do Sistema Nacional de Avaliação da Educação Superior (Sinaes). O objetivo do Enade é avaliar o desempenho dos estudantes com relação aos conteúdos programáticos previstos nas diretrizes curriculares dos cursos de graduação,o desenvolvimento de [&hellip;]</p>
