{"id":889,"date":"2025-10-09T13:38:54","date_gmt":"2025-10-09T16:38:54","guid":{"rendered":"https:\/\/www.ufsm.br\/reitoria\/avaliacao\/csante\/?page_id=889"},"modified":"2025-10-09T13:45:47","modified_gmt":"2025-10-09T16:45:47","slug":"encontros-da-csa-cte","status":"publish","type":"page","link":"https:\/\/www.ufsm.br\/reitoria\/avaliacao\/csante\/encontros-da-csa-cte","title":{"rendered":"REUNI\u00d5ES E ENCONTROS DA CSA\/CTE"},"content":{"rendered":"\t\t<div data-elementor-type=\"wp-page\" data-elementor-id=\"889\" class=\"elementor elementor-889\">\n\t\t\t\t\t\t<section class=\"elementor-section elementor-top-section elementor-element elementor-element-6acfad3 elementor-section-boxed elementor-section-height-default elementor-section-height-default\" data-id=\"6acfad3\" data-element_type=\"section\">\n\t\t\t\t\t\t<div class=\"elementor-container elementor-column-gap-default\">\n\t\t\t\t\t<div class=\"elementor-column elementor-col-100 elementor-top-column elementor-element elementor-element-24d6e07\" data-id=\"24d6e07\" data-element_type=\"column\">\n\t\t\t<div class=\"elementor-widget-wrap elementor-element-populated\">\n\t\t\t\t\t\t<div class=\"elementor-element elementor-element-b5ef2f3 elementor-widget elementor-widget-image\" data-id=\"b5ef2f3\" data-element_type=\"widget\" data-widget_type=\"image.default\">\n\t\t\t\t<div class=\"elementor-widget-container\">\n\t\t\t\t\t\t\t\t\t\t\t\t\t<img fetchpriority=\"high\" decoding=\"async\" width=\"1920\" height=\"1080\" src=\"https:\/\/www.ufsm.br\/app\/uploads\/sites\/741\/2025\/10\/2-1.jpg\" class=\"attachment-full size-full wp-image-892\" alt=\"\" srcset=\"https:\/\/www.ufsm.br\/app\/uploads\/sites\/741\/2025\/10\/2-1.jpg 1920w, https:\/\/www.ufsm.br\/app\/uploads\/sites\/741\/2025\/10\/2-1-300x169.jpg 300w, https:\/\/www.ufsm.br\/app\/uploads\/sites\/741\/2025\/10\/2-1-1024x576.jpg 1024w, https:\/\/www.ufsm.br\/app\/uploads\/sites\/741\/2025\/10\/2-1-768x432.jpg 768w, https:\/\/www.ufsm.br\/app\/uploads\/sites\/741\/2025\/10\/2-1-1536x864.jpg 1536w\" sizes=\"(max-width: 1920px) 100vw, 1920px\" \/>\t\t\t\t\t\t\t\t\t\t\t\t\t<\/div>\n\t\t\t\t<\/div>\n\t\t\t\t\t<\/div>\n\t\t<\/div>\n\t\t\t\t\t<\/div>\n\t\t<\/section>\n\t\t\t\t<section class=\"elementor-section elementor-top-section elementor-element elementor-element-893958d elementor-section-boxed elementor-section-height-default elementor-section-height-default\" data-id=\"893958d\" data-element_type=\"section\">\n\t\t\t\t\t\t<div class=\"elementor-container elementor-column-gap-default\">\n\t\t\t\t\t<div class=\"elementor-column elementor-col-100 elementor-top-column elementor-element elementor-element-1f945ea\" data-id=\"1f945ea\" data-element_type=\"column\">\n\t\t\t<div class=\"elementor-widget-wrap elementor-element-populated\">\n\t\t\t\t\t\t<div class=\"elementor-element elementor-element-1c88977 elementor-widget elementor-widget-text-editor\" data-id=\"1c88977\" data-element_type=\"widget\" data-widget_type=\"text-editor.default\">\n\t\t\t\t<div class=\"elementor-widget-container\">\n\t\t\t\t\t\t\t<p>A Comiss\u00e3o Setorial de Avalia\u00e7\u00e3o (CSA) da Coordenadoria de Tecnologia Educacional (CTE) da UFSM planeja suas a\u00e7\u00f5es anuais para os cursos de gradua\u00e7\u00e3o e p\u00f3s-gradua\u00e7\u00e3o a dist\u00e2ncia por meio de reuni\u00f5es semanais. Essas reuni\u00f5es alinham atividades e promovem decis\u00f5es colaborativas entre os membros da CSA, com apoio da CTE, coordenadores de curso, coordena\u00e7\u00e3o da UAB e coordena\u00e7\u00f5es dos polos. Nesta p\u00e1gina, voc\u00ea encontrar\u00e1 atas de nossas reuni\u00f5es, momentos-chave para o fortalecimento da educa\u00e7\u00e3o a dist\u00e2ncia (EAD) e informa\u00e7\u00f5es de contato para envio de pautas ou participa\u00e7\u00e3o.<\/p>\n<p>Atualmente a CSA faz suas delibera\u00e7\u00f5es por meio de pautas e tomada decis\u00e3o discutida entre todos os seus membros, junto com o auxilio da CTE, coordenadores de curso, coordena\u00e7\u00e3o UAB e coordena\u00e7\u00f5es de polo.<\/p>\n<p>Nesta p\u00e1gina voc\u00ea encontrar\u00e1 os registros das nossas reuni\u00f5es, momentos importantes na constru\u00e7\u00e3o do nosso EAD e nosso contato para encaminhamento de pautas e demais participa\u00e7\u00f5es.<\/p>\t\t\t\t\t\t<\/div>\n\t\t\t\t<\/div>\n\t\t\t\t\t<\/div>\n\t\t<\/div>\n\t\t\t\t\t<\/div>\n\t\t<\/section>\n\t\t\t\t<section class=\"elementor-section elementor-top-section elementor-element elementor-element-68c32dd elementor-section-boxed elementor-section-height-default elementor-section-height-default\" data-id=\"68c32dd\" data-element_type=\"section\">\n\t\t\t\t\t\t<div class=\"elementor-container elementor-column-gap-default\">\n\t\t\t\t\t<div class=\"elementor-column elementor-col-100 elementor-top-column elementor-element elementor-element-72f7c03\" data-id=\"72f7c03\" data-element_type=\"column\">\n\t\t\t<div class=\"elementor-widget-wrap elementor-element-populated\">\n\t\t\t\t\t\t<div class=\"elementor-element elementor-element-3d6a0c4 elementor-widget elementor-widget-image\" data-id=\"3d6a0c4\" data-element_type=\"widget\" data-widget_type=\"image.default\">\n\t\t\t\t<div class=\"elementor-widget-container\">\n\t\t\t\t\t\t\t\t\t\t\t\t\t<img decoding=\"async\" width=\"3000\" height=\"400\" src=\"https:\/\/www.ufsm.br\/app\/uploads\/sites\/741\/2025\/10\/1.jpg\" class=\"attachment-full size-full wp-image-890\" alt=\"\" srcset=\"https:\/\/www.ufsm.br\/app\/uploads\/sites\/741\/2025\/10\/1.jpg 3000w, https:\/\/www.ufsm.br\/app\/uploads\/sites\/741\/2025\/10\/1-300x40.jpg 300w, https:\/\/www.ufsm.br\/app\/uploads\/sites\/741\/2025\/10\/1-1024x137.jpg 1024w, https:\/\/www.ufsm.br\/app\/uploads\/sites\/741\/2025\/10\/1-768x102.jpg 768w, https:\/\/www.ufsm.br\/app\/uploads\/sites\/741\/2025\/10\/1-1536x205.jpg 1536w, https:\/\/www.ufsm.br\/app\/uploads\/sites\/741\/2025\/10\/1-2048x273.jpg 2048w\" sizes=\"(max-width: 3000px) 100vw, 3000px\" \/>\t\t\t\t\t\t\t\t\t\t\t\t\t<\/div>\n\t\t\t\t<\/div>\n\t\t\t\t\t<\/div>\n\t\t<\/div>\n\t\t\t\t\t<\/div>\n\t\t<\/section>\n\t\t\t\t<section class=\"elementor-section elementor-top-section elementor-element elementor-element-caf9294 elementor-section-boxed elementor-section-height-default elementor-section-height-default\" data-id=\"caf9294\" data-element_type=\"section\">\n\t\t\t\t\t\t<div class=\"elementor-container elementor-column-gap-default\">\n\t\t\t\t\t<div class=\"elementor-column elementor-col-50 elementor-top-column elementor-element elementor-element-fab9553\" data-id=\"fab9553\" data-element_type=\"column\">\n\t\t\t<div class=\"elementor-widget-wrap elementor-element-populated\">\n\t\t\t\t\t\t<div class=\"elementor-element elementor-element-3e886a7 elementor-widget elementor-widget-text-editor\" data-id=\"3e886a7\" data-element_type=\"widget\" data-widget_type=\"text-editor.default\">\n\t\t\t\t<div class=\"elementor-widget-container\">\n\t\t\t\t\t\t\t<p style=\"color: #000000;font-size: 16px\">Ano de <strong>2025<\/strong><\/p><p style=\"color: #000000;font-size: 16px\">Reuni\u00f5es de\u00a0<span style=\"font-weight: bolder\">Setembro<\/span>:\u00a0<a style=\"color: #204c90\" href=\"https:\/\/www.ufsm.br\/app\/uploads\/sites\/741\/2025\/10\/TOPICOS-DE-REUNIAO-SETEMBRO-.pdf\">Atas e Documentos<\/a><\/p><p style=\"color: #000000;font-size: 16px\">Reuni\u00f5es de<span style=\"font-weight: bolder\">\u00a0Outubro<\/span>: Atas e Documentos<\/p><p style=\"color: #000000;font-size: 16px\">Reuni\u00f5es de\u00a0<span style=\"font-weight: bolder\">Novembro<\/span>: Atas e Documentos<\/p><p style=\"color: #000000;font-size: 16px\">Reuni\u00f5es de\u00a0<span style=\"font-weight: bolder\">Dezembro<\/span>: Atas e Documentos<\/p>\t\t\t\t\t\t<\/div>\n\t\t\t\t<\/div>\n\t\t\t\t\t<\/div>\n\t\t<\/div>\n\t\t\t\t<div class=\"elementor-column elementor-col-50 elementor-top-column elementor-element elementor-element-e429ef1\" data-id=\"e429ef1\" data-element_type=\"column\">\n\t\t\t<div class=\"elementor-widget-wrap elementor-element-populated\">\n\t\t\t\t\t\t<section class=\"elementor-section elementor-inner-section elementor-element elementor-element-a6d18ac elementor-section-boxed elementor-section-height-default elementor-section-height-default\" data-id=\"a6d18ac\" data-element_type=\"section\">\n\t\t\t\t\t\t<div class=\"elementor-container elementor-column-gap-default\">\n\t\t\t\t\t<div class=\"elementor-column elementor-col-100 elementor-inner-column elementor-element elementor-element-fbcb6d4\" data-id=\"fbcb6d4\" data-element_type=\"column\">\n\t\t\t<div class=\"elementor-widget-wrap elementor-element-populated\">\n\t\t\t\t\t\t<div class=\"elementor-element elementor-element-8265dff elementor-widget elementor-widget-text-editor\" data-id=\"8265dff\" data-element_type=\"widget\" data-widget_type=\"text-editor.default\">\n\t\t\t\t<div class=\"elementor-widget-container\">\n\t\t\t\t\t\t\t<p style=\"color: #000000;font-size: 16px\">Ano de <strong>2026<\/strong><\/p><p style=\"color: #000000;font-size: 16px\">Reuni\u00f5es de\u00a0<span style=\"font-weight: bolder\">Janeiro<\/span>:\u00a0Atas e Documentos<\/p><p style=\"color: #000000;font-size: 16px\">Reuni\u00f5es de<b> Fevereiro<\/b>: Atas e Documentos<\/p><p>\u00a0<\/p>\t\t\t\t\t\t<\/div>\n\t\t\t\t<\/div>\n\t\t\t\t\t<\/div>\n\t\t<\/div>\n\t\t\t\t\t<\/div>\n\t\t<\/section>\n\t\t\t\t\t<\/div>\n\t\t<\/div>\n\t\t\t\t\t<\/div>\n\t\t<\/section>\n\t\t\t\t<section class=\"elementor-section elementor-top-section elementor-element elementor-element-3572029 elementor-section-boxed elementor-section-height-default elementor-section-height-default\" data-id=\"3572029\" data-element_type=\"section\">\n\t\t\t\t\t\t<div class=\"elementor-container elementor-column-gap-default\">\n\t\t\t\t\t<div class=\"elementor-column elementor-col-100 elementor-top-column elementor-element elementor-element-9eae378\" data-id=\"9eae378\" data-element_type=\"column\">\n\t\t\t<div class=\"elementor-widget-wrap elementor-element-populated\">\n\t\t\t\t\t\t<div class=\"elementor-element elementor-element-371ca13 elementor-widget elementor-widget-image\" data-id=\"371ca13\" data-element_type=\"widget\" data-widget_type=\"image.default\">\n\t\t\t\t<div class=\"elementor-widget-container\">\n\t\t\t\t\t\t\t\t\t\t\t\t\t<img decoding=\"async\" width=\"3000\" height=\"400\" src=\"https:\/\/www.ufsm.br\/app\/uploads\/sites\/741\/2025\/10\/SITE-NOVO-CSA-2-5.jpg\" class=\"attachment-full size-full wp-image-894\" alt=\"\" srcset=\"https:\/\/www.ufsm.br\/app\/uploads\/sites\/741\/2025\/10\/SITE-NOVO-CSA-2-5.jpg 3000w, https:\/\/www.ufsm.br\/app\/uploads\/sites\/741\/2025\/10\/SITE-NOVO-CSA-2-5-300x40.jpg 300w, https:\/\/www.ufsm.br\/app\/uploads\/sites\/741\/2025\/10\/SITE-NOVO-CSA-2-5-1024x137.jpg 1024w, https:\/\/www.ufsm.br\/app\/uploads\/sites\/741\/2025\/10\/SITE-NOVO-CSA-2-5-768x102.jpg 768w, https:\/\/www.ufsm.br\/app\/uploads\/sites\/741\/2025\/10\/SITE-NOVO-CSA-2-5-1536x205.jpg 1536w, https:\/\/www.ufsm.br\/app\/uploads\/sites\/741\/2025\/10\/SITE-NOVO-CSA-2-5-2048x273.jpg 2048w\" sizes=\"(max-width: 3000px) 100vw, 3000px\" \/>\t\t\t\t\t\t\t\t\t\t\t\t\t<\/div>\n\t\t\t\t<\/div>\n\t\t\t\t\t<\/div>\n\t\t<\/div>\n\t\t\t\t\t<\/div>\n\t\t<\/section>\n\t\t\t\t<section class=\"elementor-section elementor-top-section elementor-element elementor-element-c2f897e elementor-section-boxed elementor-section-height-default elementor-section-height-default\" data-id=\"c2f897e\" data-element_type=\"section\">\n\t\t\t\t\t\t<div class=\"elementor-container elementor-column-gap-default\">\n\t\t\t\t\t<div class=\"elementor-column elementor-col-100 elementor-top-column elementor-element elementor-element-307983e\" data-id=\"307983e\" data-element_type=\"column\">\n\t\t\t<div class=\"elementor-widget-wrap elementor-element-populated\">\n\t\t\t\t\t\t<div class=\"elementor-element elementor-element-a22ecaa elementor-arrows-position-inside elementor-pagination-position-outside elementor-widget elementor-widget-image-carousel\" data-id=\"a22ecaa\" data-element_type=\"widget\" data-settings=\"{&quot;slides_to_show&quot;:&quot;1&quot;,&quot;navigation&quot;:&quot;both&quot;,&quot;autoplay&quot;:&quot;yes&quot;,&quot;pause_on_hover&quot;:&quot;yes&quot;,&quot;pause_on_interaction&quot;:&quot;yes&quot;,&quot;autoplay_speed&quot;:5000,&quot;infinite&quot;:&quot;yes&quot;,&quot;effect&quot;:&quot;slide&quot;,&quot;speed&quot;:500}\" data-widget_type=\"image-carousel.default\">\n\t\t\t\t<div class=\"elementor-widget-container\">\n\t\t\t\t\t<div class=\"elementor-image-carousel-wrapper swiper\" dir=\"ltr\">\n\t\t\t<div class=\"elementor-image-carousel swiper-wrapper\" aria-live=\"off\">\n\t\t\t\t\t\t\t\t<div class=\"swiper-slide\" role=\"group\" aria-roledescription=\"slide\" aria-label=\"1 of 3\"><figure class=\"swiper-slide-inner\"><img decoding=\"async\" class=\"swiper-slide-image\" src=\"https:\/\/www.ufsm.br\/app\/uploads\/sites\/741\/2025\/10\/3-1.jpg\" alt=\"3\" \/><\/figure><\/div><div class=\"swiper-slide\" role=\"group\" aria-roledescription=\"slide\" aria-label=\"2 of 3\"><figure class=\"swiper-slide-inner\"><img decoding=\"async\" class=\"swiper-slide-image\" src=\"https:\/\/www.ufsm.br\/app\/uploads\/sites\/741\/2025\/10\/2-2.jpg\" alt=\"2\" \/><\/figure><\/div><div class=\"swiper-slide\" role=\"group\" aria-roledescription=\"slide\" aria-label=\"3 of 3\"><figure class=\"swiper-slide-inner\"><img decoding=\"async\" class=\"swiper-slide-image\" src=\"https:\/\/www.ufsm.br\/app\/uploads\/sites\/741\/2025\/10\/1-1.jpg\" alt=\"1\" \/><\/figure><\/div>\t\t\t<\/div>\n\t\t\t\t\t\t\t\t\t\t\t\t<div class=\"elementor-swiper-button elementor-swiper-button-prev\" role=\"button\" tabindex=\"0\">\n\t\t\t\t\t\t<i aria-hidden=\"true\" class=\"eicon-chevron-left\"><\/i>\t\t\t\t\t<\/div>\n\t\t\t\t\t<div class=\"elementor-swiper-button elementor-swiper-button-next\" role=\"button\" tabindex=\"0\">\n\t\t\t\t\t\t<i aria-hidden=\"true\" class=\"eicon-chevron-right\"><\/i>\t\t\t\t\t<\/div>\n\t\t\t\t\n\t\t\t\t\t\t\t\t\t<div class=\"swiper-pagination\"><\/div>\n\t\t\t\t\t\t\t\t\t<\/div>\n\t\t\t\t<\/div>\n\t\t\t\t<\/div>\n\t\t\t\t\t<\/div>\n\t\t<\/div>\n\t\t\t\t\t<\/div>\n\t\t<\/section>\n\t\t\t\t<section class=\"elementor-section elementor-top-section elementor-element elementor-element-3ffcb9b elementor-section-boxed elementor-section-height-default elementor-section-height-default\" data-id=\"3ffcb9b\" data-element_type=\"section\">\n\t\t\t\t\t\t<div class=\"elementor-container elementor-column-gap-default\">\n\t\t\t\t\t<div class=\"elementor-column elementor-col-100 elementor-top-column elementor-element elementor-element-1f5d4b7\" data-id=\"1f5d4b7\" data-element_type=\"column\">\n\t\t\t<div class=\"elementor-widget-wrap elementor-element-populated\">\n\t\t\t\t\t\t<div class=\"elementor-element elementor-element-740f64a elementor-widget elementor-widget-image\" data-id=\"740f64a\" data-element_type=\"widget\" data-widget_type=\"image.default\">\n\t\t\t\t<div class=\"elementor-widget-container\">\n\t\t\t\t\t\t\t\t\t\t\t\t\t<img loading=\"lazy\" decoding=\"async\" width=\"3000\" height=\"400\" src=\"https:\/\/www.ufsm.br\/app\/uploads\/sites\/741\/2025\/10\/2.jpg\" class=\"attachment-full size-full wp-image-891\" alt=\"\" srcset=\"https:\/\/www.ufsm.br\/app\/uploads\/sites\/741\/2025\/10\/2.jpg 3000w, https:\/\/www.ufsm.br\/app\/uploads\/sites\/741\/2025\/10\/2-300x40.jpg 300w, https:\/\/www.ufsm.br\/app\/uploads\/sites\/741\/2025\/10\/2-1024x137.jpg 1024w, https:\/\/www.ufsm.br\/app\/uploads\/sites\/741\/2025\/10\/2-768x102.jpg 768w, https:\/\/www.ufsm.br\/app\/uploads\/sites\/741\/2025\/10\/2-1536x205.jpg 1536w, https:\/\/www.ufsm.br\/app\/uploads\/sites\/741\/2025\/10\/2-2048x273.jpg 2048w\" sizes=\"(max-width: 3000px) 100vw, 3000px\" \/>\t\t\t\t\t\t\t\t\t\t\t\t\t<\/div>\n\t\t\t\t<\/div>\n\t\t\t\t\t<\/div>\n\t\t<\/div>\n\t\t\t\t\t<\/div>\n\t\t<\/section>\n\t\t\t\t<section class=\"elementor-section elementor-top-section elementor-element elementor-element-af73015 elementor-section-boxed elementor-section-height-default elementor-section-height-default\" data-id=\"af73015\" data-element_type=\"section\">\n\t\t\t\t\t\t<div class=\"elementor-container elementor-column-gap-default\">\n\t\t\t\t\t<div class=\"elementor-column elementor-col-50 elementor-top-column elementor-element elementor-element-716c469\" data-id=\"716c469\" data-element_type=\"column\">\n\t\t\t<div class=\"elementor-widget-wrap elementor-element-populated\">\n\t\t\t\t\t\t<div class=\"elementor-element elementor-element-c75b618 elementor-widget elementor-widget-text-editor\" data-id=\"c75b618\" data-element_type=\"widget\" data-widget_type=\"text-editor.default\">\n\t\t\t\t<div class=\"elementor-widget-container\">\n\t\t\t\t\t\t\t<p>Entre em contato com a Comiss\u00e3o Setorial de Avalia\u00e7\u00e3o para encaminhar d\u00favidas, sugest\u00f5es ou agendamento de participa\u00e7\u00e3o nas nossas reuni\u00f5es.<\/p>\n<ul>\n<li><strong>Email:<\/strong>\u00a0csa.cte@ufsm.br<\/li>\n<li><strong>Endere\u00e7o:<\/strong> Pr\u00e9dio da CTE, n\u00famero 14, Sala 116, Campus UFSM, Santa Maria &#8211; RS<\/li>\n<li><strong>Hor\u00e1rio das Reuni\u00f5es Semanais:<\/strong> Ter\u00e7a-Feira, das 11h \u00e0s 12h\u00a0<\/li>\n<\/ul>\t\t\t\t\t\t<\/div>\n\t\t\t\t<\/div>\n\t\t\t\t\t<\/div>\n\t\t<\/div>\n\t\t\t\t<div class=\"elementor-column elementor-col-50 elementor-top-column elementor-element elementor-element-8021fc6\" data-id=\"8021fc6\" data-element_type=\"column\">\n\t\t\t<div class=\"elementor-widget-wrap elementor-element-populated\">\n\t\t\t\t\t\t<div class=\"elementor-element elementor-element-c2463a4 elementor-widget elementor-widget-google_maps\" data-id=\"c2463a4\" data-element_type=\"widget\" data-widget_type=\"google_maps.default\">\n\t\t\t\t<div class=\"elementor-widget-container\">\n\t\t\t\t\t<div class=\"elementor-custom-embed\">\n\t\t\t<iframe loading=\"lazy\"\n\t\t\t\t\tsrc=\"https:\/\/maps.google.com\/maps?q=CTE%20ufsm&#038;t=m&#038;z=10&#038;output=embed&#038;iwloc=near\"\n\t\t\t\t\ttitle=\"CTE ufsm\"\n\t\t\t\t\taria-label=\"CTE ufsm\"\n\t\t\t><\/iframe>\n\t\t<\/div>\n\t\t\t\t<\/div>\n\t\t\t\t<\/div>\n\t\t\t\t\t<\/div>\n\t\t<\/div>\n\t\t\t\t\t<\/div>\n\t\t<\/section>\n\t\t\t\t<section class=\"elementor-section elementor-top-section elementor-element elementor-element-7c9c2f2 elementor-section-boxed elementor-section-height-default elementor-section-height-default\" data-id=\"7c9c2f2\" data-element_type=\"section\">\n\t\t\t\t\t\t<div class=\"elementor-container elementor-column-gap-default\">\n\t\t\t\t\t<div class=\"elementor-column elementor-col-100 elementor-top-column elementor-element elementor-element-221b1c5\" data-id=\"221b1c5\" data-element_type=\"column\">\n\t\t\t<div class=\"elementor-widget-wrap elementor-element-populated\">\n\t\t\t\t\t\t<div class=\"elementor-element elementor-element-2e3532e elementor-widget elementor-widget-image\" data-id=\"2e3532e\" data-element_type=\"widget\" data-widget_type=\"image.default\">\n\t\t\t\t<div class=\"elementor-widget-container\">\n\t\t\t\t\t\t\t\t\t\t\t\t\t<img loading=\"lazy\" decoding=\"async\" width=\"1920\" height=\"1080\" src=\"https:\/\/www.ufsm.br\/app\/uploads\/sites\/741\/2025\/10\/3.jpg\" class=\"attachment-full size-full wp-image-893\" alt=\"\" srcset=\"https:\/\/www.ufsm.br\/app\/uploads\/sites\/741\/2025\/10\/3.jpg 1920w, https:\/\/www.ufsm.br\/app\/uploads\/sites\/741\/2025\/10\/3-300x169.jpg 300w, https:\/\/www.ufsm.br\/app\/uploads\/sites\/741\/2025\/10\/3-1024x576.jpg 1024w, https:\/\/www.ufsm.br\/app\/uploads\/sites\/741\/2025\/10\/3-768x432.jpg 768w, https:\/\/www.ufsm.br\/app\/uploads\/sites\/741\/2025\/10\/3-1536x864.jpg 1536w\" sizes=\"(max-width: 1920px) 100vw, 1920px\" \/>\t\t\t\t\t\t\t\t\t\t\t\t\t<\/div>\n\t\t\t\t<\/div>\n\t\t\t\t\t<\/div>\n\t\t<\/div>\n\t\t\t\t\t<\/div>\n\t\t<\/section>\n\t\t\t\t<\/div>\n\t\t","protected":false},"excerpt":{"rendered":"<p>A Comiss\u00e3o Setorial de Avalia\u00e7\u00e3o (CSA) da Coordenadoria de Tecnologia Educacional (CTE) da UFSM planeja suas a\u00e7\u00f5es anuais para os cursos de gradua\u00e7\u00e3o e p\u00f3s-gradua\u00e7\u00e3o a dist\u00e2ncia por meio de reuni\u00f5es semanais. Essas reuni\u00f5es alinham atividades e promovem decis\u00f5es colaborativas entre os membros da CSA, com apoio da CTE, coordenadores de curso, coordena\u00e7\u00e3o da UAB [&hellip;]<\/p>\n","protected":false},"author":7640,"featured_media":0,"parent":0,"menu_order":0,"comment_status":"closed","ping_status":"closed","template":"","meta":{"footnotes":""},"categories":[],"tags":[48,52,46,45,49,47],"class_list":["post-889","page","type-page","status-publish","hentry","tag-avaliacao","tag-coplai","tag-csa","tag-cte","tag-ensinoaprendizagem","tag-ufsm"],"acf":[],"_links":{"self":[{"href":"https:\/\/www.ufsm.br\/reitoria\/avaliacao\/csante\/wp-json\/wp\/v2\/pages\/889","targetHints":{"allow":["GET"]}}],"collection":[{"href":"https:\/\/www.ufsm.br\/reitoria\/avaliacao\/csante\/wp-json\/wp\/v2\/pages"}],"about":[{"href":"https:\/\/www.ufsm.br\/reitoria\/avaliacao\/csante\/wp-json\/wp\/v2\/types\/page"}],"author":[{"embeddable":true,"href":"https:\/\/www.ufsm.br\/reitoria\/avaliacao\/csante\/wp-json\/wp\/v2\/users\/7640"}],"replies":[{"embeddable":true,"href":"https:\/\/www.ufsm.br\/reitoria\/avaliacao\/csante\/wp-json\/wp\/v2\/comments?post=889"}],"version-history":[{"count":0,"href":"https:\/\/www.ufsm.br\/reitoria\/avaliacao\/csante\/wp-json\/wp\/v2\/pages\/889\/revisions"}],"wp:attachment":[{"href":"https:\/\/www.ufsm.br\/reitoria\/avaliacao\/csante\/wp-json\/wp\/v2\/media?parent=889"}],"wp:term":[{"taxonomy":"category","embeddable":true,"href":"https:\/\/www.ufsm.br\/reitoria\/avaliacao\/csante\/wp-json\/wp\/v2\/categories?post=889"},{"taxonomy":"post_tag","embeddable":true,"href":"https:\/\/www.ufsm.br\/reitoria\/avaliacao\/csante\/wp-json\/wp\/v2\/tags?post=889"}],"curies":[{"name":"wp","href":"https:\/\/api.w.org\/{rel}","templated":true}]}}